000
CXUS54 KMRX 021749
CF6TRI
PRELIMINARY LOCAL CLIMATOLOGICAL DATA (WS FORM: F-6)
STATION: TRI-CITIES AIRPORT
MONTH: NOVEMBER
YEAR: 2020
LATITUDE: 36 28 N
LONGITUDE: 82 24 W
TEMPERATURE IN F: :PCPN: SNOW: WIND :SUNSHINE: SKY :PK WND
================================================================================
1 2 3 4 5 6A 6B 7 8 9 10 11 12 13 14 15 16 17 18
12Z AVG MX 2MIN
DY MAX MIN AVG DEP HDD CDD WTR SNW DPTH SPD SPD DIR MIN PSBL S-S WX SPD DR
================================================================================
1 65 40 53 2 12 0 0.01 0.0 0 12.8 30 260 M M 7 1 41 260
2 49 28 39 -12 26 0 0.00 0.0 0 6.9 18 310 M M 2 27 310
3 60 26 43 -8 22 0 0.00 0.0 0 1.9 10 240 M M 0 16 260
4 70 31 51 1 14 0 0.00 0.0 0 1.9 9 260 M M 0 13 260
5 67 34 51 1 14 0 0.00 0.0 0 1.1 8 310 M M 3 11 310
6 73 38 56 6 9 0 0.00 0.0 0 0.4 6 330 M M 3 8 340
7 77 38 58 8 7 0 0.00 0.0 0 0.4 5 360 M M 0 6 310
8 78 43 61 12 4 0 0.00 0.0 0 2.3 9 170 M M 3 1 13 30
9 78 47 63 14 2 0 0.00 0.0 0 2.5 10 110 M M 2 16 170
10 78 48 63 14 2 0 0.02 0.0 0 3.1 14 140 M M 4 1 19 120
11 76 62 69 21 0 4 0.84 0.0 0 2.4 12 300 M M 9 13 16 310
12 65 53 59 11 6 0 0.56 0.0 0 2.8 10 350 M M 9 1 18 340
13 65 40 53 5 12 0 0.00 0.0 0 5.7 16 280 M M 5 12 21 230
14 67 35 51 4 14 0 0.00 0.0 0 1.0 6 250 M M 6 8 90
15 72 45 59 12 6 0 0.03 0.0 0 10.7 29 210 M M 5 1 40 200
16 56 31 44 -2 21 0 0.00 0.0 0 5.3 16 250 M M 0 20 250
17 53 30 42 -4 23 0 0.00 0.0 0 7.4 20 290 M M 1 30 290
18 48 27 38 -8 27 0 0.00 0.0 0 1.4 8 200 M M 0 13 360
19 63 27 45 -1 20 0 0.00 0.0 0 1.3 7 310 M M 0 9 220
20 64 28 46 1 19 0 0.00 0.0 0 2.3 15 260 M M 0 20 240
21 67 32 50 5 15 0 0.00 0.0 0 0.1 5 350 M M 3 18 7 160
22 66 38 52 8 13 0 0.19 0.0 0 4.7 21 250 M M 8 1 27 260
23 53 30 42 -2 23 0 0.03 0.0 0 4.6 18 280 M M 5 1 25 280
24 58 28 43 -1 22 0 0.00 0.0 0 1.0 6 110 M M 6 9 60
25 67 37 52 9 13 0 T 0.0 0 6.2 21 200 M M 10 31 200
26 67 40 54 11 11 0 0.00 0.0 0 4.6 16 240 M M 4 24 200
27 61 33 47 4 18 0 0.00 0.0 0 1.2 13 260 M M 5 12 16 260
28 60 35 48 6 17 0 0.00 0.0 0 1.5 8 320 M M 4 11 320
29 58 31 45 3 20 0 0.18 0.0 0 1.5 9 150 M M 7 1 15 140
30 49 32 41 -1 24 0 0.22 T T 10.8 25 260 M M 10 1 35 250
================================================================================
SM 1930 1087 436 4 2.08 T 109.8 M 121
================================================================================
AV 64.3 36.2 3.7 FASTST M M 4 MAX(MPH)
MISC ----> 30 260 41 260
================================================================================
NOTES:
# LAST OF SEVERAL OCCURRENCES
COLUMN 17 PEAK WIND IN M.P.H.
PRELIMINARY LOCAL CLIMATOLOGICAL DATA (WS FORM: F-6) , PAGE 2
STATION: TRI-CITIES AIRPORT
MONTH: NOVEMBER
YEAR: 2020
LATITUDE: 36 28 N
LONGITUDE: 82 24 W
[TEMPERATURE DATA] [PRECIPITATION DATA] SYMBOLS USED IN COLUMN 16
AVERAGE MONTHLY: 50.3 TOTAL FOR MONTH: 2.08 1 = FOG OR MIST
DPTR FM NORMAL: 3.7 DPTR FM NORMAL: -1.02 2 = FOG REDUCING VISIBILITY
HIGHEST: 78 ON 10, 9 GRTST 24HR 1.22 ON 11-12 TO 1/4 MILE OR LESS
LOWEST: 26 ON 3 3 = THUNDER
SNOW, ICE PELLETS, HAIL 4 = ICE PELLETS
TOTAL MONTH: T 5 = HAIL
GRTST 24HR T ON 30-30 6 = FREEZING RAIN OR DRIZZLE
GRTST DEPTH: T 7 = DUSTSTORM OR SANDSTORM:
VSBY 1/2 MILE OR LESS
8 = SMOKE OR HAZE
[NO. OF DAYS WITH] [WEATHER - DAYS WITH] 9 = BLOWING SNOW
X = TORNADO
MAX 32 OR BELOW: 0 0.01 INCH OR MORE: 9
MAX 90 OR ABOVE: 0 0.10 INCH OR MORE: 5
MIN 32 OR BELOW: 13 0.50 INCH OR MORE: 2
MIN 0 OR BELOW: 0 1.00 INCH OR MORE: 0
[HDD (BASE 65) ]
TOTAL THIS MO. 436 CLEAR (SCALE 0-3) 12
DPTR FM NORMAL -115 PTCLDY (SCALE 4-7) 14
TOTAL FM JUL 1 658 CLOUDY (SCALE 8-10) 4
DPTR FM NORMAL -228
[CDD (BASE 65) ]
TOTAL THIS MO. 4
DPTR FM NORMAL 3 [PRESSURE DATA]
TOTAL FM JAN 1 1223 HIGHEST SLP 30.64 ON 18
DPTR FM NORMAL 242 LOWEST SLP 29.46 ON 30
[REMARKS]
#FINAL-11-20#