000
CXUS54 KMRX 011527
CF6TRI
PRELIMINARY LOCAL CLIMATOLOGICAL DATA (WS FORM: F-6)
STATION: TRI-CITIES ASOS
MONTH: JUNE
YEAR: 2020
LATITUDE: 36 28 N
LONGITUDE: 82 24 W
TEMPERATURE IN F: :PCPN: SNOW: WIND :SUNSHINE: SKY :PK WND
================================================================================
1 2 3 4 5 6A 6B 7 8 9 10 11 12 13 14 15 16 17 18
12Z AVG MX 2MIN
DY MAX MIN AVG DEP HDD CDD WTR SNW DPTH SPD SPD DIR MIN PSBL S-S WX SPD DR
================================================================================
1 80 45 63 -5 2 0 0.00 0.0 0 1.9 8 270 M M 1 13 280
2 83 51 67 -1 0 2 0.00 0.0 0 5.2 17 250 M M 4 24 250
3 86 60 73 5 0 8 0.00 0.0 0 5.2 17 240 M M 4 1 24 240
4 88 64 76 7 0 11 0.16 0.0 0 2.7 36 210 M M 5 13 61 200
5 80 65 73 4 0 8 0.23 0.0 0 4.3 22 220 M M 7 1238 28 230
6 86 65 76 7 0 11 0.00 0.0 0 2.3 9 260 M M 7 12 12 220
7 89 63 76 6 0 11 0.00 0.0 0 1.4 8 10 M M 3 12 14 30
8 91 60 76 6 0 11 0.00 0.0 0 1.4 8 280 M M 6 12 170
9 91 66 79 9 0 14 0.17 0.0 0 3.9 21 170 M M 6 13 30 180
10 86 71 79 9 0 14 0.30 0.0 0 4.8 23 210 M M 7 13 31 220
11 80 59 70 -1 0 5 0.04 0.0 0 5.5 15 290 M M 6 1 23 310
12 82 53 68 -3 0 3 0.00 0.0 0 2.3 14 350 M M 2 1 22 50
13 84 52 68 -3 0 3 0.00 0.0 0 1.5 9 10 M M 1 1 14 30
14 79 57 68 -3 0 3 T 0.0 0 3.6 21 290 M M 6 3 28 300
15 77 55 66 -6 0 1 0.00 0.0 0 3.5 13 40 M M 6 18 24 50
16 66 57 62 -10 3 0 0.06 0.0 0 2.8 10 90 M M 10 18 17 50
17 71 56 64 -8 1 0 0.06 0.0 0 1.5 9 360 M M 9 18 13 330
18 77 58 68 -4 0 3 0.02 0.0 0 2.8 12 200 M M 9 1 15 230
19 81 62 72 0 0 7 0.04 0.0 0 4.0 14 230 M M 7 13 21 250
20 86 59 73 0 0 8 0.38 0.0 0 2.2 15 320 M M 7 123 23 310
21 88 59 74 1 0 9 0.02 0.0 0 1.9 15 240 M M 5 1238 21 220
22 86 65 76 3 0 11 0.00 0.0 0 5.2 18 220 M M 6 1 25 220
23 81 65 73 0 0 8 0.39 0.0 0 4.3 18 220 M M 7 18 24 230
24 82 60 71 -2 0 6 0.00 0.0 0 3.2 14 230 M M 6 128 19 260
25 84 59 72 -2 0 7 0.00 0.0 0 3.5 15 260 M M 6 22 300
26 85 56 71 -3 0 6 0.00 0.0 0 5.2 17 240 M M 3 1 22 240
27 80 68 74 0 0 9 0.05 0.0 0 9.0 23 230 M M 10 1 34 230
28 81 70 76 2 0 11 0.20 0.0 0 6.6 22 240 M M 9 138 36 240
29 85 66 76 2 0 11 0.57 0.0 0 4.1 15 270 M M 9 13 20 280
30 83 68 76 2 0 11 0.06 0.0 0 3.3 22 230 M M 9 13 30 250
================================================================================
SM 2478 1814 6 212 2.75 0.0 109.1 M 183
================================================================================
AV 82.6 60.5 3.6 FASTST M M 6 MAX(MPH)
MISC ----> # 36 210 # 61 200
================================================================================
NOTES:
# LAST OF SEVERAL OCCURRENCES
COLUMN 17 PEAK WIND IN M.P.H.
PRELIMINARY LOCAL CLIMATOLOGICAL DATA (WS FORM: F-6) , PAGE 2
STATION: TRI-CITIES ASOS
MONTH: JUNE
YEAR: 2020
LATITUDE: 36 28 N
LONGITUDE: 82 24 W
[TEMPERATURE DATA] [PRECIPITATION DATA] SYMBOLS USED IN COLUMN 16
AVERAGE MONTHLY: 71.5 TOTAL FOR MONTH: 2.75 1 = FOG OR MIST
DPTR FM NORMAL: 0.0 DPTR FM NORMAL: -1.15 2 = FOG REDUCING VISIBILITY
HIGHEST: 91 ON 9, 8 GRTST 24HR 0.57 ON 29-29 TO 1/4 MILE OR LESS
LOWEST: 45 ON 1 3 = THUNDER
SNOW, ICE PELLETS, HAIL 4 = ICE PELLETS
TOTAL MONTH: 0.0 INCH 5 = HAIL
GRTST 24HR 0.0 6 = FREEZING RAIN OR DRIZZLE
GRTST DEPTH: 0 7 = DUSTSTORM OR SANDSTORM:
VSBY 1/2 MILE OR LESS
8 = SMOKE OR HAZE
[NO. OF DAYS WITH] [WEATHER - DAYS WITH] 9 = BLOWING SNOW
X = TORNADO
MAX 32 OR BELOW: 0 0.01 INCH OR MORE: 16
MAX 90 OR ABOVE: 2 0.10 INCH OR MORE: 8
MIN 32 OR BELOW: 0 0.50 INCH OR MORE: 1
MIN 0 OR BELOW: 0 1.00 INCH OR MORE: 0
[HDD (BASE 65) ]
TOTAL THIS MO. 6 CLEAR (SCALE 0-3) 3
DPTR FM NORMAL -5 PTCLDY (SCALE 4-7) 20
TOTAL FM JUL 1 3670 CLOUDY (SCALE 8-10) 7
DPTR FM NORMAL -704
[CDD (BASE 65) ]
TOTAL THIS MO. 212
DPTR FM NORMAL 6 [PRESSURE DATA]
TOTAL FM JAN 1 295 HIGHEST SLP 30.27 ON 1
DPTR FM NORMAL 16 LOWEST SLP 29.74 ON 23
[REMARKS]
#FINAL-06-20#