000
CXUS54 KFWD 010731
CF6TRL
PRELIMINARY LOCAL CLIMATOLOGICAL DATA (WS FORM: F-6)
STATION: TERRELL
MONTH: OCTOBER
YEAR: 2022
LATITUDE: 32 42 N
LONGITUDE: 96 16 W
TEMPERATURE IN F: :PCPN: SNOW: WIND :SUNSHINE: SKY :PK WND
================================================================================
1 2 3 4 5 6A 6B 7 8 9 10 11 12 13 14 15 16 17 18
12Z AVG MX 2MIN
DY MAX MIN AVG DEP HDD CDD WTR SNW DPTH SPD SPD DIR MIN PSBL S-S WX SPD DR
================================================================================
1 82 47 65 -8 0 0 0.00 M M 3.2 12 70 M M 0 16 130
2 83 50 67 -6 0 2 0.00 M M 3.9 13 60 M M 0 21 60
3 86 51 69 -3 0 4 0.00 M M 3.3 10 70 M M 0 14 60
4 86 52 69 -3 0 4 0.00 M M 3.9 10 30 M M 0 14 150
5 88 52 70 -2 0 5 0.00 M M 2.4 9 70 M M 0 14 50
6 89 56 73 2 0 8 0.00 M M 2.5 12 280 M M 0 8 16 270
7 86 61 74 3 0 9 0.00 M M 4.2 12 30 M M 1 8 15 110
8 77 59 68 -3 0 3 0.00 M M 6.8 14 60 M M 4 19 50
9 83 56 70 0 0 5 0.00 M M 3.3 10 50 M M 1 13 60
10 86 58 72 2 0 7 0.00 M M 5.4 14 150 M M 0 24 160
11 85 62 74 4 0 9 T M M 8.7 23 180 M M 2 30 180
12 93 67 80 11 0 15 0.00 M M 9.5 21 190 M M 0 8 29 200
13 84 54 69 0 0 4 0.00 M M 4.8 14 20 M M 0 31 350
14 87 49 68 0 0 3 0.00 M M 5.2 15 200 M M 0 8 23 170
15 92 67 80 12 0 15 0.00 M M 8.7 18 200 M M 0 26 170
16 74 65 70 2 0 5 0.05 M M 8.0 17 20 M M 6 13 23 180
17 71 52 62 -5 3 0 0.00 M M 10.4 20 330 M M 1 32 350
18 64 41 53 -14 12 0 0.00 M M 9.1 21 10 M M 0 32 10
19 66 32 49 -17 16 0 0.00 M M 2.9 9 300 M M 0 16 280
20 85 45 65 -1 0 0 0.00 M M 6.5 17 280 M M 0 26 220
21 89 48 69 3 0 4 0.00 M M 7.9 20 190 M M 0 26 190
22 86 63 75 10 0 10 0.00 M M 17.4 30 180 M M 1 42 170
23 87 67 77 12 0 12 T M M 17.7 31 170 M M 3 41 180
24 75 61 68 4 0 3 1.22 M M 10.5 26 170 M M 9 13 39 170
25 69 45 57 -7 8 0 T M M 12.4 30 280 M M 4 46 280
26 73 42 58 -6 7 0 0.00 M M 3.9 12 80 M M 0 15 90
27 73 49 61 -2 4 0 T M M 7.6 15 140 M M 0 21 120
28 62 53 58 -5 7 0 2.20 M M 10.7 31 40 M M 9 13 41 40
29 66 56 61 -2 4 0 T M M 8.5 20 330 M M 10 1 28 310
30 73 49 61 -1 4 0 0.00 M M 4.1 14 290 M M 1 12 22 300
31 78 48 63 1 2 0 0.00 M M 1.0 8 260 M M 0 1 11 320
================================================================================
SM 2478 1657 67 127 3.47 M 214.4 M 52
================================================================================
AV 79.9 53.5 6.9 FASTST M M 2 MAX(MPH)
MISC ----> # 31 170 46 280
================================================================================
NOTES:
# LAST OF SEVERAL OCCURRENCES
COLUMN 17 PEAK WIND IN M.P.H.
PRELIMINARY LOCAL CLIMATOLOGICAL DATA (WS FORM: F-6) , PAGE 2
STATION: TERRELL
MONTH: OCTOBER
YEAR: 2022
LATITUDE: 32 42 N
LONGITUDE: 96 16 W
[TEMPERATURE DATA] [PRECIPITATION DATA] SYMBOLS USED IN COLUMN 16
AVERAGE MONTHLY: 66.7 TOTAL FOR MONTH: 3.47 1 = FOG OR MIST
DPTR FM NORMAL: -0.9 DPTR FM NORMAL: -1.07 2 = FOG REDUCING VISIBILITY
HIGHEST: 93 ON 12 GRTST 24HR 2.20 ON 27-28 TO 1/4 MILE OR LESS
LOWEST: 32 ON 19 3 = THUNDER
SNOW, ICE PELLETS, HAIL 4 = ICE PELLETS
TOTAL MONTH: M 5 = HAIL
GRTST 24HR M ON M 6 = FREEZING RAIN OR DRIZZLE
GRTST DEPTH: M ON M 7 = DUSTSTORM OR SANDSTORM:
VSBY 1/2 MILE OR LESS
8 = SMOKE OR HAZE
[NO. OF DAYS WITH] [WEATHER - DAYS WITH] 9 = BLOWING SNOW
X = TORNADO
MAX 32 OR BELOW: 0 0.01 INCH OR MORE: 3
MAX 90 OR ABOVE: 2 0.10 INCH OR MORE: 2
MIN 32 OR BELOW: 1 0.50 INCH OR MORE: 2
MIN 0 OR BELOW: 0 1.00 INCH OR MORE: 2
[HDD (BASE 65) ]
TOTAL THIS MO. 67 CLEAR (SCALE 0-3) 25
DPTR FM NORMAL -3 PTCLDY (SCALE 4-7) 3
TOTAL FM JUL 1 67 CLOUDY (SCALE 8-10) 3
DPTR FM NORMAL -5
[CDD (BASE 65) ]
TOTAL THIS MO. 127
DPTR FM NORMAL -23 [PRESSURE DATA]
TOTAL FM JAN 1 3069 HIGHEST SLP M ON M
DPTR FM NORMAL 364 LOWEST SLP 29.60 ON 24
[REMARKS]
#FINAL-10-22#