000
CXUS56 KSGX 011145
CF6TRM
PRELIMINARY LOCAL CLIMATOLOGICAL DATA (WS FORM: F-6)
STATION: THERMAL AIRPORT CA
MONTH: FEBRUARY
YEAR: 2023
LATITUDE: 33 37 N
LONGITUDE: 116 10 W
TEMPERATURE IN F: :PCPN: SNOW: WIND :SUNSHINE: SKY :PK WND
================================================================================
1 2 3 4 5 6A 6B 7 8 9 10 11 12 13 14 15 16 17 18
12Z AVG MX 2MIN
DY MAX MIN AVG DEP HDD CDD WTR SNW DPTH SPD SPD DIR MIN PSBL S-S WX SPD DR
================================================================================
1 71 34 53 -3 12 0 0.00 M M 7.1 15 320 M M 1 8 22 320
2 72 30 51 -6 14 0 0.00 M M 4.2 12 150 M M 0 8 14 140
3 73 36 55 -2 10 0 0.00 M M 3.5 8 340 M M 0 8 10 330
4 77 31 54 -3 11 0 0.00 M M 3.5 9 140 M M 0 8 12 150
5 77 38 58 1 7 0 0.00 M M 9.1 22 290 M M 0 8 29 300
6 72 46 59 2 6 0 0.00 M M 10.9 25 320 M M 0 8 33 330
7 72 41 57 0 8 0 0.00 M M 6.0 14 300 M M 0 19 310
8 76 36 56 -1 9 0 0.00 M M 4.6 10 150 M M 0 14 150
9 79 36 58 0 7 0 0.00 M M 5.8 16 60 M M 0 8 22 60
10 73 29 51 -7 14 0 0.00 M M 3.5 12 140 M M 0 8 14 130
11 72 39 56 -2 9 0 0.00 M M 6.6 16 320 M M 0 8 23 340
12 73 52 63 5 2 0 T M M 8.7 18 130 M M 3 38 23 330
13 68 38 53 -5 12 0 T M M 4.5 15 340 M M 1 20 350
14 67 34 51 -7 14 0 0.06 M M 10.6 35 280 M M 2 18 47 280
15 64 32 48 -10 17 0 0.00 M M 7.7 20 330 M M 0 26 360
16 64 26 45 -14 20 0 0.00 M M 4.6 10 300 M M 0 14 300
17 67 32 50 -9 15 0 0.00 M M 3.7 8 360 M M 0 12 190
18 72 30 51 -8 14 0 0.00 M M 5.0 13 140 M M 0 8 16 130
19 76 32 54 -5 11 0 0.00 M M 4.7 12 120 M M 1 15 140
20 79 36 58 -2 7 0 0.00 M M 3.6 12 160 M M 1 8 13 160
21 76 41 59 -1 6 0 T M M 11.1 38 300 M M 1 8 56 300
22 63 49 56 -4 9 0 0.00 M M 17.5 36 260 M M 0 8 50 280
23 60 34 47 -13 18 0 T M M 7.1 24 260 M M 3 31 280
24 67 32 50 -10 15 0 0.00 M M 9.8 24 130 M M 3 32 120
25 58 46 52 -9 13 0 0.01 M M 11.3 22 140 M M 8 18 28 140
26 63 32 48 -13 17 0 T M M 5.5 16 340 M M 0 22 330
27 68 33 51 -10 14 0 0.00 M M 7.4 23 260 M M 0 8 29 260
28 68 36 52 -9 13 0 0.00 M M 6.1 17 260 M M 2 8 23 260
================================================================================
SM 1967 1011 324 0 0.07 M 193.7 M 26
================================================================================
AV 70.3 36.1 6.9 FASTST M M 1 MAX(MPH)
MISC ----> 38 300 56 300
================================================================================
NOTES:
# LAST OF SEVERAL OCCURRENCES
COLUMN 17 PEAK WIND IN M.P.H.
PRELIMINARY LOCAL CLIMATOLOGICAL DATA (WS FORM: F-6) , PAGE 2
STATION: THERMAL AIRPORT CA
MONTH: FEBRUARY
YEAR: 2023
LATITUDE: 33 37 N
LONGITUDE: 116 10 W
[TEMPERATURE DATA] [PRECIPITATION DATA] SYMBOLS USED IN COLUMN 16
AVERAGE MONTHLY: 53.2 TOTAL FOR MONTH: 0.07 1 = FOG OR MIST
DPTR FM NORMAL: -5.4 DPTR FM NORMAL: -0.54 2 = FOG REDUCING VISIBILITY
HIGHEST: 79 ON 20, 9 GRTST 24HR 0.06 ON 14-14 TO 1/4 MILE OR LESS
LOWEST: 26 ON 16 3 = THUNDER
SNOW, ICE PELLETS, HAIL 4 = ICE PELLETS
TOTAL MONTH: M 5 = HAIL
GRTST 24HR M ON M 6 = FREEZING RAIN OR DRIZZLE
GRTST DEPTH: M ON M 7 = DUSTSTORM OR SANDSTORM:
VSBY 1/2 MILE OR LESS
8 = SMOKE OR HAZE
[NO. OF DAYS WITH] [WEATHER - DAYS WITH] 9 = BLOWING SNOW
X = TORNADO
MAX 32 OR BELOW: 0 0.01 INCH OR MORE: 2
MAX 90 OR ABOVE: 0 0.10 INCH OR MORE: 0
MIN 32 OR BELOW: 10 0.50 INCH OR MORE: 0
MIN 0 OR BELOW: 0 1.00 INCH OR MORE: 0
[HDD (BASE 65) ]
TOTAL THIS MO. 324 CLEAR (SCALE 0-3) 24
DPTR FM NORMAL 134 PTCLDY (SCALE 4-7) 4
TOTAL FM JUL 1 1340 CLOUDY (SCALE 8-10) 0
DPTR FM NORMAL 331
[CDD (BASE 65) ]
TOTAL THIS MO. 0
DPTR FM NORMAL -11 [PRESSURE DATA]
TOTAL FM JAN 1 0 HIGHEST SLP 30.37 ON 2
DPTR FM NORMAL -8 LOWEST SLP 29.36 ON 21
[REMARKS]
#FINAL-02-23#