000
CXUS56 KSGX 011045
CF6TRM
PRELIMINARY LOCAL CLIMATOLOGICAL DATA (WS FORM: F-6)
STATION: THERMAL AIRPORT CA
MONTH: SEPTEMBER
YEAR: 2023
LATITUDE: 33 37 N
LONGITUDE: 116 10 W
TEMPERATURE IN F: :PCPN: SNOW: WIND :SUNSHINE: SKY :PK WND
================================================================================
1 2 3 4 5 6A 6B 7 8 9 10 11 12 13 14 15 16 17 18
12Z AVG MX 2MIN
DY MAX MIN AVG DEP HDD CDD WTR SNW DPTH SPD SPD DIR MIN PSBL S-S WX SPD DR
================================================================================
1 M M M M M M 1.36 M M M M M M M 4 3 M M
2 M M M M M M M M M M M M M M 2 M M
3 96 77 87 -1 0 22 0.00 M M 9.8 26 330 M M 3 33 330
4 97 73 85 -3 0 20 0.00 M M 9.1 21 320 M M 5 26 320
5 98 75 87 -1 0 22 0.00 M M 7.9 16 120 M M 0 22 120
6 98 71 85 -3 0 20 0.00 M M 5.4 12 140 M M 0 15 140
7 101 71 86 -1 0 21 0.00 M M 4.2 13 330 M M 0 17 320
8 106 72 89 2 0 24 0.00 M M 5.1 14 330 M M 0 19 320
9 112 88 100 13 0 35 0.00 M M 10.2 21 330 M M 0 28 330
10 105 88 97 10 0 32 0.00 M M 8.6 22 320 M M 0 29 320
11 99 84 92 6 0 27 0.00 M M 5.5 12 330 M M 0 14 330
12 103 77 90 4 0 25 0.00 M M 6.6 21 330 M M 0 27 340
13 101 75 88 2 0 23 0.00 M M 9.1 23 320 M M 0 30 330
14 103 77 90 4 0 25 0.00 M M 8.5 18 330 M M 0 22 330
15 104 77 91 6 0 26 0.00 M M 7.9 15 330 M M 0 19 340
16 102 77 90 5 0 25 0.00 M M 8.0 15 340 M M 0 19 330
17 99 74 87 2 0 22 0.00 M M 7.4 16 320 M M 0 22 320
18 96 73 85 1 0 20 0.00 M M 10.4 16 320 M M 0 M M
19 95 71 83 -1 0 18 0.00 M M 7.5 22 330 M M 0 28 330
20 92 70 81 -3 0 16 0.00 M M 13.5 24 330 M M 0 30 330
21 91 71 81 -2 0 16 0.00 M M 10.4 24 320 M M 1 30 320
22 84 65 75 -8 0 10 0.00 M M 4.0 13 310 M M 2 18 320
23 98 67 83 0 0 18 0.00 M M 5.4 15 330 M M 0 20 320
24 99 73 86 4 0 21 0.00 M M 6.1 14 310 M M 0 18 310
25 102 64 83 1 0 18 0.00 M M 7.7 21 330 M M 0 27 320
26 103 76 90 8 0 25 0.00 M M 8.0 17 330 M M 0 23 320
27 99 62 81 0 0 16 0.00 M M 4.0 14 330 M M 0 19 320
28 98 58 78 -3 0 13 0.00 M M 4.6 16 320 M M 0 21 330
29 94 61 78 -2 0 13 0.00 M M 7.1 24 330 M M 0 31 340
30 85 68 77 -3 0 12 0.00 M M 14.9 30 290 M M 1 38 270
================================================================================
SM 2760 2035 0 585 1.36 M 216.9 M 18
================================================================================
AV 98.6 72.7 7.7 FASTST M M 1 MAX(MPH)
MISC ----> 30 290 38 270
================================================================================
NOTES:
# LAST OF SEVERAL OCCURRENCES
COLUMN 17 PEAK WIND IN M.P.H.
PRELIMINARY LOCAL CLIMATOLOGICAL DATA (WS FORM: F-6) , PAGE 2
STATION: THERMAL AIRPORT CA
MONTH: SEPTEMBER
YEAR: 2023
LATITUDE: 33 37 N
LONGITUDE: 116 10 W
[TEMPERATURE DATA] [PRECIPITATION DATA] SYMBOLS USED IN COLUMN 16
AVERAGE MONTHLY: 85.6 TOTAL FOR MONTH: 1.36 1 = FOG OR MIST
DPTR FM NORMAL: 0.8 DPTR FM NORMAL: 1.04 2 = FOG REDUCING VISIBILITY
HIGHEST: 112 ON 9 GRTST 24HR 1.36 ON 1- 1 TO 1/4 MILE OR LESS
LOWEST: 58 ON 28 3 = THUNDER
SNOW, ICE PELLETS, HAIL 4 = ICE PELLETS
TOTAL MONTH: M 5 = HAIL
GRTST 24HR M ON M 6 = FREEZING RAIN OR DRIZZLE
GRTST DEPTH: M ON M 7 = DUSTSTORM OR SANDSTORM:
VSBY 1/2 MILE OR LESS
8 = SMOKE OR HAZE
[NO. OF DAYS WITH] [WEATHER - DAYS WITH] 9 = BLOWING SNOW
X = TORNADO
MAX 32 OR BELOW: 0 0.01 INCH OR MORE: 1
MAX 90 OR ABOVE: 26 0.10 INCH OR MORE: 1
MIN 32 OR BELOW: 0 0.50 INCH OR MORE: 1
MIN 0 OR BELOW: 0 1.00 INCH OR MORE: 1
[HDD (BASE 65) ]
TOTAL THIS MO. 0 CLEAR (SCALE 0-3) 27
DPTR FM NORMAL 0 PTCLDY (SCALE 4-7) 3
TOTAL FM JUL 1 0 CLOUDY (SCALE 8-10) 0
DPTR FM NORMAL 0
[CDD (BASE 65) ]
TOTAL THIS MO. 585
DPTR FM NORMAL -11 [PRESSURE DATA]
TOTAL FM JAN 1 3528 HIGHEST SLP 29.97 ON 2
DPTR FM NORMAL -24 LOWEST SLP 29.62 ON 29
[REMARKS]
#FINAL-09-23#