000
CXUS51 KPHI 061425
CF6TTN
PRELIMINARY LOCAL CLIMATOLOGICAL DATA (WS FORM: F-6)
STATION: TRENTON NJ
MONTH: SEPTEMBER
YEAR: 2020
LATITUDE: 40 16 N
LONGITUDE: 74 49 W
TEMPERATURE IN F: :PCPN: SNOW: WIND :SUNSHINE: SKY :PK WND
================================================================================
1 2 3 4 5 6A 6B 7 8 9 10 11 12 13 14 15 16 17 18
12Z AVG MX 2MIN
DY MAX MIN AVG DEP HDD CDD WTR SNW DPTH SPD SPD DIR MIN PSBL S-S WX SPD DR
================================================================================
1 79 66 73 1 0 8 T 0.0 0 6.6 14 100 M M 9 18 110
2 84 70 77 5 0 12 0.01 0.0 0 6.9 14 210 M M 7 1 19 210
3 86 72 79 8 0 14 1.21 0.0 0 M M M M M 2 3 M M
4 86 66 76 5 0 11 0.00 0.0 0 M 12 290 M M M 1 21 290
5 79 57 68 -3 0 3 0.00 0.0 0 M 10 270 M M 0 10 270
6 82 57 70 -1 0 5 0.00 0.0 0 5.8 12 240 M M 0 16 240
7 82 57 70 0 0 5 0.00 0.0 0 5.0 15 210 M M 0 15 210
8 84 59 72 2 0 7 0.00 0.0 0 1.3 6 100 M M 1 6 100
9 80 67 74 4 0 9 0.42 0.0 0 6.3 9 100 M M 6 1 11 120
10 83 71 77 8 0 12 0.93 0.0 0 3.4 10 340 M M 9 13 12 180
11 76 62 69 0 0 4 0.00 0.0 0 6.9 14 10 M M 10 1 19 10
12 73 57 65 -4 0 0 0.00 0.0 0 8.2 17 100 M M 3 22 100
13 78 57 68 0 0 3 0.00 0.0 0 5.4 13 170 M M 8 16 150
14 74 54 64 -4 1 0 0.00 0.0 0 9.0 18 340 M M 2 23 350
15 66 47 57 -11 8 0 0.00 0.0 0 4.8 10 30 M M 0 14 30
16 71 45 58 -10 7 0 0.00 0.0 0 2.9 13 220 M M 1 16 230
17 74 56 65 -2 0 0 T 0.0 0 1.5 8 210 M M 5 11 200
18 70 52 61 -6 4 0 0.00 0.0 0 10.3 18 360 M M 4 24 30
19 63 42 53 -13 12 0 0.00 0.0 0 7.4 17 20 M M 0 25 50
20 63 42 53 -13 12 0 0.00 0.0 0 7.1 17 50 M M 0 21 50
21 65 41 53 -13 12 0 0.00 0.0 0 6.0 17 60 M M 0 23 70
22 72 40 56 -9 9 0 0.00 0.0 0 5.9 15 320 M M 0 22 300
23 81 48 65 0 0 0 0.00 0.0 0 6.0 15 310 M M 0 24 260
24 74 54 64 0 1 0 0.00 0.0 0 1.8 8 210 M M 0 1 11 280
25 76 53 65 1 0 0 0.00 0.0 0 2.4 8 290 M M 2 12 14 140
26 75 61 68 4 0 3 0.08 0.0 0 6.1 14 130 M M 8 12 18 140
27 79 64 72 9 0 7 0.01 0.0 0 3.8 10 120 M M 10 12 14 120
28 81 65 73 10 0 8 0.15 0.0 0 8.0 15 170 M M 5 1 19 160
29 74 63 69 7 0 4 1.04 0.0 0 7.3 17 170 M M 8 1 22 160
30 71 56 64 2 1 0 1.57 0.0 0 8.5 20 310 M M 5 1 27 320
================================================================================
SM 2281 1701 67 115 5.42 0.0 154.6 M 105
================================================================================
AV 76.0 56.7 5.7 FASTST M M 4 MAX(MPH)
MISC ----> 20 310 27 320
================================================================================
NOTES:
# LAST OF SEVERAL OCCURRENCES
COLUMN 17 PEAK WIND IN M.P.H.
PRELIMINARY LOCAL CLIMATOLOGICAL DATA (WS FORM: F-6) , PAGE 2
STATION: TRENTON NJ
MONTH: SEPTEMBER
YEAR: 2020
LATITUDE: 40 16 N
LONGITUDE: 74 49 W
[TEMPERATURE DATA] [PRECIPITATION DATA] SYMBOLS USED IN COLUMN 16
AVERAGE MONTHLY: 66.4 TOTAL FOR MONTH: 5.42 1 = FOG OR MIST
DPTR FM NORMAL: -1.0 DPTR FM NORMAL: 1.37 2 = FOG REDUCING VISIBILITY
HIGHEST: 86 ON 4, 3 GRTST 24HR 1.57 ON 30-30 TO 1/4 MILE OR LESS
LOWEST: 40 ON 22 3 = THUNDER
SNOW, ICE PELLETS, HAIL 4 = ICE PELLETS
TOTAL MONTH: 0.0 INCH 5 = HAIL
GRTST 24HR 0.0 6 = FREEZING RAIN OR DRIZZLE
GRTST DEPTH: 0 7 = DUSTSTORM OR SANDSTORM:
VSBY 1/2 MILE OR LESS
8 = SMOKE OR HAZE
[NO. OF DAYS WITH] [WEATHER - DAYS WITH] 9 = BLOWING SNOW
X = TORNADO
MAX 32 OR BELOW: 0 0.01 INCH OR MORE: 9
MAX 90 OR ABOVE: 0 0.10 INCH OR MORE: 6
MIN 32 OR BELOW: 0 0.50 INCH OR MORE: 4
MIN 0 OR BELOW: 0 1.00 INCH OR MORE: 3
[HDD (BASE 65) ]
TOTAL THIS MO. 67 CLEAR (SCALE 0-3) 16
DPTR FM NORMAL 16 PTCLDY (SCALE 4-7) 8
TOTAL FM JUL 1 67 CLOUDY (SCALE 8-10) 6
DPTR FM NORMAL 16
[CDD (BASE 65) ]
TOTAL THIS MO. 115
DPTR FM NORMAL -8 [PRESSURE DATA]
TOTAL FM JAN 1 1187 HIGHEST SLP M ON M
DPTR FM NORMAL 153 LOWEST SLP 29.47 ON 30
[REMARKS]
#FINAL-09-20#