000
CXUS53 KAPX 010730
CF6TVC
PRELIMINARY LOCAL CLIMATOLOGICAL DATA (WS FORM: F-6)
STATION: TRAVERSE CITY MI
MONTH: AUGUST
YEAR: 2021
LATITUDE: 44 44 N
LONGITUDE: 85 34 W
TEMPERATURE IN F: :PCPN: SNOW: WIND :SUNSHINE: SKY :PK WND
================================================================================
1 2 3 4 5 6A 6B 7 8 9 10 11 12 13 14 15 16 17 18
12Z AVG MX 2MIN
DY MAX MIN AVG DEP HDD CDD WTR SNW DPTH SPD SPD DIR MIN PSBL S-S WX SPD DR
================================================================================
1 74 62 68 -2 0 3 0.01 M M 8.9 17 360 M M 5 18 27 360
2 76 52 64 -6 1 0 0.00 M M 3.9 13 10 M M 3 1 23 10
3 82 60 71 1 0 6 0.00 M M 6.4 15 270 M M 6 8 20 280
4 85 61 73 3 0 8 0.00 M M 4.3 13 280 M M 7 18 17 280
5 87 61 74 4 0 9 0.00 M M 5.6 15 260 M M 6 18 21 270
6 79 67 73 3 0 8 0.04 M M 4.9 15 200 M M 9 13 22 180
7 80 70 75 5 0 10 0.00 M M 4.0 10 30 M M 9 18 16 30
8 87 69 78 8 0 13 0.40 M M 6.5 17 200 M M 7 13 29 190
9 85 71 78 8 0 13 0.30 M M 5.3 14 20 M M 7 13 19 170
10 86 67 77 7 0 12 1.57 M M 7.5 33 310 M M 8 13 49 310
11 89 68 79 9 0 14 0.40 M M 8.4 37 290 M M 6 13 51 270
12 85 68 77 7 0 12 0.00 M M 7.3 20 220 M M 5 29 220
13 81 59 70 0 0 5 0.00 M M 6.2 18 280 M M 3 28 280
14 79 52 66 -4 0 1 0.00 M M 3.6 14 270 M M 2 19 260
15 84 57 71 1 0 6 0.00 M M 5.1 13 270 M M 1 18 260
16 82 58 70 1 0 5 0.00 M M 3.3 12 30 M M 4 22 20
17 85 57 71 2 0 6 0.00 M M 2.2 9 340 M M 1 14 170
18 84 60 72 3 0 7 0.00 M M 2.9 10 20 M M 4 16 20
19 86 61 74 5 0 9 0.00 M M 3.0 9 60 M M 1 1 14 40
20 90 60 75 6 0 10 0.00 M M 2.0 13 330 M M 1 1 17 320
21 92 69 81 12 0 16 0.00 M M 5.5 15 260 M M 5 23 220
22 78 63 71 2 0 6 0.00 M M 7.9 23 330 M M 5 34 320
23 85 58 72 4 0 7 0.00 M M 3.2 13 240 M M 4 19 250
24 91 67 79 11 0 14 0.01 M M 4.6 18 280 M M 5 3 26 120
25 89 66 78 10 0 13 0.00 M M 4.5 12 290 M M 5 17 200
26 83 66 75 7 0 10 0.00 M M 5.3 12 30 M M 7 19 10
27 77 66 72 4 0 7 0.56 M M 5.3 15 140 M M 9 13 25 130
28 88 69 79 11 0 14 0.66 M M 5.9 18 170 M M 7 13 29 170
29 89 67 78 11 0 13 0.28 M M 9.2 35 270 M M 4 13 46 270
30 82 62 72 5 0 7 0.00 M M 5.7 15 310 M M 2 25 290
31 75 57 66 -1 0 1 0.00 M M 5.0 13 360 M M 6 19 20
================================================================================
SM 2595 1950 1 265 4.23 M 163.4 M 154
================================================================================
AV 83.7 62.9 5.3 FASTST M M 5 MAX(MPH)
MISC ----> 37 290 51 270
================================================================================
NOTES:
# LAST OF SEVERAL OCCURRENCES
COLUMN 17 PEAK WIND IN M.P.H.
PRELIMINARY LOCAL CLIMATOLOGICAL DATA (WS FORM: F-6) , PAGE 2
STATION: TRAVERSE CITY MI
MONTH: AUGUST
YEAR: 2021
LATITUDE: 44 44 N
LONGITUDE: 85 34 W
[TEMPERATURE DATA] [PRECIPITATION DATA] SYMBOLS USED IN COLUMN 16
AVERAGE MONTHLY: 73.3 TOTAL FOR MONTH: 4.23 1 = FOG OR MIST
DPTR FM NORMAL: 4.1 DPTR FM NORMAL: 1.25 2 = FOG REDUCING VISIBILITY
HIGHEST: 92 ON 21 GRTST 24HR 1.90 ON 10-11 TO 1/4 MILE OR LESS
LOWEST: 52 ON 14, 2 3 = THUNDER
SNOW, ICE PELLETS, HAIL 4 = ICE PELLETS
TOTAL MONTH: M 5 = HAIL
GRTST 24HR M ON M 6 = FREEZING RAIN OR DRIZZLE
GRTST DEPTH: M ON M 7 = DUSTSTORM OR SANDSTORM:
VSBY 1/2 MILE OR LESS
8 = SMOKE OR HAZE
[NO. OF DAYS WITH] [WEATHER - DAYS WITH] 9 = BLOWING SNOW
X = TORNADO
MAX 32 OR BELOW: 0 0.01 INCH OR MORE: 10
MAX 90 OR ABOVE: 3 0.10 INCH OR MORE: 7
MIN 32 OR BELOW: 0 0.50 INCH OR MORE: 3
MIN 0 OR BELOW: 0 1.00 INCH OR MORE: 1
[HDD (BASE 65) ]
TOTAL THIS MO. 1 CLEAR (SCALE 0-3) 8
DPTR FM NORMAL -24 PTCLDY (SCALE 4-7) 19
TOTAL FM JUL 1 14 CLOUDY (SCALE 8-10) 4
DPTR FM NORMAL -30
[CDD (BASE 65) ]
TOTAL THIS MO. 265
DPTR FM NORMAL 112 [PRESSURE DATA]
TOTAL FM JAN 1 682 HIGHEST SLP 30.26 ON 14
DPTR FM NORMAL 212 LOWEST SLP 29.61 ON 11
[REMARKS]
#FINAL-08-21#