000
CXUS53 KAPX 131134
CLMTVC
CLIMATE REPORT
NATIONAL WEATHER SERVICE
734 AM EDT WED SEP 13 2023
...................................
...THE TRAVERSE CITY MI CLIMATE SUMMARY FOR THE MONTH OF AUGUST 2023...
CLIMATE NORMAL PERIOD: 1991 TO 2020
CLIMATE RECORD PERIOD: 1896 TO 2023
WEATHER OBSERVED NORMAL DEPART LAST YEAR`S
VALUE DATE(S) VALUE FROM VALUE
NORMAL
..............................................................
TEMPERATURE (F)
HIGHEST 93 08/03 MM MM
LOWEST 44 08/31 MM MM
AVG. MAXIMUM 78.1 79.6 -1.5
AVG. MINIMUM 57.5 58.7 -1.2
MEAN 67.8 69.2 -1.4
DAYS MAX >= 90 1 2.2 -1.2
DAYS MAX <= 32 0 0.0 0.0
DAYS MIN <= 32 0 0.0 0.0
DAYS MIN <= 0 0 0.0 0.0
PRECIPITATION (INCHES)
TOTALS 2.92 2.98 -0.06
DAYS >= .01 11 10.3 0.7
DAYS >= .10 6 5.7 0.3
DAYS >= .50 3 1.9 1.1
DAYS >= 1.00 0 0.7 -0.7
GREATEST
24 HR. TOTAL 0.72 08/17 TO 08/17
DEGREE DAYS
HEATING TOTAL 30 25 5
SINCE 7/1 30 44 -14
COOLING TOTAL 123 153 -30
SINCE 1/1 469 470 -1
..............................................................
WIND (MPH)
AVERAGE WIND SPEED 6.1
HIGHEST WIND SPEED/DIRECTION 44/270 DATE 08/03
HIGHEST GUST SPEED/DIRECTION 65/270 DATE 08/03
SKY COVER
AVERAGE SKY COVER 0.52
AVERAGE RH (PERCENT) 70
- INDICATES NEGATIVE NUMBERS.
R INDICATES RECORD WAS SET OR TIED.
MM INDICATES DATA IS MISSING.
T INDICATES TRACE AMOUNT.
$$