000
CXUS55 KREV 301005
CF6TVL
PRELIMINARY LOCAL CLIMATOLOGICAL DATA (WS FORM: F-6)
STATION: SOUTH LAKE TAHOE CA
MONTH: FEBRUARY
YEAR: 2023
LATITUDE: 38 53 N
LONGITUDE: 119 60 W
TEMPERATURE IN F: :PCPN: SNOW: WIND :SUNSHINE: SKY :PK WND
================================================================================
1 2 3 4 5 6A 6B 7 8 9 10 11 12 13 14 15 16 17 18
12Z AVG MX 2MIN
DY MAX MIN AVG DEP HDD CDD WTR SNW DPTH SPD SPD DIR MIN PSBL S-S WX SPD DR
================================================================================
1 42 4 23 -8 42 0 0.00 M M 3.5 9 20 M M M 10 30
2 49 6 28 -3 37 0 0.00 M M 2.9 12 30 M M M 16 190
3 41 18 30 -1 35 0 T M M 9.0 33 180 M M 5 45 170
4 47 12 30 -1 35 0 0.59 M M 7.1 23 190 M M 0 1 37 190
5 32 16 24 -7 41 0 0.44 M M 7.8 23 190 M M M 1 41 190
6 38 9 24 -7 41 0 T M M 3.0 13 30 M M M 16 20
7 42 6 24 -7 41 0 T M M 3.0 9 30 M M M 10 30
8 44 11 28 -3 37 0 0.00 M M 3.6 10 20 M M M 12 20
9 46 11 29 -2 36 0 0.00 M M 3.8 10 30 M M M 12 30
10 49 6 28 -3 37 0 T M M 9.4 28 190 M M M 37 190
11 38 23 31 0 34 0 0.06 M M 3.8 20 190 M M M 25 180
12 42 17 30 -1 35 0 0.00 M M 5.3 18 30 M M M 25 30
13 53 9 31 0 34 0 0.00 M M 7.7 22 190 M M M 36 190
14 33 17 25 -6 40 0 0.03 M M 8.4 21 30 M M M 28 10
15 33 3 18 -13 47 0 0.00 M M 4.8 20 40 M M M 26 20
16 39 -4 18 -13 47 0 0.00 M M 3.9 12 190 M M 1 17 220
17 41 7 24 -7 41 0 0.00 M M 3.3 9 20 M M 0 13 10
18 46 4 25 -6 40 0 0.00 M M 3.2 13 20 M M 0 15 20
19 47 11 29 -3 36 0 0.00 M M 3.5 12 20 M M 0 14 20
20 51 17 34 2 31 0 0.00 M M 3.4 17 20 M M 0 19 20
21 42 19 31 -1 34 0 0.26 M M 8.5 29 190 M M 6 128 43 200
22 20 1 11 -21 54 0 0.27 M M 6.4 23 190 M M 8 128 34 200
23 19 13 16 -16 49 0 0.24 M M 12.7 28 180 M M 10 128 43 180
24 27 16 22 -10 43 0 0.39 M M 4.3 20 170 M M 10 128 27 160
25 36 25 31 -1 34 0 0.13 M M 4.7 15 50 M M 10 1 20 180
26 30 23 27 -5 38 0 1.49 M M 12.2 24 180 M M 10 128 36 170
27 28 19 24 -9 41 0 M M M 13.7 30 190 M M 10 128 45 180
28 25 18 22 -11 43 0 1.36 M M 13.6 30 190 M M 10 12 43 200
================================================================================
SM 1080 337 1103 0 5.26 M 176.5 M 80
================================================================================
AV 38.6 12.0 6.3 FASTST M M 5 MAX(MPH)
MISC ----> 33 180 # 45 170
================================================================================
NOTES:
# LAST OF SEVERAL OCCURRENCES
COLUMN 17 PEAK WIND IN M.P.H.
PRELIMINARY LOCAL CLIMATOLOGICAL DATA (WS FORM: F-6) , PAGE 2
STATION: SOUTH LAKE TAHOE CA
MONTH: FEBRUARY
YEAR: 2023
LATITUDE: 38 53 N
LONGITUDE: 119 60 W
[TEMPERATURE DATA] [PRECIPITATION DATA] SYMBOLS USED IN COLUMN 16
AVERAGE MONTHLY: 25.3 TOTAL FOR MONTH: 5.26 1 = FOG OR MIST
DPTR FM NORMAL: -6.0 DPTR FM NORMAL: 1.51 2 = FOG REDUCING VISIBILITY
HIGHEST: 53 ON 13 GRTST 24HR 7.55 ON 26-27 TO 1/4 MILE OR LESS
LOWEST: -4 ON 16 3 = THUNDER
SNOW, ICE PELLETS, HAIL 4 = ICE PELLETS
TOTAL MONTH: M 5 = HAIL
GRTST 24HR M ON M 6 = FREEZING RAIN OR DRIZZLE
GRTST DEPTH: M ON M 7 = DUSTSTORM OR SANDSTORM:
VSBY 1/2 MILE OR LESS
8 = SMOKE OR HAZE
[NO. OF DAYS WITH] [WEATHER - DAYS WITH] 9 = BLOWING SNOW
X = TORNADO
MAX 32 OR BELOW: 7 0.01 INCH OR MORE: 11
MAX 90 OR ABOVE: 0 0.10 INCH OR MORE: 9
MIN 32 OR BELOW: 28 0.50 INCH OR MORE: 3
MIN 0 OR BELOW: 1 1.00 INCH OR MORE: 2
[HDD (BASE 65) ]
TOTAL THIS MO. 1103 CLEAR (SCALE 0-3) 6
DPTR FM NORMAL 161 PTCLDY (SCALE 4-7) 3
TOTAL FM JUL 1 5178 CLOUDY (SCALE 8-10) 19
DPTR FM NORMAL 65
[CDD (BASE 65) ]
TOTAL THIS MO. 0
DPTR FM NORMAL 0 [PRESSURE DATA]
TOTAL FM JAN 1 0 HIGHEST SLP 30.60 ON 7
DPTR FM NORMAL 0 LOWEST SLP 29.39 ON 21
[REMARKS]
#FINAL-02-23#