000
CXUS54 KJAN 190918
CF6TVR
PRELIMINARY LOCAL CLIMATOLOGICAL DATA (WS FORM: F-6)
STATION: VICKSBURG
MONTH: MARCH
YEAR: 2023
LATITUDE: 32 20 N
LONGITUDE: 91 2 W
TEMPERATURE IN F: :PCPN: SNOW: WIND :SUNSHINE: SKY :PK WND
================================================================================
1 2 3 4 5 6A 6B 7 8 9 10 11 12 13 14 15 16 17 18
12Z AVG MX 2MIN
DY MAX MIN AVG DEP HDD CDD WTR SNW DPTH SPD SPD DIR MIN PSBL S-S WX SPD DR
================================================================================
1 85 69 77 22 0 12 0.00 0.0 0 7.5 15 180 M M 5 8 25 200
2 79 71 75 19 0 10 T 0.0 0 9.2 24 170 M M 4 32 170
3 77 51 64 8 1 0 0.17 0.0 0 10.1 32 170 M M 4 1 45 170
4 70 48 59 3 6 0 0.00 0.0 0 4.1 10 10 M M 4 17 340
5 81 43 62 6 3 0 0.00 0.0 0 3.0 12 130 M M 0 12 16 130
6 84 51 68 11 0 3 0.00 0.0 0 3.0 9 200 M M 2 18 21 200
7 84 61 73 16 0 8 0.00 0.0 0 3.1 12 20 M M 4 18 14 10
8 81 59 70 13 0 5 0.00 0.0 0 6.8 16 10 M M 5 8 22 10
9 84 57 71 14 0 6 0.11 0.0 0 3.2 13 310 M M 5 138 19 300
10 67 53 60 2 5 0 0.12 0.0 0 7.8 20 10 M M 9 1 27 360
11 78 47 63 5 2 0 0.00 0.0 0 6.8 17 180 M M 6 25 170
12 72 49 61 3 4 0 1.31 0.0 0 11.2 22 10 M M 9 13 29 360
13 59 45 52 -6 13 0 0.00 0.0 0 10.1 21 10 M M 0 27 360
14 54 41 48 -11 17 0 0.00 0.0 0 9.4 16 360 M M 0 21 50
15 64 37 51 -8 14 0 0.00 0.0 0 4.6 13 140 M M 0 17 150
16 76 45 61 2 4 0 0.15 0.0 0 12.3 24 170 M M 4 13 33 170
17 68 44 56 -4 9 0 0.83 0.0 0 8.8 20 10 M M 6 13 30 330
18 53 43 48 -12 17 0 0.00 0.0 0 7.9 21 10 M M 0 30 20
19 47 31 39 -21 26 0 0.00 0.0 0 9.2 20 10 M M 0 26 10
20 58 26 42 -18 23 0 0.00 0.0 0 3.5 9 150 M M 0 13 160
21 69 44 57 -3 8 0 T 0.0 0 9.3 17 170 M M 6 26 170
22 82 56 69 8 0 4 0.00 0.0 0 8.0 17 170 M M 7 23 170
23 83 61 72 11 0 7 0.00 0.0 0 8.8 22 170 M M 3 18 32 170
24 83 68 76 15 0 11 0.02 0.0 0 11.0 26 170 M M 9 13 36 180
25 86 58 72 11 0 7 0.11 0.0 0 2.3 14 300 M M 2 1 26 300
26 85 55 70 8 0 5 2.21 0.0 0 2.7 25 270 M M 5 123 49 240
27 77 56 67 5 0 2 0.00 0.0 0 7.0 20 20 M M 2 1 25 10
28 72 54 63 1 2 0 0.00 0.0 0 11.3 23 20 M M 1 31 10
29 68 48 58 -4 7 0 0.00 0.0 0 4.5 12 30 M M 0 16 80
30 81 46 64 2 1 0 0.00 0.0 0 7.4 17 160 M M 1 25 180
31 83 63 73 10 0 8 T 0.0 0 11.8 22 140 M M 6 3 39 180
================================================================================
SM 2290 1580 162 88 5.03 0.0 225.7 M 109
================================================================================
AV 73.9 51.0 7.3 FASTST M M 4 MAX(MPH)
MISC ----> 32 170 49 240
================================================================================
NOTES:
# LAST OF SEVERAL OCCURRENCES
COLUMN 17 PEAK WIND IN M.P.H.
PRELIMINARY LOCAL CLIMATOLOGICAL DATA (WS FORM: F-6) , PAGE 2
STATION: VICKSBURG
MONTH: MARCH
YEAR: 2023
LATITUDE: 32 20 N
LONGITUDE: 91 2 W
[TEMPERATURE DATA] [PRECIPITATION DATA] SYMBOLS USED IN COLUMN 16
AVERAGE MONTHLY: 62.4 TOTAL FOR MONTH: 5.03 1 = FOG OR MIST
DPTR FM NORMAL: 3.3 DPTR FM NORMAL: 0.01 2 = FOG REDUCING VISIBILITY
HIGHEST: 86 ON 25 GRTST 24HR 2.21 ON 26-26 TO 1/4 MILE OR LESS
LOWEST: 26 ON 20 3 = THUNDER
SNOW, ICE PELLETS, HAIL 4 = ICE PELLETS
TOTAL MONTH: 0.0 INCH 5 = HAIL
GRTST 24HR 0.0 6 = FREEZING RAIN OR DRIZZLE
GRTST DEPTH: 0 7 = DUSTSTORM OR SANDSTORM:
VSBY 1/2 MILE OR LESS
8 = SMOKE OR HAZE
[NO. OF DAYS WITH] [WEATHER - DAYS WITH] 9 = BLOWING SNOW
X = TORNADO
MAX 32 OR BELOW: 0 0.01 INCH OR MORE: 9
MAX 90 OR ABOVE: 0 0.10 INCH OR MORE: 8
MIN 32 OR BELOW: 2 0.50 INCH OR MORE: 3
MIN 0 OR BELOW: 0 1.00 INCH OR MORE: 2
[HDD (BASE 65) ]
TOTAL THIS MO. 162 CLEAR (SCALE 0-3) 14
DPTR FM NORMAL -59 PTCLDY (SCALE 4-7) 14
TOTAL FM JUL 1 1567 CLOUDY (SCALE 8-10) 3
DPTR FM NORMAL -449
[CDD (BASE 65) ]
TOTAL THIS MO. 88
DPTR FM NORMAL 49 [PRESSURE DATA]
TOTAL FM JAN 1 171 HIGHEST SLP 30.56 ON 19
DPTR FM NORMAL 115 LOWEST SLP 29.30 ON 3
[REMARKS]
#FINAL-03-23#