000
CXUS54 KJAN 012159
CF6TVR
PRELIMINARY LOCAL CLIMATOLOGICAL DATA (WS FORM: F-6)
STATION: VICKSBURG
MONTH: OCTOBER
YEAR: 2021
LATITUDE: 32 20 N
LONGITUDE: 91 2 W
TEMPERATURE IN F: :PCPN: SNOW: WIND :SUNSHINE: SKY :PK WND
================================================================================
1 2 3 4 5 6A 6B 7 8 9 10 11 12 13 14 15 16 17 18
12Z AVG MX 2MIN
DY MAX MIN AVG DEP HDD CDD WTR SNW DPTH SPD SPD DIR MIN PSBL S-S WX SPD DR
================================================================================
1 87 71 79 6 0 14 0.14 0.0 0 3.3 21 150 M M 5 13 30 160
2 84 71 78 6 0 13 0.14 0.0 0 2.8 13 170 M M 6 1 17 170
3 88 69 79 7 0 14 0.00 0.0 0 1.4 7 300 M M 3 1 11 300
4 87 65 76 5 0 11 0.00 0.0 0 3.3 12 360 M M 1 12 17 360
5 87 61 74 3 0 9 0.00 0.0 0 4.6 12 20 M M 0 1 16 20
6 84 62 73 2 0 8 0.00 0.0 0 2.6 10 10 M M 2 12 14 10
7 89 59 74 4 0 9 0.00 0.0 0 1.5 10 30 M M 2 12 17 60
8 90 59 75 5 0 10 0.00 0.0 0 1.3 7 50 M M 1 18 12 60
9 89 62 76 7 0 11 0.00 0.0 0 1.9 12 170 M M 0 128 16 160
10 90 65 78 9 0 13 0.00 0.0 0 7.5 17 160 M M 0 18 26 160
11 89 71 80 11 0 15 T 0.0 0 5.8 20 170 M M 5 1 28 170
12 87 72 80 12 0 15 T 0.0 0 3.6 12 160 M M 6 13 15 170
13 90 69 80 12 0 15 0.00 0.0 0 6.3 16 170 M M 2 1 24 170
14 89 70 80 13 0 15 0.00 0.0 0 5.2 14 160 M M 2 1 20 140
15 90 67 79 12 0 14 0.08 0.0 0 5.1 16 330 M M 4 12 34 340
16 74 47 61 -5 4 0 0.00 0.0 0 9.1 22 360 M M 1 32 20
17 76 44 60 -6 5 0 0.00 0.0 0 2.7 12 10 M M 0 1 19 360
18 78 45 62 -4 3 0 0.00 0.0 0 2.8 9 120 M M 0 20 130
19 82 48 65 0 0 0 0.00 0.0 0 2.8 12 160 M M 0 16 90
20 85 57 71 6 0 6 T 0.0 M 3.3 9 150 M M 3 2 12 140
21 92 63 78 14 0 13 0.00 0.0 0 1.8 7 360 M M 6 12 13 190
22 84 55 70 6 0 5 0.00 0.0 0 4.1 9 10 M M 0 18 12 20
23 88 54 71 7 0 6 0.00 0.0 0 6.7 16 170 M M 1 22 190
24 88 68 78 15 0 13 0.00 0.0 0 7.9 18 170 M M 1 1 25 170
25 88 63 76 13 0 11 0.00 0.0 0 4.8 12 300 M M 5 1 18 270
26 81 56 69 7 0 4 0.00 0.0 0 4.6 10 100 M M 0 14 120
27 77 62 70 8 0 5 0.51 0.0 0 8.5 22 140 M M 5 13 28 140
28 66 55 61 -1 4 0 0.04 0.0 0 4.8 12 280 M M 6 1 24 270
29 60 56 58 -3 7 0 T 0.0 0 6.4 15 290 M M 10 28 290
30 70 49 60 -1 5 0 0.00 0.0 0 2.1 9 310 M M 6 1 18 280
31 78 45 62 1 3 0 0.00 0.0 0 1.7 9 10 M M 2 12 12 20
================================================================================
SM 2587 1860 31 249 0.91 0.0 130.3 M 85
================================================================================
AV 83.5 60.0 4.2 FASTST M M 3 MAX(MPH)
MISC ----> # 22 360 34 340
================================================================================
NOTES:
# LAST OF SEVERAL OCCURRENCES
COLUMN 17 PEAK WIND IN M.P.H.
PRELIMINARY LOCAL CLIMATOLOGICAL DATA (WS FORM: F-6) , PAGE 2
STATION: VICKSBURG
MONTH: OCTOBER
YEAR: 2021
LATITUDE: 32 20 N
LONGITUDE: 91 2 W
[TEMPERATURE DATA] [PRECIPITATION DATA] SYMBOLS USED IN COLUMN 16
AVERAGE MONTHLY: 71.7 TOTAL FOR MONTH: 0.91 1 = FOG OR MIST
DPTR FM NORMAL: 5.1 DPTR FM NORMAL: -3.22 2 = FOG REDUCING VISIBILITY
HIGHEST: 92 ON 21 GRTST 24HR 0.52 ON 27-28 TO 1/4 MILE OR LESS
LOWEST: 44 ON 17 3 = THUNDER
SNOW, ICE PELLETS, HAIL 4 = ICE PELLETS
TOTAL MONTH: 0.0 INCH 5 = HAIL
GRTST 24HR 0.0 6 = FREEZING RAIN OR DRIZZLE
GRTST DEPTH: 0 7 = DUSTSTORM OR SANDSTORM:
VSBY 1/2 MILE OR LESS
8 = SMOKE OR HAZE
[NO. OF DAYS WITH] [WEATHER - DAYS WITH] 9 = BLOWING SNOW
X = TORNADO
MAX 32 OR BELOW: 0 0.01 INCH OR MORE: 5
MAX 90 OR ABOVE: 5 0.10 INCH OR MORE: 3
MIN 32 OR BELOW: 0 0.50 INCH OR MORE: 1
MIN 0 OR BELOW: 0 1.00 INCH OR MORE: 0
[HDD (BASE 65) ]
TOTAL THIS MO. 31 CLEAR (SCALE 0-3) 19
DPTR FM NORMAL -54 PTCLDY (SCALE 4-7) 11
TOTAL FM JUL 1 31 CLOUDY (SCALE 8-10) 1
DPTR FM NORMAL -59
[CDD (BASE 65) ]
TOTAL THIS MO. 249
DPTR FM NORMAL 116 [PRESSURE DATA]
TOTAL FM JAN 1 2860 HIGHEST SLP 30.34 ON 17
DPTR FM NORMAL 351 LOWEST SLP 29.53 ON 27
[REMARKS]
#FINAL-10-21#