000
CXUS54 KJAN 040816
CF6TVR
PRELIMINARY LOCAL CLIMATOLOGICAL DATA (WS FORM: F-6)
STATION: VICKSBURG
MONTH: DECEMBER
YEAR: 2023
LATITUDE: 32 20 N
LONGITUDE: 91 2 W
TEMPERATURE IN F: :PCPN: SNOW: WIND :SUNSHINE: SKY :PK WND
================================================================================
1 2 3 4 5 6A 6B 7 8 9 10 11 12 13 14 15 16 17 18
12Z AVG MX 2MIN
DY MAX MIN AVG DEP HDD CDD WTR SNW DPTH SPD SPD DIR MIN PSBL S-S WX SPD DR
================================================================================
1 76 55 66 14 0 1 0.94 0.0 0 2.7 15 150 M M 8 1238 20 150
2 69 58 64 12 1 0 0.19 0.0 0 3.4 13 10 M M 10 1 18 360
3 72 53 63 11 2 0 0.00 0.0 0 1.1 7 150 M M 4 12 10 320
4 65 43 54 2 11 0 0.00 0.0 0 3.9 13 290 M M 0 25 310
5 69 33 51 0 14 0 0.00 0.0 0 2.5 21 20 M M 0 1 30 10
6 58 33 46 -5 19 0 0.00 0.0 0 3.9 15 10 M M 0 1 20 10
7 63 31 47 -4 18 0 0.00 0.0 0 5.1 14 180 M M 0 1 19 180
8 71 48 60 9 5 0 T 0.0 0 9.6 20 170 M M 8 29 180
9 81 55 68 17 0 3 0.80 0.0 0 8.3 28 10 M M 8 138 34 360
10 57 30 44 -6 21 0 T 0.0 0 5.7 14 290 M M 2 24 310
11 58 27 43 -7 22 0 0.00 0.0 0 1.0 8 130 M M 0 18 11 110
12 63 29 46 -4 19 0 0.00 0.0 0 1.3 8 130 M M 0 10 110
13 67 31 49 -1 16 0 0.00 0.0 0 5.6 13 40 M M 0 19 90
14 70 43 57 7 8 0 0.00 0.0 0 6.3 13 80 M M 0 16 60
15 72 44 58 8 7 0 0.00 0.0 0 8.6 16 140 M M 2 23 150
16 60 52 56 6 9 0 0.23 0.0 0 3.9 16 120 M M 8 18 22 100
17 59 34 47 -2 18 0 0.00 0.0 0 4.4 15 10 M M 3 1 21 290
18 62 31 47 -2 18 0 0.00 0.0 0 4.7 14 10 M M 0 1 20 20
19 55 28 42 -7 23 0 0.00 0.0 0 3.9 10 110 M M 0 15 100
20 62 32 47 -2 18 0 0.00 0.0 0 3.8 9 90 M M 0 12 160
21 61 38 50 1 15 0 0.00 0.0 0 2.9 8 130 M M 0 8 11 130
22 72 47 60 11 5 0 T 0.0 0 3.1 9 140 M M 4 8 12 140
23 75 53 64 16 1 0 0.01 0.0 0 7.6 15 150 M M 6 1 20 130
24 63 59 61 13 4 0 1.36 0.0 0 9.8 18 120 M M 8 1 25 130
25 62 43 53 5 12 0 0.05 0.0 0 3.5 10 320 M M 10 1 19 340
26 57 32 45 -3 20 0 0.00 0.0 0 1.2 9 50 M M 0 1 13 40
27 63 35 49 1 16 0 0.00 0.0 0 4.2 12 320 M M 2 23 280
28 49 25 37 -11 28 0 0.00 0.0 0 4.3 12 300 M M 5 21 300
29 55 28 42 -6 23 0 0.00 0.0 0 4.3 12 270 M M 2 1 23 240
30 56 25 41 -7 24 0 0.00 0.0 0 1.0 8 180 M M 0 1 11 170
31 67 32 50 2 15 0 0.00 0.0 0 2.5 9 190 M M 0 8 16 180
================================================================================
SM 1989 1207 412 4 3.58 0.0 134.1 M 90
================================================================================
AV 64.2 38.9 4.3 FASTST M M 3 MAX(MPH)
MISC ----> 28 10 34 360
================================================================================
NOTES:
# LAST OF SEVERAL OCCURRENCES
COLUMN 17 PEAK WIND IN M.P.H.
PRELIMINARY LOCAL CLIMATOLOGICAL DATA (WS FORM: F-6) , PAGE 2
STATION: VICKSBURG
MONTH: DECEMBER
YEAR: 2023
LATITUDE: 32 20 N
LONGITUDE: 91 2 W
[TEMPERATURE DATA] [PRECIPITATION DATA] SYMBOLS USED IN COLUMN 16
AVERAGE MONTHLY: 51.5 TOTAL FOR MONTH: 3.58 1 = FOG OR MIST
DPTR FM NORMAL: 1.8 DPTR FM NORMAL: -1.80 2 = FOG REDUCING VISIBILITY
HIGHEST: 81 ON 9 GRTST 24HR 1.41 ON 24-25 TO 1/4 MILE OR LESS
LOWEST: 25 ON 30,28 3 = THUNDER
SNOW, ICE PELLETS, HAIL 4 = ICE PELLETS
TOTAL MONTH: 0.0 INCH 5 = HAIL
GRTST 24HR 0.0 6 = FREEZING RAIN OR DRIZZLE
GRTST DEPTH: 0 7 = DUSTSTORM OR SANDSTORM:
VSBY 1/2 MILE OR LESS
8 = SMOKE OR HAZE
[NO. OF DAYS WITH] [WEATHER - DAYS WITH] 9 = BLOWING SNOW
X = TORNADO
MAX 32 OR BELOW: 0 0.01 INCH OR MORE: 7
MAX 90 OR ABOVE: 0 0.10 INCH OR MORE: 5
MIN 32 OR BELOW: 13 0.50 INCH OR MORE: 3
MIN 0 OR BELOW: 0 1.00 INCH OR MORE: 1
[HDD (BASE 65) ]
TOTAL THIS MO. 412 CLEAR (SCALE 0-3) 20
DPTR FM NORMAL -74 PTCLDY (SCALE 4-7) 7
TOTAL FM JUL 1 743 CLOUDY (SCALE 8-10) 4
DPTR FM NORMAL -125
[CDD (BASE 65) ]
TOTAL THIS MO. 4
DPTR FM NORMAL -6 [PRESSURE DATA]
TOTAL FM JAN 1 2999 HIGHEST SLP 30.61 ON 13
DPTR FM NORMAL 459 LOWEST SLP 29.78 ON 25
[REMARKS]
#FINAL-12-23#