000
CXUS55 KBOI 011002
CF6TWF
PRELIMINARY LOCAL CLIMATOLOGICAL DATA (WS FORM: F-6)
STATION: TWIN FALLS ID
MONTH: OCTOBER
YEAR: 2023
LATITUDE: 42 28 N
LONGITUDE: 114 29 W
TEMPERATURE IN F: :PCPN: SNOW: WIND :SUNSHINE: SKY :PK WND
================================================================================
1 2 3 4 5 6A 6B 7 8 9 10 11 12 13 14 15 16 17 18
12Z AVG MX 2MIN
DY MAX MIN AVG DEP HDD CDD WTR SNW DPTH SPD SPD DIR MIN PSBL S-S WX SPD DR
================================================================================
1 49 43 46 -10 19 0 0.39 M M 5.9 13 280 M M 10 1 15 290
2 59 44 52 -3 13 0 0.00 M M 10.0 20 280 M M 9 27 280
3 61 48 55 0 10 0 0.16 M M 13.8 20 270 M M 6 1 26 250
4 65 45 55 1 10 0 0.00 M M 12.4 22 290 M M 0 28 290
5 68 47 58 4 7 0 0.00 M M 8.2 15 210 M M 0 8 20 210
6 71 43 57 3 8 0 0.00 M M 7.6 13 190 M M 0 17 200
7 76 40 58 5 7 0 0.00 M M 6.7 14 80 M M 0 17 90
8 80 41 61 8 4 0 0.00 M M 7.1 15 200 M M 0 20 200
9 84 43 64 12 1 0 T M M 8.8 26 260 M M 2 37 240
10 68 45 57 5 8 0 0.06 M M 10.4 25 290 M M 5 32 290
11 56 43 50 -1 15 0 0.03 M M 18.4 31 290 M M 5 41 280
12 57 39 48 -3 17 0 T M M 14.2 25 270 M M 3 34 260
13 65 33 49 -2 16 0 0.00 M M 9.6 18 180 M M 2 26 170
14 69 45 57 7 8 0 0.00 M M 7.4 15 190 M M 2 21 190
15 74 36 55 5 10 0 0.00 M M 6.5 13 80 M M 0 16 70
16 79 38 59 10 6 0 0.00 M M 7.9 17 210 M M 0 22 210
17 70 49 60 11 5 0 0.00 M M 13.8 21 300 M M 0 26 290
18 70 45 58 10 7 0 0.00 M M 8.1 16 200 M M 0 22 210
19 78 41 60 12 5 0 0.00 M M 7.5 15 210 M M 0 8 19 210
20 78 44 61 13 4 0 0.00 M M 5.8 13 210 M M 0 17 200
21 75 48 62 15 3 0 0.00 M M 7.7 15 200 M M 0 8 21 210
22 78 42 60 13 5 0 0.00 M M 7.8 20 280 M M 1 25 220
23 62 46 54 8 11 0 0.01 M M 11.6 22 280 M M 6 18 28 280
24 62 42 52 6 13 0 0.00 M M 10.0 17 230 M M 0 27 230
25 59 33 46 0 19 0 0.23 M M 9.2 26 290 M M 8 1 35 270
26 44 29 37 -8 28 0 0.01 M M 13.4 25 260 M M 5 1 33 270
27 49 24 37 -8 28 0 0.00 M M 7.7 15 240 M M 1 8 23 310
28 37 22 30 -14 35 0 0.00 M M 10.1 17 260 M M 3 26 250
29 41 16 29 -15 36 0 0.00 M M 7.7 16 190 M M 0 20 200
30 47 20 34 -10 31 0 0.00 M M 5.6 12 190 M M 0 15 200
31 56 19 38 -5 27 0 0.00 M M 5.6 14 60 M M 0 8 19 60
================================================================================
SM 1987 1193 416 0 0.89 M 286.5 M 68
================================================================================
AV 64.1 38.5 9.2 FASTST M M 2 MAX(MPH)
MISC ----> 31 290 41 280
================================================================================
NOTES:
# LAST OF SEVERAL OCCURRENCES
COLUMN 17 PEAK WIND IN M.P.H.
PRELIMINARY LOCAL CLIMATOLOGICAL DATA (WS FORM: F-6) , PAGE 2
STATION: TWIN FALLS ID
MONTH: OCTOBER
YEAR: 2023
LATITUDE: 42 28 N
LONGITUDE: 114 29 W
[TEMPERATURE DATA] [PRECIPITATION DATA] SYMBOLS USED IN COLUMN 16
AVERAGE MONTHLY: 51.3 TOTAL FOR MONTH: 0.89 1 = FOG OR MIST
DPTR FM NORMAL: 2.0 DPTR FM NORMAL: 0.12 2 = FOG REDUCING VISIBILITY
HIGHEST: 84 ON 9 GRTST 24HR 0.39 ON 1- 1 TO 1/4 MILE OR LESS
LOWEST: 16 ON 29 3 = THUNDER
SNOW, ICE PELLETS, HAIL 4 = ICE PELLETS
TOTAL MONTH: M 5 = HAIL
GRTST 24HR M ON M 6 = FREEZING RAIN OR DRIZZLE
GRTST DEPTH: M ON M 7 = DUSTSTORM OR SANDSTORM:
VSBY 1/2 MILE OR LESS
8 = SMOKE OR HAZE
[NO. OF DAYS WITH] [WEATHER - DAYS WITH] 9 = BLOWING SNOW
X = TORNADO
MAX 32 OR BELOW: 0 0.01 INCH OR MORE: 7
MAX 90 OR ABOVE: 0 0.10 INCH OR MORE: 3
MIN 32 OR BELOW: 6 0.50 INCH OR MORE: 0
MIN 0 OR BELOW: 0 1.00 INCH OR MORE: 0
[HDD (BASE 65) ]
TOTAL THIS MO. 416 CLEAR (SCALE 0-3) 22
DPTR FM NORMAL -72 PTCLDY (SCALE 4-7) 6
TOTAL FM JUL 1 512 CLOUDY (SCALE 8-10) 3
DPTR FM NORMAL -153
[CDD (BASE 65) ]
TOTAL THIS MO. 0
DPTR FM NORMAL -3 [PRESSURE DATA]
TOTAL FM JAN 1 722 HIGHEST SLP 30.58 ON 29
DPTR FM NORMAL 106 LOWEST SLP 29.49 ON 11
[REMARKS]
#FINAL-10-23#