000
CXUS53 KLSX 011500
CF6UIN
PRELIMINARY LOCAL CLIMATOLOGICAL DATA (WS FORM: F-6)
STATION: QUINCY IL
MONTH: FEBRUARY
YEAR: 2023
LATITUDE: 39 57 N
LONGITUDE: 91 12 W
TEMPERATURE IN F: :PCPN: SNOW: WIND :SUNSHINE: SKY :PK WND
================================================================================
1 2 3 4 5 6A 6B 7 8 9 10 11 12 13 14 15 16 17 18
12Z AVG MX 2MIN
DY MAX MIN AVG DEP HDD CDD WTR SNW DPTH SPD SPD DIR MIN PSBL S-S WX SPD DR
================================================================================
1 36 8 22 -5 43 0 0.00 0.0 0 8.7 15 210 M M 0 20 200
2 47 13 30 2 35 0 0.00 0.0 0 13.0 25 340 M M 0 32 330
3 22 4 13 -15 52 0 0.00 0.0 0 8.7 18 330 M M 2 24 330
4 56 18 37 9 28 0 0.00 0.0 0 16.3 28 230 M M 0 36 230
5 57 32 45 17 20 0 0.00 0.0 0 10.4 21 320 M M 0 30 320
6 59 29 44 16 21 0 0.00 0.0 0 14.8 28 160 M M 1 41 160
7 56 32 44 15 21 0 0.00 0.0 0 9.2 20 270 M M 2 29 270
8 44 26 35 6 30 0 0.03 0.0 0 6.5 20 100 M M 4 1 27 100
9 42 33 38 9 27 0 1.12 M M 14.2 29 300 M M 10 1 38 310
10 38 23 31 1 34 0 0.00 0.0 0 8.5 17 330 M M 3 22 320
11 47 20 34 4 31 0 0.00 0.0 0 4.1 9 190 M M 0 12 210
12 57 26 42 12 23 0 0.00 0.0 0 7.1 15 210 M M 0 21 200
13 56 30 43 13 22 0 0.00 0.0 0 5.7 10 160 M M 0 15 150
14 53 40 47 16 18 0 0.21 0.0 0 13.7 28 240 M M 5 1 41 210
15 50 32 41 10 24 0 0.00 0.0 0 13.4 33 240 M M 8 47 230
16 34 22 28 -4 37 0 0.02 M 0 14.2 23 340 M M 10 1 31 340
17 33 14 24 -8 41 0 0.00 0.0 0 9.1 18 330 M M 0 23 320
18 54 28 41 9 24 0 0.00 0.0 0 13.0 21 210 M M 1 29 220
19 57 37 47 15 18 0 0.00 0.0 0 11.1 22 240 M M 2 31 230
20 58 29 44 11 21 0 0.00 0.0 0 7.3 18 270 M M 1 1 26 260
21 49 31 40 7 25 0 T 0.0 0 10.7 23 330 M M 2 30 330
22 53 42 48 14 17 0 1.52 0.0 0 9.8 17 80 M M 7 13 23 90
23 51 21 36 2 29 0 0.00 0.0 0 14.8 25 280 M M 5 1 36 300
24 34 15 25 -9 40 0 0.07 M M 10.2 18 10 M M 5 6 22 100
25 41 30 36 1 29 0 0.00 M M 5.0 12 210 M M 6 1 16 210
26 55 28 42 7 23 0 0.00 0.0 0 9.1 18 120 M M 4 18 26 130
27 59 44 52 16 13 0 0.77 0.0 0 18.6 33 210 M M 10 18 49 220
28 51 39 45 9 20 0 0.00 0.0 0 9.8 20 110 M M 5 26 120
================================================================================
SM 1349 746 766 0 3.74 0.0 297.0 M 93
================================================================================
AV 48.2 26.6 10.6 FASTST M M 3 MAX(MPH)
MISC ----> # 33 240 49 220
================================================================================
NOTES:
# LAST OF SEVERAL OCCURRENCES
COLUMN 17 PEAK WIND IN M.P.H.
PRELIMINARY LOCAL CLIMATOLOGICAL DATA (WS FORM: F-6) , PAGE 2
STATION: QUINCY IL
MONTH: FEBRUARY
YEAR: 2023
LATITUDE: 39 57 N
LONGITUDE: 91 12 W
[TEMPERATURE DATA] [PRECIPITATION DATA] SYMBOLS USED IN COLUMN 16
AVERAGE MONTHLY: 37.4 TOTAL FOR MONTH: 3.74 1 = FOG OR MIST
DPTR FM NORMAL: 6.2 DPTR FM NORMAL: 1.97 2 = FOG REDUCING VISIBILITY
HIGHEST: 59 ON 27, 6 GRTST 24HR 1.52 ON 21-22 TO 1/4 MILE OR LESS
LOWEST: 4 ON 3 3 = THUNDER
SNOW, ICE PELLETS, HAIL 4 = ICE PELLETS
TOTAL MONTH: 0.0 INCH 5 = HAIL
GRTST 24HR 0.0 6 = FREEZING RAIN OR DRIZZLE
GRTST DEPTH: 0 7 = DUSTSTORM OR SANDSTORM:
VSBY 1/2 MILE OR LESS
8 = SMOKE OR HAZE
[NO. OF DAYS WITH] [WEATHER - DAYS WITH] 9 = BLOWING SNOW
X = TORNADO
MAX 32 OR BELOW: 1 0.01 INCH OR MORE: 7
MAX 90 OR ABOVE: 0 0.10 INCH OR MORE: 4
MIN 32 OR BELOW: 22 0.50 INCH OR MORE: 3
MIN 0 OR BELOW: 0 1.00 INCH OR MORE: 2
[HDD (BASE 65) ]
TOTAL THIS MO. 766 CLEAR (SCALE 0-3) 16
DPTR FM NORMAL -180 PTCLDY (SCALE 4-7) 9
TOTAL FM JUL 1 3849 CLOUDY (SCALE 8-10) 3
DPTR FM NORMAL -412
[CDD (BASE 65) ]
TOTAL THIS MO. 0
DPTR FM NORMAL 0 [PRESSURE DATA]
TOTAL FM JAN 1 0 HIGHEST SLP 30.72 ON 3
DPTR FM NORMAL 0 LOWEST SLP 29.07 ON 27
[REMARKS]
#FINAL-02-23#