580
CXUS53 KUNR 010945
CF6UNR
PRELIMINARY LOCAL CLIMATOLOGICAL DATA (WS FORM: F-6)
STATION: EAST RAPID CITY SD
MONTH: MAY
YEAR: 2020
LATITUDE: 44 4 N
LONGITUDE: 103 13 W
TEMPERATURE IN F: :PCPN: SNOW: WIND :SUNSHINE: SKY :PK WND
================================================================================
1 2 3 4 5 6A 6B 7 8 9 10 11 12 13 14 15 16 17 18
12Z AVG MX 2MIN
DY MAX MIN AVG DEP HDD CDD WTR SNW DPTH SPD SPD DIR MIN PSBL S-S WX SPD DR
================================================================================
1 66 53 60 9 5 0 T 0.0 0 13.8 32 360 M M M 45 360
2 67 50 59 8 6 0 0.28 0.0 0 6.1 16 180 M M M 21 180
3 72 45 59 8 6 0 0.28 0.0 0 8.9 36 350 M M M 3 51 360
4 57 45 51 -1 14 0 0.01 0.0 0 16.4 31 320 M M M 1 45 320
5 59 38 49 -3 16 0 0.10 0.0 0 12.5 44 360 M M M 60 350
6 62 39 51 -1 14 0 T 0.0 0 8.9 20 110 M M M 26 130
7 53 37 45 -8 20 0 0.07 0.0 0 14.8 33 360 M M M 45 350
8 60 38 49 -4 16 0 0.00 0.0 0 6.6 16 140 M M M 24 130
9 52 32 42 -12 23 0 T 0.0 0 16.9 36 330 M M M 55 330
10 44 31 38 -16 27 0 0.01 T 0 8.0 21 20 M M M 26 20
11 40 33 37 -17 28 0 0.08 T 0 8.7 17 130 M M M 22 130
12 46 33 40 -15 25 0 0.11 T 0 12.0 20 140 M M M 13 29 150
13 63 41 52 -3 13 0 0.51 0.0 0 7.4 21 360 M M M 3 29 360
14 59 45 52 -3 13 0 0.02 0.0 0 5.5 12 330 M M M 16 270
15 54 45 50 -6 15 0 0.25 0.0 0 5.6 15 300 M M M 3 17 300
16 50 42 46 -10 19 0 0.06 0.0 0 10.3 24 10 M M M 12 32 330
17 64 40 52 -4 13 0 0.00 0.0 0 9.6 20 130 M M M 28 130
18 75 44 60 4 5 0 0.00 0.0 0 13.0 25 140 M M M 36 160
19 83 53 68 11 0 3 0.00 0.0 0 14.0 23 140 M M M 35 160
20 79 53 66 9 0 1 0.03 0.0 0 14.9 29 130 M M M 41 260
21 77 46 62 5 3 0 T 0.0 0 9.0 22 190 M M M 31 190
22 82 52 67 9 0 2 0.00 0.0 0 7.9 20 190 M M M 29 200
23 74 50 62 4 3 0 0.59 0.0 0 9.6 29 290 M M M 35 41 190
24 60 46 53 -5 12 0 0.00 0.0 0 12.4 29 10 M M M 41 360
25 61 44 53 -5 12 0 0.02 0.0 0 7.2 21 360 M M M 29 350
26 74 46 60 1 5 0 0.00 0.0 0 5.6 15 20 M M M 20 20
27 75 56 66 7 0 1 0.01 0.0 0 9.3 25 360 M M M 35 360
28 66 53 60 1 5 0 0.00 0.0 0 9.5 20 360 M M M 25 340
29 72 52 62 2 3 0 0.03 0.0 0 8.4 20 130 M M M 3 25 130
30 64 50 57 -3 8 0 0.07 0.0 0 6.8 17 110 M M M 23 140
31 84 51 68 8 0 3 0.01 0.0 0 9.5 22 150 M M M 3 30 160
================================================================================
SM 1994 1383 329 10 2.54 T 309.1 M M
================================================================================
AV 64.3 44.6 10.0 FASTST M M 4 MAX(MPH)
MISC ----> # 44 360 # 60 350
================================================================================
NOTES:
# LAST OF SEVERAL OCCURRENCES
COLUMN 17 PEAK WIND IN M.P.H.
PRELIMINARY LOCAL CLIMATOLOGICAL DATA (WS FORM: F-6) , PAGE 2
STATION: EAST RAPID CITY SD
MONTH: MAY
YEAR: 2020
LATITUDE: 44 4 N
LONGITUDE: 103 13 W
[TEMPERATURE DATA] [PRECIPITATION DATA] SYMBOLS USED IN COLUMN 16
AVERAGE MONTHLY: 54.5 TOTAL FOR MONTH: 2.54 1 = FOG OR MIST
DPTR FM NORMAL: -1.2 DPTR FM NORMAL: -1.65 2 = FOG REDUCING VISIBILITY
HIGHEST: 84 ON 31 GRTST 24HR 0.59 ON 23-23 TO 1/4 MILE OR LESS
LOWEST: 31 ON 10 3 = THUNDER
SNOW, ICE PELLETS, HAIL 4 = ICE PELLETS
TOTAL MONTH: T 5 = HAIL
GRTST 24HR T ON 12-12 6 = FREEZING RAIN OR DRIZZLE
GRTST DEPTH: 0 7 = DUSTSTORM OR SANDSTORM:
VSBY 1/2 MILE OR LESS
8 = SMOKE OR HAZE
[NO. OF DAYS WITH] [WEATHER - DAYS WITH] 9 = BLOWING SNOW
X = TORNADO
MAX 32 OR BELOW: 0 0.01 INCH OR MORE: 19
MAX 90 OR ABOVE: 0 0.10 INCH OR MORE: 7
MIN 32 OR BELOW: 2 0.50 INCH OR MORE: 2
MIN 0 OR BELOW: 0 1.00 INCH OR MORE: 0
[HDD (BASE 65) ]
TOTAL THIS MO. 329 CLEAR (SCALE 0-3) 0
DPTR FM NORMAL 23 PTCLDY (SCALE 4-7) 0
TOTAL FM JUL 1 6734 CLOUDY (SCALE 8-10) 0
DPTR FM NORMAL -38
[CDD (BASE 65) ]
TOTAL THIS MO. 10
DPTR FM NORMAL -7 [PRESSURE DATA]
TOTAL FM JAN 1 10 HIGHEST SLP M ON M
DPTR FM NORMAL -8 LOWEST SLP 29.32 ON 20
[REMARKS]
#FINAL-05-20#