362
CXUS54 KHGX 041455
CF6UTS
PRELIMINARY LOCAL CLIMATOLOGICAL DATA (WS FORM: F-6)
STATION: HUNTSVILLE
MONTH: MARCH
YEAR: 2021
LATITUDE: 30 45 N
LONGITUDE: 95 35 W
TEMPERATURE IN F: :PCPN: SNOW: WIND :SUNSHINE: SKY :PK WND
================================================================================
1 2 3 4 5 6A 6B 7 8 9 10 11 12 13 14 15 16 17 18
12Z AVG MX 2MIN
DY MAX MIN AVG DEP HDD CDD WTR SNW DPTH SPD SPD DIR MIN PSBL S-S WX SPD DR
================================================================================
1 72 48 60 3 5 0 0.61 0.0 0 8.5 20 50 M M 10 1 28 70
2 64 44 54 -4 11 0 0.02 0.0 0 5.2 15 50 M M 4 1 20 60
3 71 37 54 -4 11 0 T 0.0 0 1.2 8 240 M M 0 10 90
4 74 42 58 0 7 0 0.00 0.0 0 5.2 13 160 M M 0 21 160
5 76 50 63 5 2 0 0.00 0.0 0 5.7 15 50 M M 6 21 60
6 69 46 58 0 7 0 0.00 0.0 0 5.5 14 60 M M 3 22 60
7 70 35 53 -6 12 0 0.00 0.0 0 4.0 13 100 M M 0 17 110
8 73 38 56 -3 9 0 0.00 0.0 0 5.1 14 190 M M 0 19 190
9 74 57 66 7 0 1 0.00 0.0 0 8.1 18 170 M M 4 27 170
10 81 61 71 12 0 6 T 0.0 0 11.0 26 180 M M 8 36 190
11 81 69 75 15 0 10 0.00 0.0 0 9.4 21 180 M M 7 29 170
12 82 68 75 15 0 10 T 0.0 0 6.8 15 160 M M 7 1 25 170
13 82 66 74 14 0 9 0.00 0.0 0 7.3 15 160 M M 4 26 160
14 74 53 64 4 1 0 0.30 0.0 0 5.1 21 300 M M 9 12 27 290
15 80 52 66 6 0 1 0.00 0.0 0 4.0 13 190 M M 6 12 17 180
16 81 67 74 13 0 9 0.00 0.0 0 6.7 13 160 M M 7 18 19 160
17 77 52 65 4 0 0 0.28 0.0 0 12.2 25 310 M M 7 13 36 290
18 65 46 56 -5 9 0 0.00 M 0 9.9 22 320 M M 0 30 300
19 62 42 52 -9 13 0 0.00 M 0 5.0 15 330 M M 2 22 320
20 68 39 54 -8 11 0 0.00 0.0 0 3.2 12 90 M M 0 18 17 80
21 72 39 56 -6 9 0 0.00 0.0 0 3.1 9 160 M M 0 14 170
22 73 57 65 3 0 0 T 0.0 0 7.1 16 180 M M 5 28 170
23 80 55 68 6 0 3 0.75 0.0 0 4.9 22 290 M M 2 138 29 280
24 71 51 61 -1 4 0 T 0.0 0 5.4 13 80 M M 8 1 23 110
25 76 52 64 1 1 0 0.02 0.0 0 6.5 16 290 M M 4 1 23 280
26 85 48 67 4 0 2 0.00 0.0 0 3.9 12 180 M M 0 18 190
27 82 71 77 14 0 12 T 0.0 0 6.2 17 180 M M 8 18 23 180
28 73 49 61 -2 4 0 0.00 0.0 0 5.2 15 60 M M 1 1 24 20
29 76 45 61 -3 4 0 0.00 0.0 0 3.9 9 200 M M 1 8 M M
30 85 60 73 9 0 8 0.00 0.0 0 9.4 18 190 M M 9 1 28 200
31 75 49 62 -2 3 0 0.01 0.0 0 6.6 18 330 M M 8 1 25 60
================================================================================
SM 2324 1588 123 71 1.99 0.0 191.3 M 130
================================================================================
AV 75.0 51.2 6.2 FASTST M M 4 MAX(MPH)
MISC ----> 26 180 # 36 190
================================================================================
NOTES:
# LAST OF SEVERAL OCCURRENCES
COLUMN 17 PEAK WIND IN M.P.H.
PRELIMINARY LOCAL CLIMATOLOGICAL DATA (WS FORM: F-6) , PAGE 2
STATION: HUNTSVILLE
MONTH: MARCH
YEAR: 2021
LATITUDE: 30 45 N
LONGITUDE: 95 35 W
[TEMPERATURE DATA] [PRECIPITATION DATA] SYMBOLS USED IN COLUMN 16
AVERAGE MONTHLY: 63.1 TOTAL FOR MONTH: 1.99 1 = FOG OR MIST
DPTR FM NORMAL: 2.5 DPTR FM NORMAL: -1.42 2 = FOG REDUCING VISIBILITY
HIGHEST: 85 ON 30,26 GRTST 24HR 0.75 ON 22-23 TO 1/4 MILE OR LESS
LOWEST: 35 ON 7 3 = THUNDER
SNOW, ICE PELLETS, HAIL 4 = ICE PELLETS
TOTAL MONTH: 0.0 INCH 5 = HAIL
GRTST 24HR 0.0 6 = FREEZING RAIN OR DRIZZLE
GRTST DEPTH: 0 7 = DUSTSTORM OR SANDSTORM:
VSBY 1/2 MILE OR LESS
8 = SMOKE OR HAZE
[NO. OF DAYS WITH] [WEATHER - DAYS WITH] 9 = BLOWING SNOW
X = TORNADO
MAX 32 OR BELOW: 0 0.01 INCH OR MORE: 7
MAX 90 OR ABOVE: 0 0.10 INCH OR MORE: 4
MIN 32 OR BELOW: 0 0.50 INCH OR MORE: 2
MIN 0 OR BELOW: 0 1.00 INCH OR MORE: 0
[HDD (BASE 65) ]
TOTAL THIS MO. 123 CLEAR (SCALE 0-3) 13
DPTR FM NORMAL -64 PTCLDY (SCALE 4-7) 14
TOTAL FM JUL 1 1467 CLOUDY (SCALE 8-10) 4
DPTR FM NORMAL -175
[CDD (BASE 65) ]
TOTAL THIS MO. 71
DPTR FM NORMAL 21 [PRESSURE DATA]
TOTAL FM JAN 1 104 HIGHEST SLP 30.46 ON 8
DPTR FM NORMAL 27 LOWEST SLP 29.56 ON 25
[REMARKS]
#FINAL-03-21#