000
CXUS54 KCRP 011310
CF6VCT
PRELIMINARY LOCAL CLIMATOLOGICAL DATA (WS FORM: F-6)
STATION: VICTORIA
MONTH: DECEMBER
YEAR: 2023
LATITUDE: 28 51 N
LONGITUDE: 96 55 W
TEMPERATURE IN F: :PCPN: SNOW: WIND :SUNSHINE: SKY :PK WND
================================================================================
1 2 3 4 5 6A 6B 7 8 9 10 11 12 13 14 15 16 17 18
12Z AVG MX 2MIN
DY MAX MIN AVG DEP HDD CDD WTR SNW DPTH SPD SPD DIR MIN PSBL S-S WX SPD DR
================================================================================
1 69 57 63 4 2 0 0.05 0.0 0 7.1 20 20 M M 9 123 25 10
2 69 51 60 2 5 0 0.00 0.0 0 5.6 13 300 M M 6 18 17 330
3 72 46 59 1 6 0 0.00 0.0 0 4.4 12 200 M M 1 128 15 200
4 74 45 60 2 5 0 0.00 0.0 0 5.8 14 350 M M 1 8 19 350
5 75 45 60 2 5 0 0.00 0.0 0 4.1 8 30 M M 1 1 11 30
6 70 44 57 -1 8 0 0.00 0.0 0 6.2 14 80 M M 0 1 19 90
7 76 45 61 3 4 0 0.00 0.0 0 9.4 22 160 M M 5 1 30 140
8 80 62 71 14 0 6 0.00 0.0 0 11.3 24 180 M M 9 12 34 210
9 84 59 72 15 0 7 0.00 0.0 0 12.1 30 360 M M 7 1 43 360
10 62 37 50 -7 15 0 0.00 0.0 0 11.2 26 350 M M 0 41 360
11 68 32 50 -7 15 0 0.00 0.0 0 6.4 16 130 M M 0 21 120
12 72 44 58 1 7 0 0.00 0.0 0 11.1 21 100 M M 4 28 110
13 64 54 59 2 6 0 0.14 0.0 0 11.7 16 40 M M 8 1 24 50
14 73 53 63 7 2 0 0.01 0.0 0 10.9 17 90 M M 5 26 90
15 71 57 64 8 1 0 0.00 0.0 0 8.6 15 50 M M 10 18 19 50
16 66 42 54 -2 11 0 0.01 0.0 0 12.3 22 350 M M 3 1 31 360
17 70 36 53 -3 12 0 0.00 0.0 0 4.6 10 310 M M 0 11 140
18 76 39 58 2 7 0 0.00 0.0 0 7.6 15 10 M M 0 1 20 20
19 72 42 57 1 8 0 0.00 0.0 0 8.4 18 110 M M 2 26 140
20 76 55 66 10 0 1 T 0.0 0 9.2 23 120 M M 5 37 120
21 71 61 66 11 0 1 0.04 0.0 0 7.9 14 120 M M 8 1 18 120
22 74 60 67 12 0 2 0.12 0.0 0 4.7 9 70 M M 9 1 12 60
23 75 58 67 12 0 2 0.29 0.0 0 10.9 24 140 M M 7 18 33 130
24 75 55 65 10 0 0 0.05 0.0 0 4.9 17 20 M M 7 123 23 140
25 61 45 53 -2 12 0 0.00 0.0 0 10.1 21 360 M M 1 1 29 360
26 60 44 52 -3 13 0 0.00 0.0 0 4.0 12 170 M M 7 15 150
27 71 39 55 0 10 0 0.00 0.0 0 7.6 17 340 M M 1 1 21 350
28 63 35 49 -6 16 0 0.00 0.0 0 4.8 13 320 M M 1 16 330
29 60 34 47 -7 18 0 0.00 0.0 0 7.8 16 300 M M 0 22 310
30 71 33 52 -2 13 0 0.00 0.0 0 5.6 10 310 M M 0 18 15 280
31 76 38 57 3 8 0 0.00 0.0 0 7.8 22 170 M M 3 1 29 200
================================================================================
SM 2196 1447 209 19 0.71 0.0 244.1 M 120
================================================================================
AV 70.8 46.7 7.9 FASTST M M 4 MAX(MPH)
MISC ----> 30 360 43 360
================================================================================
NOTES:
# LAST OF SEVERAL OCCURRENCES
COLUMN 17 PEAK WIND IN M.P.H.
PRELIMINARY LOCAL CLIMATOLOGICAL DATA (WS FORM: F-6) , PAGE 2
STATION: VICTORIA
MONTH: DECEMBER
YEAR: 2023
LATITUDE: 28 51 N
LONGITUDE: 96 55 W
[TEMPERATURE DATA] [PRECIPITATION DATA] SYMBOLS USED IN COLUMN 16
AVERAGE MONTHLY: 58.8 TOTAL FOR MONTH: 0.71 1 = FOG OR MIST
DPTR FM NORMAL: 2.6 DPTR FM NORMAL: -1.63 2 = FOG REDUCING VISIBILITY
HIGHEST: 84 ON 9 GRTST 24HR 0.34 ON 23-24 TO 1/4 MILE OR LESS
LOWEST: 32 ON 11 3 = THUNDER
SNOW, ICE PELLETS, HAIL 4 = ICE PELLETS
TOTAL MONTH: 0.0 INCH 5 = HAIL
GRTST 24HR 0.0 6 = FREEZING RAIN OR DRIZZLE
GRTST DEPTH: 0 7 = DUSTSTORM OR SANDSTORM:
VSBY 1/2 MILE OR LESS
8 = SMOKE OR HAZE
[NO. OF DAYS WITH] [WEATHER - DAYS WITH] 9 = BLOWING SNOW
X = TORNADO
MAX 32 OR BELOW: 0 0.01 INCH OR MORE: 8
MAX 90 OR ABOVE: 0 0.10 INCH OR MORE: 3
MIN 32 OR BELOW: 1 0.50 INCH OR MORE: 0
MIN 0 OR BELOW: 0 1.00 INCH OR MORE: 0
[HDD (BASE 65) ]
TOTAL THIS MO. 209 CLEAR (SCALE 0-3) 15
DPTR FM NORMAL -91 PTCLDY (SCALE 4-7) 12
TOTAL FM JUL 1 383 CLOUDY (SCALE 8-10) 4
DPTR FM NORMAL -84
[CDD (BASE 65) ]
TOTAL THIS MO. 19
DPTR FM NORMAL -10 [PRESSURE DATA]
TOTAL FM JAN 1 4052 HIGHEST SLP 30.41 ON 6
DPTR FM NORMAL 766 LOWEST SLP 29.76 ON 24
[REMARKS]
#FINAL-12-23#