000
CXUS55 KVEF 010910
CF6VGT
PRELIMINARY LOCAL CLIMATOLOGICAL DATA (WS FORM: F-6)
STATION: NORTH_LAS_VEGAS NV
MONTH: APRIL
YEAR: 2023
LATITUDE: 36 12 N
LONGITUDE: 115 12 W
TEMPERATURE IN F: :PCPN: SNOW: WIND :SUNSHINE: SKY :PK WND
================================================================================
1 2 3 4 5 6A 6B 7 8 9 10 11 12 13 14 15 16 17 18
12Z AVG MX 2MIN
DY MAX MIN AVG DEP HDD CDD WTR SNW DPTH SPD SPD DIR MIN PSBL S-S WX SPD DR
================================================================================
1 73 42 58 -5 7 0 0.00 M M 5.6 12 80 M M 0 22 70
2 78 47 63 0 2 0 0.00 M M 13.1 33 170 M M 0 40 160
3 62 43 53 -11 12 0 T M M 25.5 44 320 M M 2 58 300
4 58 41 50 -14 15 0 0.00 M M 17.6 30 310 M M 1 40 330
5 59 40 50 -14 15 0 0.00 M M 7.4 16 340 M M 0 22 330
6 67 40 54 -10 11 0 0.00 M M 4.7 18 90 M M 0 24 70
7 76 46 61 -3 4 0 0.00 M M 6.4 16 130 M M 0 24 120
8 79 52 66 2 0 1 0.00 M M 5.2 17 180 M M 0 26 160
9 86 57 72 7 0 7 0.00 M M 5.4 14 340 M M 0 18 350
10 90 58 74 9 0 9 0.00 M M 4.3 13 70 M M 0 18 120
11 94 59 77 12 0 12 0.00 M M 7.5 21 220 M M 0 27 220
12 85 69 77 12 0 12 0.00 M M 14.4 24 220 M M 0 33 220
13 79 63 71 5 0 6 0.00 M M 12.9 26 320 M M 0 36 160
14 75 56 66 0 0 1 0.00 M M 7.5 18 360 M M 0 25 330
15 80 53 67 1 0 2 0.00 M M 5.2 13 120 M M 0 19 90
16 84 56 70 4 0 5 0.00 M M 5.2 16 180 M M 0 22 150
17 86 58 72 5 0 7 0.00 M M 13.7 31 240 M M 0 44 250
18 80 60 70 3 0 5 0.00 M M 15.9 31 240 M M 0 47 240
19 70 54 62 -5 3 0 0.00 M M 14.8 28 310 M M 0 37 320
20 74 54 64 -3 1 0 0.00 M M 8.6 17 20 M M 0 24 360
21 88 53 71 3 0 6 0.00 M M 5.1 17 20 M M 0 26 20
22 83 67 75 7 0 10 0.00 M M 6.9 18 30 M M 0 25 10
23 86 63 75 7 0 10 0.00 M M 6.9 14 260 M M 0 20 160
24 91 67 79 10 0 14 0.00 M M 8.8 23 320 M M 0 33 310
25 82 68 75 6 0 10 0.00 M M 14.0 31 320 M M 0 43 320
26 85 58 72 3 0 7 0.00 M M 4.2 16 80 M M 0 21 80
27 93 62 78 8 0 13 0.00 M M 5.7 16 340 M M 0 24 340
28 91 70 81 11 0 16 0.00 M M 8.3 25 70 M M 0 41 50
29 96 64 80 10 0 15 0.00 M M 6.0 14 140 M M 0 18 150
30 98 65 82 12 0 17 0.00 M M 8.1 22 220 M M 0 30 250
================================================================================
SM 2428 1685 70 185 T M 274.9 M 3
================================================================================
AV 80.9 56.2 9.2 FASTST M M 0 MAX(MPH)
MISC ----> 44 320 58 300
================================================================================
NOTES:
# LAST OF SEVERAL OCCURRENCES
COLUMN 17 PEAK WIND IN M.P.H.
PRELIMINARY LOCAL CLIMATOLOGICAL DATA (WS FORM: F-6) , PAGE 2
STATION: NORTH_LAS_VEGAS NV
MONTH: APRIL
YEAR: 2023
LATITUDE: 36 12 N
LONGITUDE: 115 12 W
[TEMPERATURE DATA] [PRECIPITATION DATA] SYMBOLS USED IN COLUMN 16
AVERAGE MONTHLY: 68.6 TOTAL FOR MONTH: T 1 = FOG OR MIST
DPTR FM NORMAL: 2.2 DPTR FM NORMAL: -0.23 2 = FOG REDUCING VISIBILITY
HIGHEST: 98 ON 30 GRTST 24HR T ON 3- 3 TO 1/4 MILE OR LESS
LOWEST: 40 ON 6, 5 3 = THUNDER
SNOW, ICE PELLETS, HAIL 4 = ICE PELLETS
TOTAL MONTH: M 5 = HAIL
GRTST 24HR M ON M 6 = FREEZING RAIN OR DRIZZLE
GRTST DEPTH: M ON M 7 = DUSTSTORM OR SANDSTORM:
VSBY 1/2 MILE OR LESS
8 = SMOKE OR HAZE
[NO. OF DAYS WITH] [WEATHER - DAYS WITH] 9 = BLOWING SNOW
X = TORNADO
MAX 32 OR BELOW: 0 0.01 INCH OR MORE: 0
MAX 90 OR ABOVE: 7 0.10 INCH OR MORE: 0
MIN 32 OR BELOW: 0 0.50 INCH OR MORE: 0
MIN 0 OR BELOW: 0 1.00 INCH OR MORE: 0
[HDD (BASE 65) ]
TOTAL THIS MO. 70 CLEAR (SCALE 0-3) 30
DPTR FM NORMAL 7 PTCLDY (SCALE 4-7) 0
TOTAL FM JUL 1 2201 CLOUDY (SCALE 8-10) 0
DPTR FM NORMAL 218
[CDD (BASE 65) ]
TOTAL THIS MO. 185
DPTR FM NORMAL 78 [PRESSURE DATA]
TOTAL FM JAN 1 187 HIGHEST SLP M ON M
DPTR FM NORMAL 55 LOWEST SLP 29.46 ON 3
[REMARKS]
#FINAL-04-23#