000
CXUS53 KSGF 010810
CF6VIH
PRELIMINARY LOCAL CLIMATOLOGICAL DATA (WS FORM: F-6)
STATION: VICHY-ROLLA MO
MONTH: FEBRUARY
YEAR: 2021
LATITUDE: 38 7 N
LONGITUDE: 91 46 W
TEMPERATURE IN F: :PCPN: SNOW: WIND :SUNSHINE: SKY :PK WND
================================================================================
1 2 3 4 5 6A 6B 7 8 9 10 11 12 13 14 15 16 17 18
12Z AVG MX 2MIN
DY MAX MIN AVG DEP HDD CDD WTR SNW DPTH SPD SPD DIR MIN PSBL S-S WX SPD DR
================================================================================
1 32 27 30 -2 35 0 0.00 M M 11.7 21 320 M M 10 18 29 330
2 42 26 34 2 31 0 0.00 M M 4.2 10 20 M M 5 14 10
3 53 26 40 7 25 0 0.00 M M 11.7 22 160 M M 0 18 32 170
4 43 25 34 1 31 0 0.09 M M 16.9 32 300 M M 7 18 46 300
5 44 21 33 0 32 0 0.00 M M 9.1 17 250 M M 4 23 310
6 32 16 24 -9 41 0 T M M 9.2 17 350 M M 5 18 23 350
7 21 6 14 -20 51 0 0.00 M M 8.4 14 50 M M 8 20 50
8 24 16 20 -14 45 0 0.01 M M 8.5 14 50 M M 10 168 17 50
9 19 13 16 -18 49 0 T M M 9.1 14 30 M M 10 18 17 30
10 17 14 16 -18 49 0 T M M 10.0 15 40 M M 10 168 22 50
11 20 12 16 -18 49 0 T M M 11.0 15 360 M M 10 18 20 350
12 20 7 14 -21 51 0 T M M 11.3 17 350 M M 7 8 24 340
13 13 2 8 -27 57 0 T M M 11.0 17 340 M M 7 8 22 350
14 5 -2 2 -33 63 0 T M M 11.8 18 20 M M 8 8 23 10
15 0 -5 -2 -38 67 0 0.09 M M 13.0 21 340 M M 10 8 28 340
16 18 -6 6 -30 59 0 T M M 5.3 10 90 M M 3 8 14 100
17 20 9 15 -21 50 0 0.02 M M 7.4 14 110 M M 9 18 16 90
18 24 6 15 -21 50 0 0.00 M M 7.1 15 350 M M 4 18 20 350
19 31 1 16 -21 49 0 0.00 M M 4.2 12 260 M M 2 14 260
20 42 10 26 -11 39 0 0.00 M M 9.2 20 160 M M 0 24 150
21 45 29 37 0 28 0 0.02 M M 15.8 28 180 M M 5 18 40 180
22 53 28 41 3 24 0 0.00 M M 14.2 24 240 M M 1 18 34 220
23 68 34 51 13 14 0 0.00 M M 10.1 17 240 M M 0 23 250
24 58 35 47 9 18 0 0.00 M M 10.6 16 340 M M 1 22 350
25 49 26 38 -1 27 0 0.00 M M 5.6 15 10 M M 1 1 19 20
26 51 33 42 3 23 0 0.00 M M 9.3 16 120 M M 8 22 140
27 62 28 45 6 20 0 0.22 M M 10.1 18 170 M M 4 123 25 140
28 59 36 48 8 17 0 0.02 M M 10.2 20 310 M M 8 1 30 190
================================================================================
SM 965 473 1094 0 0.47 M 276.0 M 157
================================================================================
AV 34.5 16.9 9.9 FASTST M M 6 MAX(MPH)
MISC ----> 32 300 46 300
================================================================================
NOTES:
# LAST OF SEVERAL OCCURRENCES
COLUMN 17 PEAK WIND IN M.P.H.
PRELIMINARY LOCAL CLIMATOLOGICAL DATA (WS FORM: F-6) , PAGE 2
STATION: VICHY-ROLLA MO
MONTH: FEBRUARY
YEAR: 2021
LATITUDE: 38 7 N
LONGITUDE: 91 46 W
[TEMPERATURE DATA] [PRECIPITATION DATA] SYMBOLS USED IN COLUMN 16
AVERAGE MONTHLY: 25.7 TOTAL FOR MONTH: 0.47 1 = FOG OR MIST
DPTR FM NORMAL: -10.0 DPTR FM NORMAL: -1.46 2 = FOG REDUCING VISIBILITY
HIGHEST: 68 ON 23 GRTST 24HR 0.24 ON 27-28 TO 1/4 MILE OR LESS
LOWEST: -6 ON 16 3 = THUNDER
SNOW, ICE PELLETS, HAIL 4 = ICE PELLETS
TOTAL MONTH: M 5 = HAIL
GRTST 24HR M ON M 6 = FREEZING RAIN OR DRIZZLE
GRTST DEPTH: M ON M 7 = DUSTSTORM OR SANDSTORM:
VSBY 1/2 MILE OR LESS
8 = SMOKE OR HAZE
[NO. OF DAYS WITH] [WEATHER - DAYS WITH] 9 = BLOWING SNOW
X = TORNADO
MAX 32 OR BELOW: 15 0.01 INCH OR MORE: 7
MAX 90 OR ABOVE: 0 0.10 INCH OR MORE: 1
MIN 32 OR BELOW: 24 0.50 INCH OR MORE: 0
MIN 0 OR BELOW: 3 1.00 INCH OR MORE: 0
[HDD (BASE 65) ]
TOTAL THIS MO. 1094 CLEAR (SCALE 0-3) 7
DPTR FM NORMAL 272 PTCLDY (SCALE 4-7) 14
TOTAL FM JUL 1 3763 CLOUDY (SCALE 8-10) 7
DPTR FM NORMAL -27
[CDD (BASE 65) ]
TOTAL THIS MO. 0
DPTR FM NORMAL 0 [PRESSURE DATA]
TOTAL FM JAN 1 0 HIGHEST SLP M ON M
DPTR FM NORMAL 0 LOWEST SLP 29.51 ON 4
[REMARKS]
#FINAL-02-21#