000
CXUS56 KLOX 011155
CF6VNY
PRELIMINARY LOCAL CLIMATOLOGICAL DATA (WS FORM: F-6)
STATION: VAN NUYS AIRPORT CA
MONTH: AUGUST
YEAR: 2022
LATITUDE: 34 13 N
LONGITUDE: 118 29 W
TEMPERATURE IN F: :PCPN: SNOW: WIND :SUNSHINE: SKY :PK WND
================================================================================
1 2 3 4 5 6A 6B 7 8 9 10 11 12 13 14 15 16 17 18
12Z AVG MX 2MIN
DY MAX MIN AVG DEP HDD CDD WTR SNW DPTH SPD SPD DIR MIN PSBL S-S WX SPD DR
================================================================================
1 98 70 84 5 0 19 0.00 M M 5.5 14 140 M M 1 18 140
2 94 69 82 3 0 17 0.00 M M 4.2 14 150 M M 0 18 110
3 93 70 82 3 0 17 0.00 M M 5.7 14 140 M M 0 19 150
4 90 70 80 1 0 15 0.00 M M 5.3 14 160 M M 1 19 140
5 95 71 83 4 0 18 0.00 M M 4.4 15 150 M M 1 20 110
6 101 69 85 6 0 20 0.00 M M 3.7 15 300 M M 0 21 300
7 105 67 86 7 0 21 0.00 M M 5.4 17 150 M M 0 21 150
8 97 73 85 6 0 20 0.00 M M 5.6 16 170 M M 0 19 160
9 99 74 87 8 0 22 0.00 M M 6.2 15 150 M M 0 18 150
10 101 74 88 9 0 23 0.00 M M 4.2 15 140 M M 0 22 160
11 101 72 87 8 0 22 0.00 M M 4.2 15 140 M M 0 8 20 150
12 101 70 86 7 0 21 0.00 M M 5.2 13 120 M M 0 18 150
13 102 70 86 7 0 21 0.00 M M 5.6 16 150 M M 0 22 140
14 100 70 85 6 0 20 0.00 M M 5.1 15 130 M M 0 20 110
15 99 71 85 6 0 20 0.00 M M 4.8 15 160 M M 0 20 130
16 102 70 86 7 0 21 0.00 M M 4.9 15 160 M M 0 20 160
17 98 71 85 6 0 20 0.00 M M 4.8 14 150 M M 0 19 150
18 94 68 81 2 0 16 0.00 M M 4.9 14 120 M M 0 19 110
19 97 67 82 3 0 17 0.00 M M 5.2 14 120 M M 0 17 150
20 88 68 78 -1 0 13 0.00 M M 6.6 15 160 M M 0 19 160
21 88 66 77 -2 0 12 0.00 M M 5.5 13 130 M M 3 8 16 130
22 92 65 79 0 0 14 0.00 M M 5.2 13 150 M M 2 18 17 140
23 98 67 83 4 0 18 0.00 M M 5.5 14 140 M M 0 8 17 150
24 94 69 82 3 0 17 0.00 M M 6.0 17 170 M M 0 8 20 160
25 95 71 83 4 0 18 0.00 M M 5.6 14 160 M M 0 18 130
26 95 69 82 3 0 17 0.00 M M 5.1 15 160 M M 0 19 150
27 89 67 78 -1 0 13 0.00 M M 6.1 15 160 M M 0 19 130
28 87 65 76 -3 0 11 0.00 M M 6.0 13 150 M M 3 1 19 140
29 93 66 80 1 0 15 0.00 M M 4.6 12 110 M M 1 15 150
30 103 68 86 7 0 21 0.00 M M 3.2 12 100 M M 0 16 110
31 110 74 92 13 0 27 0.00 M M 4.6 16 290 M M 0 22 300
================================================================================
SM 2999 2151 0 566 0.00 M 158.9 M 12
================================================================================
AV 96.7 69.4 5.1 FASTST M M 0 MAX(MPH)
MISC ----> # 17 150 # 22 140
================================================================================
NOTES:
# LAST OF SEVERAL OCCURRENCES
COLUMN 17 PEAK WIND IN M.P.H.
PRELIMINARY LOCAL CLIMATOLOGICAL DATA (WS FORM: F-6) , PAGE 2
STATION: VAN NUYS AIRPORT CA
MONTH: AUGUST
YEAR: 2022
LATITUDE: 34 13 N
LONGITUDE: 118 29 W
[TEMPERATURE DATA] [PRECIPITATION DATA] SYMBOLS USED IN COLUMN 16
AVERAGE MONTHLY: 83.1 TOTAL FOR MONTH: 0.00 1 = FOG OR MIST
DPTR FM NORMAL: 4.1 DPTR FM NORMAL: -0.01 2 = FOG REDUCING VISIBILITY
HIGHEST: 110 ON 31 GRTST 24HR T ON 31- 1 TO 1/4 MILE OR LESS
LOWEST: 65 ON 28,22 3 = THUNDER
SNOW, ICE PELLETS, HAIL 4 = ICE PELLETS
TOTAL MONTH: M 5 = HAIL
GRTST 24HR M ON M 6 = FREEZING RAIN OR DRIZZLE
GRTST DEPTH: M ON M 7 = DUSTSTORM OR SANDSTORM:
VSBY 1/2 MILE OR LESS
8 = SMOKE OR HAZE
[NO. OF DAYS WITH] [WEATHER - DAYS WITH] 9 = BLOWING SNOW
X = TORNADO
MAX 32 OR BELOW: 0 0.01 INCH OR MORE: 0
MAX 90 OR ABOVE: 27 0.10 INCH OR MORE: 0
MIN 32 OR BELOW: 0 0.50 INCH OR MORE: 0
MIN 0 OR BELOW: 0 1.00 INCH OR MORE: 0
[HDD (BASE 65) ]
TOTAL THIS MO. 0 CLEAR (SCALE 0-3) 30
DPTR FM NORMAL 0 PTCLDY (SCALE 4-7) 1
TOTAL FM JUL 1 0 CLOUDY (SCALE 8-10) 0
DPTR FM NORMAL 0
[CDD (BASE 65) ]
TOTAL THIS MO. 566
DPTR FM NORMAL 132 [PRESSURE DATA]
TOTAL FM JAN 1 1816 HIGHEST SLP M ON M
DPTR FM NORMAL 548 LOWEST SLP 29.67 ON 19
[REMARKS]
#FINAL-08-22#