000
CXUS52 KFFC 011110
CF6VPC
PRELIMINARY LOCAL CLIMATOLOGICAL DATA (WS FORM: F-6)
STATION: CARTERSVILLE
MONTH: JANUARY
YEAR: 2023
LATITUDE: 34 7 N
LONGITUDE: 84 51 W
TEMPERATURE IN F: :PCPN: SNOW: WIND :SUNSHINE: SKY :PK WND
================================================================================
1 2 3 4 5 6A 6B 7 8 9 10 11 12 13 14 15 16 17 18
12Z AVG MX 2MIN
DY MAX MIN AVG DEP HDD CDD WTR SNW DPTH SPD SPD DIR MIN PSBL S-S WX SPD DR
================================================================================
1 70 46 58 16 7 0 0.00 M M 1.3 7 230 M M 5 M M
2 61 45 53 11 12 0 0.22 M M 4.3 9 100 M M 6 12 100
3 72 61 67 25 0 2 0.78 M M 6.2 13 190 M M 9 1 20 190
4 68 45 57 15 8 0 2.49 M M 5.1 12 250 M M 5 1 22 250
5 59 39 49 7 16 0 0.00 M M 3.8 15 250 M M 0 18 280
6 55 34 45 3 20 0 0.00 M M 1.7 9 250 M M 0 18 270
7 59 32 46 4 19 0 0.00 M M 0.6 5 60 M M 7 M M
8 54 48 51 9 14 0 0.24 M M 2.3 7 90 M M 9 1 12 0
9 54 37 46 4 19 0 0.00 M M 3.6 8 340 M M 3 1 15 99
10 61 28 45 3 20 0 0.00 M M 1.1 7 250 M M 3 12 15 250
11 66 37 52 10 13 0 0.00 M M 3.6 12 170 M M 10 18 99
12 68 52 60 18 5 0 0.62 M M 7.4 14 280 M M 8 12 37 210
13 52 36 44 2 21 0 0.06 M M 9.6 15 310 M M 10 24 300
14 43 32 38 -3 27 0 0.00 M M 7.9 15 320 M M 5 23 320
15 54 27 41 -1 24 0 0.00 M M 1.5 6 280 M M 0 M M
16 64 27 46 4 19 0 0.00 M M 1.9 8 160 M M 2 12 150
17 64 48 56 14 9 0 0.37 M M 2.9 7 210 M M 9 12 M M
18 66 48 57 15 8 0 0.03 M M 3.3 8 160 M M 10 12 M M
19 72 55 64 22 1 0 0.01 M M 9.0 15 260 M M 5 1 22 99
20 55 39 47 5 18 0 0.00 M M 6.4 15 270 M M 0 27 280
21 55 34 45 3 20 0 0.03 M M 2.3 8 120 M M 2 15 120
22 45 39 42 0 23 0 0.93 M M 6.1 15 90 M M 10 1 21 90
23 46 30 38 -4 27 0 0.01 M M 4.9 10 300 M M 6 18 270
24 59 25 42 0 23 0 0.00 M M 3.3 14 110 M M 2 20 110
25 63 41 52 10 13 0 0.61 M M 11.7 20 100 M M 9 1 28 120
26 46 34 40 -2 25 0 0.00 M M 7.8 15 270 M M 9 24 270
27 52 28 40 -2 25 0 0.00 M M 2.9 10 250 M M 1 17 250
28 57 27 42 0 23 0 0.00 M M 0.4 6 99 M M 2 12 0
29 54 45 50 8 15 0 0.54 M M 3.9 10 90 M M 9 18 M M
30 55 48 52 9 13 0 0.35 M M 0.8 5 90 M M 10 12 13 99
31 61 52 57 14 8 0 0.16 M M 0.5 9 290 M M 10 12 13 290
================================================================================
SM 1810 1219 495 2 7.45 M 128.2 M 176
================================================================================
AV 58.4 39.3 4.1 FASTST M M 6 MAX(MPH)
MISC ----> 20 100 37 210
================================================================================
NOTES:
# LAST OF SEVERAL OCCURRENCES
COLUMN 17 PEAK WIND IN M.P.H.
PRELIMINARY LOCAL CLIMATOLOGICAL DATA (WS FORM: F-6) , PAGE 2
STATION: CARTERSVILLE
MONTH: JANUARY
YEAR: 2023
LATITUDE: 34 7 N
LONGITUDE: 84 51 W
[TEMPERATURE DATA] [PRECIPITATION DATA] SYMBOLS USED IN COLUMN 16
AVERAGE MONTHLY: 48.9 TOTAL FOR MONTH: 7.45 1 = FOG OR MIST
DPTR FM NORMAL: 7.1 DPTR FM NORMAL: 3.16 2 = FOG REDUCING VISIBILITY
HIGHEST: 72 ON 19, 3 GRTST 24HR 3.42 ON 3- 4 TO 1/4 MILE OR LESS
LOWEST: 25 ON 24 3 = THUNDER
SNOW, ICE PELLETS, HAIL 4 = ICE PELLETS
TOTAL MONTH: M 5 = HAIL
GRTST 24HR M ON M 6 = FREEZING RAIN OR DRIZZLE
GRTST DEPTH: M ON M 7 = DUSTSTORM OR SANDSTORM:
VSBY 1/2 MILE OR LESS
8 = SMOKE OR HAZE
[NO. OF DAYS WITH] [WEATHER - DAYS WITH] 9 = BLOWING SNOW
X = TORNADO
MAX 32 OR BELOW: 0 0.01 INCH OR MORE: 16
MAX 90 OR ABOVE: 0 0.10 INCH OR MORE: 11
MIN 32 OR BELOW: 9 0.50 INCH OR MORE: 6
MIN 0 OR BELOW: 0 1.00 INCH OR MORE: 1
[HDD (BASE 65) ]
TOTAL THIS MO. 495 CLEAR (SCALE 0-3) 11
DPTR FM NORMAL -224 PTCLDY (SCALE 4-7) 8
TOTAL FM JUL 1 1621 CLOUDY (SCALE 8-10) 12
DPTR FM NORMAL -343
[CDD (BASE 65) ]
TOTAL THIS MO. 2
DPTR FM NORMAL 2 [PRESSURE DATA]
TOTAL FM JAN 1 2 HIGHEST SLP M ON M
DPTR FM NORMAL 2 LOWEST SLP M ON M
[REMARKS]
#FINAL-01-23#