119
CXUS52 KMLB 010625
CF6VRB
PRELIMINARY LOCAL CLIMATOLOGICAL DATA (WS FORM: F-6)
STATION: VERO BEACH
MONTH: JULY
YEAR: 2020
LATITUDE: 27 39 N
LONGITUDE: 80 25 W
TEMPERATURE IN F: :PCPN: SNOW: WIND :SUNSHINE: SKY :PK WND
================================================================================
1 2 3 4 5 6A 6B 7 8 9 10 11 12 13 14 15 16 17 18
12Z AVG MX 2MIN
DY MAX MIN AVG DEP HDD CDD WTR SNW DPTH SPD SPD DIR MIN PSBL S-S WX SPD DR
================================================================================
1 97 73 85 4 0 20 0.41 0.0 0 7.4 31 300 M M 2 138 40 310
2 95 72 84 3 0 19 0.02 0.0 0 M 28 290 M M 1 3 37 300
3 93 76 85 4 0 20 1.74 0.0 0 5.2 21 120 M M 2 138 27 120
4 93 72 83 2 0 18 0.96 0.0 0 6.2 31 280 M M 2 13 42 290
5 91 73 82 1 0 17 3.87 0.0 0 5.7 21 130 M M 3 138 31 140
6 90 72 81 0 0 16 1.66 0.0 0 3.7 24 230 M M 2 13 30 240
7 91 74 83 2 0 18 0.00 0.0 0 5.5 17 130 M M 2 13 21 130
8 94 76 85 4 0 20 T 0.0 0 6.2 31 290 M M 1 8 43 290
9 95 76 86 4 0 21 0.00 0.0 0 7.6 16 140 M M 3 19 290
10 92 78 85 3 0 20 0.14 0.0 0 8.8 18 290 M M 3 138 25 280
11 96 75 86 4 0 21 1.97 0.0 0 8.8 21 240 M M 4 123 26 240
12 90 78 84 2 0 19 0.14 0.0 0 9.9 21 210 M M 2 38 26 120
13 96 77 87 5 0 22 0.00 0.0 0 7.7 15 250 M M 3 1 20 250
14 92 76 84 2 0 19 0.19 0.0 0 5.1 16 300 M M 2 138 21 290
15 90 74 82 0 0 17 0.00 0.0 0 4.6 14 280 M M 0 8 17 70
16 89 75 82 0 0 17 0.01 0.0 0 6.3 14 90 M M 2 19 100
17 90 77 84 2 0 19 0.18 0.0 0 8.4 20 70 M M 4 138 24 70
18 88 75 82 0 0 17 1.30 0.0 0 7.9 25 120 M M 3 138 32 120
19 89 80 85 3 0 20 0.05 0.0 0 9.8 17 70 M M 3 8 22 70
20 90 75 83 1 0 18 T 0.0 0 7.1 18 100 M M 2 3 25 100
21 88 79 84 2 0 19 T 0.0 0 11.3 24 120 M M 3 32 120
22 88 74 81 -1 0 16 0.25 0.0 0 9.8 24 100 M M 2 138 33 110
23 89 75 82 0 0 17 0.01 0.0 0 10.8 21 180 M M 2 35 150
24 89 75 82 0 0 17 T 0.0 0 10.5 20 120 M M 2 24 120
25 90 75 83 1 0 18 T 0.0 0 8.7 18 100 M M 1 25 110
26 89 73 81 -1 0 16 0.35 0.0 0 7.7 22 220 M M 2 13 34 230
27 91 71 81 -1 0 16 1.04 0.0 0 5.8 21 150 M M 2 13 26 140
28 88 74 81 -1 0 16 T 0.0 0 4.1 14 30 M M 2 19 240
29 90 75 83 1 0 18 0.00 0.0 0 4.4 13 130 M M 1 17 100
30 90 75 83 1 0 18 0.00 0.0 0 6.4 16 120 M M 1 3 20 120
31 93 79 86 4 0 21 0.00 0.0 0 7.6 15 110 M M 1 19 110
================================================================================
SM 2826 2329 0 570 14.29 0.0 219.0 M 65
================================================================================
AV 91.2 75.1 7.3 FASTST M M 2 MAX(MPH)
MISC ----> # 31 300 43 290
================================================================================
NOTES:
# LAST OF SEVERAL OCCURRENCES
COLUMN 17 PEAK WIND IN M.P.H.
PRELIMINARY LOCAL CLIMATOLOGICAL DATA (WS FORM: F-6) , PAGE 2
STATION: VERO BEACH
MONTH: JULY
YEAR: 2020
LATITUDE: 27 39 N
LONGITUDE: 80 25 W
[TEMPERATURE DATA] [PRECIPITATION DATA] SYMBOLS USED IN COLUMN 16
AVERAGE MONTHLY: 83.1 TOTAL FOR MONTH: 14.29 1 = FOG OR MIST
DPTR FM NORMAL: 1.4 DPTR FM NORMAL: 8.66 2 = FOG REDUCING VISIBILITY
HIGHEST: 97 ON 1 GRTST 24HR 3.87 ON 5- 5 TO 1/4 MILE OR LESS
LOWEST: 71 ON 27 3 = THUNDER
SNOW, ICE PELLETS, HAIL 4 = ICE PELLETS
TOTAL MONTH: 0.0 INCH 5 = HAIL
GRTST 24HR 0.0 6 = FREEZING RAIN OR DRIZZLE
GRTST DEPTH: 0 7 = DUSTSTORM OR SANDSTORM:
VSBY 1/2 MILE OR LESS
8 = SMOKE OR HAZE
[NO. OF DAYS WITH] [WEATHER - DAYS WITH] 9 = BLOWING SNOW
X = TORNADO
MAX 32 OR BELOW: 0 0.01 INCH OR MORE: 18
MAX 90 OR ABOVE: 22 0.10 INCH OR MORE: 14
MIN 32 OR BELOW: 0 0.50 INCH OR MORE: 7
MIN 0 OR BELOW: 0 1.00 INCH OR MORE: 6
[HDD (BASE 65) ]
TOTAL THIS MO. 0 CLEAR (SCALE 0-3) 27
DPTR FM NORMAL 0 PTCLDY (SCALE 4-7) 4
TOTAL FM JUL 1 0 CLOUDY (SCALE 8-10) 0
DPTR FM NORMAL 0
[CDD (BASE 65) ]
TOTAL THIS MO. 570
DPTR FM NORMAL 52 [PRESSURE DATA]
TOTAL FM JAN 1 2278 HIGHEST SLP M ON M
DPTR FM NORMAL 498 LOWEST SLP 29.86 ON 11
[REMARKS]
#FINAL-07-20#
USED MIN TEMP FROM VRBF1 ON 7/2 DUE TO ASOS FAILURE