000
CXUS51 KBTV 010700
CF6VSF
PRELIMINARY LOCAL CLIMATOLOGICAL DATA (WS FORM: F-6)
STATION: SPRINGFIELD VT
MONTH: JUNE
YEAR: 2021
LATITUDE: 43 19 N
LONGITUDE: 72 31 W
TEMPERATURE IN F: :PCPN: SNOW: WIND :SUNSHINE: SKY :PK WND
================================================================================
1 2 3 4 5 6A 6B 7 8 9 10 11 12 13 14 15 16 17 18
12Z AVG MX 2MIN
DY MAX MIN AVG DEP HDD CDD WTR SNW DPTH SPD SPD DIR MIN PSBL S-S WX SPD DR
================================================================================
1 77 43 60 0 5 0 0.00 M M 2.6 21 260 M M 3 12 27 280
2 80 42 61 1 4 0 T M M 3.7 13 160 M M 5 12 19 240
3 77 58 68 7 0 3 0.18 M M 4.6 16 180 M M 7 1 20 170
4 80 58 69 8 0 4 0.26 M M 2.2 9 230 M M 5 1 12 240
5 88 54 71 10 0 6 0.01 M M 5.1 15 270 M M 4 123 22 280
6 89 62 76 14 0 11 0.00 M M 3.5 14 250 M M 0 18 250
7 91 59 75 13 0 10 0.00 M M 2.6 15 260 M M 1 1 21 250
8 90 66 78 16 0 13 1.13 M M 1.8 13 290 M M 3 13 18 290
9 86 57 72 10 0 7 0.00 M M 2.0 12 360 M M 6 12 18 20
10 76 51 64 1 1 0 0.00 M M 1.9 9 10 M M 2 12 13 60
11 64 50 57 -6 8 0 0.04 M M 1.9 8 140 M M 7 1 13 120
12 76 54 65 2 0 0 0.22 M M 2.1 8 250 M M 5 1 11 250
13 82 50 66 2 0 1 0.00 M M 2.0 12 290 M M 2 12 17 300
14 63 55 59 -5 6 0 0.21 M M 3.8 14 160 M M 8 13 19 170
15 77 58 68 4 0 3 0.01 M M 3.9 15 280 M M 8 13 22 280
16 71 47 59 -5 6 0 0.00 M M 5.7 18 270 M M 4 24 330
17 76 42 59 -6 6 0 0.00 M M 4.1 18 280 M M 0 12 27 280
18 83 43 63 -2 2 0 T M M 3.4 15 270 M M 2 1 22 280
19 85 61 73 8 0 8 0.01 M M 5.7 18 250 M M 3 25 260
20 85 61 73 7 0 8 0.00 M M 4.6 16 280 M M 2 21 280
21 89 61 75 9 0 10 0.28 M M 7.0 21 170 M M 3 13 29 150
22 70 54 62 -4 3 0 0.07 M M 2.3 9 310 M M 9 1 15 320
23 71 45 58 -8 7 0 0.00 M M 5.1 14 270 M M 1 19 290
24 77 43 60 -7 5 0 0.00 M M 4.0 14 150 M M 3 12 19 130
25 74 48 61 -6 4 0 0.00 M M 3.5 13 150 M M 6 19 120
26 82 60 71 4 0 6 0.00 M M 4.7 15 190 M M 6 22 170
27 91 66 79 12 0 14 0.00 M M 5.8 17 250 M M 2 25 270
28 93 68 81 13 0 16 T M M 5.6 17 250 M M 1 3 24 250
29 91 68 80 12 0 15 T M M 2.5 14 280 M M 4 12 18 270
30 92 68 80 12 0 15 0.02 M M 4.5 18 280 M M 1 3 25 280
================================================================================
SM 2426 1652 57 150 2.44 M 112.2 M 113
================================================================================
AV 80.9 55.1 3.7 FASTST M M 4 MAX(MPH)
MISC ----> # 21 260 29 150
================================================================================
NOTES:
# LAST OF SEVERAL OCCURRENCES
COLUMN 17 PEAK WIND IN M.P.H.
PRELIMINARY LOCAL CLIMATOLOGICAL DATA (WS FORM: F-6) , PAGE 2
STATION: SPRINGFIELD VT
MONTH: JUNE
YEAR: 2021
LATITUDE: 43 19 N
LONGITUDE: 72 31 W
[TEMPERATURE DATA] [PRECIPITATION DATA] SYMBOLS USED IN COLUMN 16
AVERAGE MONTHLY: 68.0 TOTAL FOR MONTH: 2.44 1 = FOG OR MIST
DPTR FM NORMAL: 3.8 DPTR FM NORMAL: -1.34 2 = FOG REDUCING VISIBILITY
HIGHEST: 93 ON 28 GRTST 24HR 1.13 ON 8- 8 TO 1/4 MILE OR LESS
LOWEST: 42 ON 17, 2 3 = THUNDER
SNOW, ICE PELLETS, HAIL 4 = ICE PELLETS
TOTAL MONTH: M 5 = HAIL
GRTST 24HR M ON M 6 = FREEZING RAIN OR DRIZZLE
GRTST DEPTH: M ON M 7 = DUSTSTORM OR SANDSTORM:
VSBY 1/2 MILE OR LESS
8 = SMOKE OR HAZE
[NO. OF DAYS WITH] [WEATHER - DAYS WITH] 9 = BLOWING SNOW
X = TORNADO
MAX 32 OR BELOW: 0 0.01 INCH OR MORE: 12
MAX 90 OR ABOVE: 6 0.10 INCH OR MORE: 6
MIN 32 OR BELOW: 0 0.50 INCH OR MORE: 1
MIN 0 OR BELOW: 0 1.00 INCH OR MORE: 1
[HDD (BASE 65) ]
TOTAL THIS MO. 57 CLEAR (SCALE 0-3) 13
DPTR FM NORMAL -34 PTCLDY (SCALE 4-7) 15
TOTAL FM JUL 1 6901 CLOUDY (SCALE 8-10) 2
DPTR FM NORMAL -529
[CDD (BASE 65) ]
TOTAL THIS MO. 150
DPTR FM NORMAL 83 [PRESSURE DATA]
TOTAL FM JAN 1 183 HIGHEST SLP M ON M
DPTR FM NORMAL 102 LOWEST SLP 29.52 ON 21
[REMARKS]
#FINAL-06-21#