000
CXUS53 KLBF 011510
CF6VTN
PRELIMINARY LOCAL CLIMATOLOGICAL DATA (WS FORM: F-6)
STATION: VALENTINE
MONTH: FEBRUARY
YEAR: 2024
LATITUDE: 42 52 N
LONGITUDE: 100 33 W
TEMPERATURE IN F: :PCPN: SNOW: WIND :SUNSHINE: SKY :PK WND
================================================================================
1 2 3 4 5 6A 6B 7 8 9 10 11 12 13 14 15 16 17 18
12Z AVG MX 2MIN
DY MAX MIN AVG DEP HDD CDD WTR SNW DPTH SPD SPD DIR MIN PSBL S-S WX SPD DR
================================================================================
1 57 23 40 15 25 0 0.00 0.0 0 6.0 14 60 M M 2 12 18 60
2 39 34 37 12 28 0 0.00 0.0 0 7.0 18 160 M M 10 12 24 160
3 36 33 35 10 30 0 0.17 0.0 0 9.0 15 80 M M 10 12 20 80
4 41 33 37 12 28 0 0.16 0.0 0 3.3 10 80 M M 10 12 12 80
5 58 26 42 16 23 0 0.00 0.0 0 8.9 23 190 M M 3 12 28 220
6 62 33 48 22 17 0 0.00 0.0 0 5.7 15 170 M M 0 1 21 180
7 62 36 49 23 16 0 0.11 0.0 0 8.9 22 200 M M 6 12 28 200
8 43 30 37 11 28 0 0.11 T 0 14.5 28 300 M M 9 18 40 290
9 38 21 30 4 35 0 0.00 0.0 0 8.0 16 330 M M 3 23 330
10 32 24 28 2 37 0 0.08 0.7 0 6.0 16 350 M M 10 128 22 340
11 46 13 30 4 35 0 0.00 0.0 1 7.3 17 250 M M 3 22 240
12 48 24 36 9 29 0 0.00 0.0 0 5.3 13 230 M M 9 15 230
13 52 27 40 13 25 0 T 0.0 0 6.1 18 290 M M 5 25 270
14 36 23 30 3 35 0 0.00 0.0 0 11.0 23 10 M M 9 128 30 20
15 27 20 24 -3 41 0 0.27 2.9 0 7.4 14 40 M M 10 128 18 30
16 20 -8 6 -22 59 0 0.02 0.7 3 10.2 21 330 M M 7 18 27 330
17 33 -9 12 -16 53 0 0.00 0.0 3 11.3 20 260 M M 0 25 260
18 45 4 25 -3 40 0 0.00 0.0 2 5.5 M M M M 0 M M
19 51 27 39 11 26 0 0.00 0.0 T 10.2 24 290 M M 0 36 290
20 61 24 43 14 22 0 0.00 0.0 0 6.8 22 260 M M 1 27 270
21 60 29 45 16 20 0 0.00 0.0 0 5.9 15 260 M M 5 20 270
22 56 30 43 14 22 0 0.00 0.0 0 10.1 21 320 M M 0 30 290
23 56 27 42 12 23 0 0.00 0.0 0 10.5 32 330 M M 0 46 320
24 61 23 42 12 23 0 0.00 0.0 0 9.9 23 270 M M 0 31 280
25 66 22 44 14 21 0 0.00 0.0 0 7.2 18 280 M M 0 24 270
26 70 33 52 21 13 0 0.00 0.0 0 13.9 30 270 M M 0 8 40 270
27 53 -1 26 -5 39 0 0.10 1.8 2 18.7 32 340 M M 8 1289 47 310
28 45 -7 19 -12 46 0 0.00 0.0 1 8.0 21 230 M M 1 35 270
29 67 23 45 13 20 0 0.00 0.0 0 11.3 22 220 M M 0 30 230
================================================================================
SM 1421 617 859 0 1.02 6.1 253.9 M 121
================================================================================
AV 49.0 21.3 8.8 FASTST M M 4 MAX(MPH)
MISC ----> # 32 330 47 310
================================================================================
NOTES:
# LAST OF SEVERAL OCCURRENCES
COLUMN 17 PEAK WIND IN M.P.H.
PRELIMINARY LOCAL CLIMATOLOGICAL DATA (WS FORM: F-6) , PAGE 2
STATION: VALENTINE
MONTH: FEBRUARY
YEAR: 2024
LATITUDE: 42 52 N
LONGITUDE: 100 33 W
[TEMPERATURE DATA] [PRECIPITATION DATA] SYMBOLS USED IN COLUMN 16
AVERAGE MONTHLY: 35.1 TOTAL FOR MONTH: 1.02 1 = FOG OR MIST
DPTR FM NORMAL: 7.5 DPTR FM NORMAL: 0.41 2 = FOG REDUCING VISIBILITY
HIGHEST: 70 ON 26 GRTST 24HR 0.33 ON 3- 4 TO 1/4 MILE OR LESS
LOWEST: -9 ON 17 3 = THUNDER
SNOW, ICE PELLETS, HAIL 4 = ICE PELLETS
TOTAL MONTH: 6.1 INCHES 5 = HAIL
GRTST 24HR 2.9 ON 15-15 6 = FREEZING RAIN OR DRIZZLE
GRTST DEPTH: 3 ON 17,16 7 = DUSTSTORM OR SANDSTORM:
VSBY 1/2 MILE OR LESS
8 = SMOKE OR HAZE
[NO. OF DAYS WITH] [WEATHER - DAYS WITH] 9 = BLOWING SNOW
X = TORNADO
MAX 32 OR BELOW: 3 0.01 INCH OR MORE: 8
MAX 90 OR ABOVE: 0 0.10 INCH OR MORE: 6
MIN 32 OR BELOW: 23 0.50 INCH OR MORE: 0
MIN 0 OR BELOW: 4 1.00 INCH OR MORE: 0
[HDD (BASE 65) ]
TOTAL THIS MO. 859 CLEAR (SCALE 0-3) 16
DPTR FM NORMAL -189 PTCLDY (SCALE 4-7) 5
TOTAL FM JUL 1 4636 CLOUDY (SCALE 8-10) 8
DPTR FM NORMAL -437
[CDD (BASE 65) ]
TOTAL THIS MO. 0
DPTR FM NORMAL 0 [PRESSURE DATA]
TOTAL FM JAN 1 0 HIGHEST SLP 30.60 ON 17
DPTR FM NORMAL 0 LOWEST SLP 29.30 ON 7
[REMARKS]
#FINAL-02-24#