000
CXUS51 KAKQ 010710
CF6WAL
PRELIMINARY LOCAL CLIMATOLOGICAL DATA (WS FORM: F-6)
STATION: WALLOPS ISLAND VA
MONTH: MAY
YEAR: 2022
LATITUDE: 37 55 N
LONGITUDE: 75 28 W
TEMPERATURE IN F: :PCPN: SNOW: WIND :SUNSHINE: SKY :PK WND
================================================================================
1 2 3 4 5 6A 6B 7 8 9 10 11 12 13 14 15 16 17 18
12Z AVG MX 2MIN
DY MAX MIN AVG DEP HDD CDD WTR SNW DPTH SPD SPD DIR MIN PSBL S-S WX SPD DR
================================================================================
1 68 43 56 -4 9 0 0.18 0.0 0 6.1 15 150 M M 6 13 19 160
2 78 58 68 8 0 3 0.01 0.0 0 7.3 13 140 M M 5 13 16 200
3 60 53 57 -4 8 0 0.00 0.0 0 14.8 23 60 M M 9 1 27 60
4 77 55 66 5 0 1 T 0.0 0 6.9 14 50 M M 7 12 16 60
5 66 56 61 0 4 0 0.00 0.0 0 10.0 21 50 M M 5 1 26 50
6 65 55 60 -1 5 0 0.29 0.0 0 8.9 22 50 M M 6 13 26 60
7 60 50 55 -7 10 0 0.18 0.0 0 17.5 36 30 M M 10 1 48 40
8 50 47 49 -13 16 0 0.15 0.0 0 22.6 33 30 M M 10 1 47 30
9 62 47 55 -7 10 0 0.00 0.0 0 19.5 32 30 M M 7 44 30
10 60 52 56 -6 9 0 T 0.0 0 24.1 32 30 M M 10 1 47 50
11 58 53 56 -7 9 0 T 0.0 0 18.5 28 30 M M 8 1 38 50
12 61 52 57 -6 8 0 0.10 0.0 0 15.3 24 50 M M 10 1 32 40
13 68 55 62 -1 3 0 0.98 0.0 0 8.6 18 50 M M 10 123 22 40
14 70 58 64 0 1 0 0.20 0.0 0 5.2 13 190 M M 9 123 15 170
15 76 56 66 2 0 1 0.00 0.0 0 6.8 17 170 M M 6 128 23 170
16 76 62 69 5 0 4 0.52 0.0 0 9.8 24 190 M M 4 138 30 190
17 81 58 70 6 0 5 0.00 0.0 0 8.9 16 240 M M 1 22 300
18 72 58 65 0 0 0 T 0.0 0 9.6 16 190 M M 3 20 180
19 84 61 73 8 0 8 0.23 0.0 0 10.9 18 310 M M 4 1 25 240
20 83 67 75 10 0 10 0.00 0.0 0 11.4 22 190 M M 3 29 190
21 90 68 79 14 0 14 0.00 0.0 0 11.1 24 180 M M 0 27 190
22 85 66 76 10 0 11 T 0.0 0 10.3 20 310 M M 1 29 320
23 73 62 68 2 0 3 T 0.0 0 9.2 18 70 M M 5 23 50
24 63 55 59 -7 6 0 0.83 0.0 0 18.0 28 60 M M 10 1 35 60
25 66 59 63 -3 2 0 0.00 0.0 0 17.2 25 50 M M 10 1 32 50
26 68 60 64 -3 1 0 0.06 0.0 0 6.8 14 70 M M 10 128 17 60
27 73 61 67 0 0 2 0.24 0.0 0 10.6 23 190 M M 8 123 29 220
28 79 65 72 5 0 7 T 0.0 0 7.9 17 260 M M 2 23 250
29 78 61 70 2 0 5 0.00 0.0 0 6.0 12 140 M M 2 14 180
30 80 63 72 4 0 7 0.00 0.0 0 9.0 17 190 M M 0 22 200
31 91 69 80 12 0 15 0.00 0.0 0 6.4 13 180 M M 1 21 190
================================================================================
SM 2221 1785 101 96 3.97 0.0 355.2 M 182
================================================================================
AV 71.6 57.6 11.5 FASTST M M 6 MAX(MPH)
MISC ----> 36 30 48 40
================================================================================
NOTES:
# LAST OF SEVERAL OCCURRENCES
COLUMN 17 PEAK WIND IN M.P.H.
PRELIMINARY LOCAL CLIMATOLOGICAL DATA (WS FORM: F-6) , PAGE 2
STATION: WALLOPS ISLAND VA
MONTH: MAY
YEAR: 2022
LATITUDE: 37 55 N
LONGITUDE: 75 28 W
[TEMPERATURE DATA] [PRECIPITATION DATA] SYMBOLS USED IN COLUMN 16
AVERAGE MONTHLY: 64.6 TOTAL FOR MONTH: 3.97 1 = FOG OR MIST
DPTR FM NORMAL: 0.5 DPTR FM NORMAL: 0.77 2 = FOG REDUCING VISIBILITY
HIGHEST: 91 ON 31 GRTST 24HR 1.04 ON 12-13 TO 1/4 MILE OR LESS
LOWEST: 43 ON 1 3 = THUNDER
SNOW, ICE PELLETS, HAIL 4 = ICE PELLETS
TOTAL MONTH: 0.0 INCH 5 = HAIL
GRTST 24HR 0.0 6 = FREEZING RAIN OR DRIZZLE
GRTST DEPTH: 0 7 = DUSTSTORM OR SANDSTORM:
VSBY 1/2 MILE OR LESS
8 = SMOKE OR HAZE
[NO. OF DAYS WITH] [WEATHER - DAYS WITH] 9 = BLOWING SNOW
X = TORNADO
MAX 32 OR BELOW: 0 0.01 INCH OR MORE: 13
MAX 90 OR ABOVE: 2 0.10 INCH OR MORE: 11
MIN 32 OR BELOW: 0 0.50 INCH OR MORE: 3
MIN 0 OR BELOW: 0 1.00 INCH OR MORE: 0
[HDD (BASE 65) ]
TOTAL THIS MO. 101 CLEAR (SCALE 0-3) 9
DPTR FM NORMAL -9 PTCLDY (SCALE 4-7) 12
TOTAL FM JUL 1 3609 CLOUDY (SCALE 8-10) 10
DPTR FM NORMAL -339
[CDD (BASE 65) ]
TOTAL THIS MO. 96
DPTR FM NORMAL 14 [PRESSURE DATA]
TOTAL FM JAN 1 110 HIGHEST SLP M ON M
DPTR FM NORMAL 13 LOWEST SLP 29.48 ON 7
[REMARKS]
#FINAL-05-22#