000
CXUS55 KLKN 021817
CLMWMC
CLIMATE REPORT
NATIONAL WEATHER SERVICE ELKO, NV
1017 AM PST SAT DEC 02 2023
...................................
...THE WINNEMUCCA AIRPORT NV CLIMATE SUMMARY FOR THE MONTH OF NOVEMBER 2023...
CLIMATE NORMAL PERIOD 1991 TO 2020
CLIMATE RECORD PERIOD 1877 TO 2023
WEATHER OBSERVED NORMAL DEPART LAST YEAR`S
VALUE DATE(S) VALUE FROM VALUE DATE(S)
NORMAL
................................................................
TEMPERATURE (F)
RECORD
HIGH 77 11/04/2020
11/02/2020
11/05/1980
LOW -10 11/25/2010
HIGHEST 73 11/04 68 5 66 11/01
LOWEST 10 11/09 6 4 -1 11/20
11/28
11/29
AVG. MAXIMUM 55.3 53.8 1.5 46.4
AVG. MINIMUM 22.0 23.4 -1.4 16.8
MEAN 38.6 38.6 0.0 31.6
DAYS MAX >= 90 0 0.0 0.0 0
DAYS MAX <= 32 0 0.9 -0.9 1
DAYS MIN <= 32 28 25.3 2.7 29
DAYS MIN <= 0 0 0.4 -0.4 1
PRECIPITATION (INCHES)
RECORD
MAXIMUM 3.78 1885
MINIMUM 0.00 1929
TOTALS 0.50 0.76 -0.26 0.51
DAILY AVG. 0.02 0.03 -0.01 0.02
DAYS >= .01 6 6.4 -0.4 8
DAYS >= .10 2 2.5 -0.5 2
DAYS >= .50 0 0.2 -0.2 0
DAYS >= 1.00 0 0.0 0.0 0
GREATEST
24 HR. TOTAL 0.18 11/16 TO 11/16 0.18
11/23 TO 11/23
SNOWFALL (INCHES)
RECORDS
TOTAL 19.6 1985
TOTALS T 2.6 -2.6 2.3
SINCE 7/1 T 3.1 -3.1 MM
SNOWDEPTH AVG. 0 -1
DAYS >= TRACE 2 2.2 -0.2 6
DAYS >= 1.0 0 0.8 -0.8 1
DAYS >= 1.0 0 1
GREATEST
SNOW DEPTH 0 MM
24 HR TOTAL MM MM
DEGREE DAYS
HEATING TOTAL 784 792 -8 997
SINCE 7/1 1358 1429 -71 MM
COOLING TOTAL 0 0 0 0
SINCE 1/1 678 683 -5 MM
................................................................
WIND (MPH)
AVERAGE WIND SPEED 5.1
HIGHEST WIND SPEED/DIRECTION 31/290 DATE 11/19
HIGHEST GUST SPEED/DIRECTION 43/290 DATE 11/19
AVERAGE RH (PERCENT) 54
WEATHER CONDITIONS. NUMBER OF DAYS WITH
THUNDERSTORM 0 MIXED PRECIP 0
HEAVY RAIN 0 RAIN 1
LIGHT RAIN 8 FREEZING RAIN 0
LT FREEZING RAIN 0 HAIL 0
HEAVY SNOW 0 SNOW 0
LIGHT SNOW 5 SLEET 0
FOG 2 FOG W/VIS <= 1/4 MILE 0
HAZE 0
- INDICATES NEGATIVE NUMBERS.
R INDICATES RECORD WAS SET OR TIED.
MM INDICATES DATA IS MISSING.
T INDICATES TRACE AMOUNT.
=====================================================================
...NOVEMBER 2023 IN WINNEMUCCA WAS WETTER THAN NORMAL...
$$