000
CXAK56 PAJK 011809
CF6YAK
PRELIMINARY LOCAL CLIMATOLOGICAL DATA (WS FORM: F-6)
STATION: YAKUTAT
MONTH: JULY
YEAR: 2022
LATITUDE: 59 31 N
LONGITUDE: 139 40 W
TEMPERATURE IN F: :PCPN: SNOW: WIND :SUNSHINE: SKY :PK WND
================================================================================
1 2 3 4 5 6A 6B 7 8 9 10 11 12 13 14 15 16 17 18
12Z AVG MX 2MIN
DY MAX MIN AVG DEP HDD CDD WTR SNW DPTH SPD SPD DIR MIN PSBL S-S WX SPD DR
================================================================================
1 59 52 56 2 9 0 0.00 M M 4.9 14 270 M M 9 18 270
2 65 53 59 5 6 0 0.00 M M 4.4 8 220 M M 4 M M
3 68 45 57 3 8 0 0.00 M M 3.9 12 230 M M 2 12 14 240
4 67 45 56 2 9 0 0.00 M M 5.7 14 220 M M 1 17 220
5 62 52 57 2 8 0 0.00 M M 7.4 15 230 M M 7 1 18 230
6 60 55 58 3 7 0 0.00 M M 3.1 9 230 M M 10 M M
7 63 54 59 4 6 0 0.00 M M 4.2 13 200 M M 10 15 200
8 63 54 59 4 6 0 T M M 7.5 16 120 M M 10 18 23 160
9 61 54 58 3 7 0 0.02 M M 6.4 15 110 M M 10 1 21 110
10 61 50 56 1 9 0 T M M 5.3 15 160 M M 8 1 20 170
11 59 51 55 0 10 0 0.03 M M 7.5 21 120 M M 9 29 130
12 57 51 54 -1 11 0 0.24 M M 5.0 10 220 M M 10 1 13 210
13 59 50 55 0 10 0 0.10 M M 4.4 10 10 M M 10 1 14 70
14 65 50 58 3 7 0 0.00 M M 6.4 14 300 M M 3 18 290
15 63 49 56 0 9 0 0.00 M M 5.0 14 240 M M 4 17 240
16 57 54 56 0 9 0 0.82 M M 5.4 13 130 M M 10 1 20 130
17 56 53 55 -1 10 0 1.16 M M 11.7 24 120 M M 10 1 36 120
18 61 53 57 1 8 0 0.05 M M 5.0 15 220 M M 10 1 18 220
19 57 52 55 -1 10 0 0.19 M M 5.4 12 140 M M 10 1 19 120
20 57 50 54 -2 11 0 0.61 M M 6.4 14 80 M M 10 1 19 80
21 58 50 54 -2 11 0 0.19 M M 5.7 14 100 M M 10 18 19 140
22 54 51 53 -3 12 0 1.81 M M 8.6 16 120 M M 10 1 22 120
23 60 50 55 -1 10 0 0.05 M M 5.2 10 110 M M 10 17 110
24 57 50 54 -2 11 0 0.88 M M 8.4 13 70 M M 10 1 19 70
25 57 53 55 -1 10 0 0.98 M M 8.5 15 130 M M 10 1 22 120
26 60 54 57 1 8 0 0.31 M M 5.8 15 270 M M 10 1 20 270
27 55 52 54 -2 11 0 1.04 M M 8.1 15 80 M M 10 1 21 80
28 62 53 58 2 7 0 0.01 M M 7.0 16 120 M M 10 1 24 130
29 64 56 60 4 5 0 0.04 M M 4.5 10 160 M M 10 1 14 150
30 59 56 58 2 7 0 0.57 M M 3.8 10 70 M M 10 1 13 150
31 63 54 59 3 6 0 0.17 M M 4.7 9 240 M M 10 1 12 230
================================================================================
SM 1869 1606 268 0 9.27 M 185.3 M 267
================================================================================
AV 60.3 51.8 6.0 FASTST M M 9 MAX(MPH)
MISC ----> 24 120 36 120
================================================================================
NOTES:
# LAST OF SEVERAL OCCURRENCES
COLUMN 17 PEAK WIND IN M.P.H.
PRELIMINARY LOCAL CLIMATOLOGICAL DATA (WS FORM: F-6) , PAGE 2
STATION: YAKUTAT
MONTH: JULY
YEAR: 2022
LATITUDE: 59 31 N
LONGITUDE: 139 40 W
[TEMPERATURE DATA] [PRECIPITATION DATA] SYMBOLS USED IN COLUMN 16
AVERAGE MONTHLY: 56.0 TOTAL FOR MONTH: 9.27 1 = FOG OR MIST
DPTR FM NORMAL: 0.6 DPTR FM NORMAL: 1.64 2 = FOG REDUCING VISIBILITY
HIGHEST: 68 ON 3 GRTST 24HR 1.97 ON 21-22 TO 1/4 MILE OR LESS
LOWEST: 45 ON 4, 3 3 = THUNDER
SNOW, ICE PELLETS, HAIL 4 = ICE PELLETS
TOTAL MONTH: M 5 = HAIL
GRTST 24HR M ON M 6 = FREEZING RAIN OR DRIZZLE
GRTST DEPTH: M ON M 7 = DUSTSTORM OR SANDSTORM:
VSBY 1/2 MILE OR LESS
8 = SMOKE OR HAZE
[NO. OF DAYS WITH] [WEATHER - DAYS WITH] 9 = BLOWING SNOW
X = TORNADO
MAX 32 OR BELOW: 0 0.01 INCH OR MORE: 20
MAX 90 OR ABOVE: 0 0.10 INCH OR MORE: 14
MIN 32 OR BELOW: 0 0.50 INCH OR MORE: 8
MIN 0 OR BELOW: 0 1.00 INCH OR MORE: 3
[HDD (BASE 65) ]
TOTAL THIS MO. 268 CLEAR (SCALE 0-3) 3
DPTR FM NORMAL -30 PTCLDY (SCALE 4-7) 4
TOTAL FM JUL 1 268 CLOUDY (SCALE 8-10) 24
DPTR FM NORMAL -30
[CDD (BASE 65) ]
TOTAL THIS MO. 0
DPTR FM NORMAL 0 [PRESSURE DATA]
TOTAL FM JAN 1 0 HIGHEST SLP 30.27 ON 26
DPTR FM NORMAL 0 LOWEST SLP 29.68 ON 11
[REMARKS]
#FINAL-07-22#