000
CXUS55 KBOU 180900
CF6AKO
PRELIMINARY LOCAL CLIMATOLOGICAL DATA (WS FORM: F-6)

                                          STATION:   AKRON CO
                                          MONTH:     APRIL
                                          YEAR:      2018
                                          LATITUDE:   40 10 N
                                          LONGITUDE: 103 13 W

  TEMPERATURE IN F:       :PCPN:    SNOW:  WIND      :SUNSHINE: SKY     :PK WND
================================================================================
1   2   3   4   5  6A  6B    7    8   9   10  11  12  13   14  15   16   17  18
                                     12Z  AVG MX 2MIN
DY MAX MIN AVG DEP HDD CDD  WTR  SNW DPTH SPD SPD DIR MIN PSBL S-S WX    SPD DR
================================================================================

 1  51  20  36  -7  29   0    T    M    M 14.9 24 150   M    M   5        31 150
 2  74  26  50   7  15   0    T    M    M 12.3 31  20   M    M   2        41 360
 3  47  19  33 -10  32   0 0.00    M    M 21.6 40 330   M    M   1        53 330
 4  62  21  42  -2  23   0 0.00    M    M  8.5 17 280   M    M   3        25 270
 5  68  29  49   5  16   0 0.00    M    M  7.8 23  50   M    M   3        29  60
 6  40  15  28 -16  37   0 0.02    M    M 15.4 25  80   M    M   9 126    33  70
 7  51  15  33 -11  32   0 0.00    M    M 15.5 30 190   M    M   5        41 190
 8  65  41  53   8  12   0 0.01    M    M 18.1 32 320   M    M   6        44 360
 9  55  35  45   0  20   0 0.04    M    M  9.1 20 360   M    M   7 1      26 350
10  70  34  52   7  13   0 0.00    M    M 10.7 18 220   M    M   0        25 220
11  80  48  64  19   1   0 0.00    M    M 10.2 21 320   M    M   0        29 310
12  64  37  51   5  14   0 0.00    M    M 17.4 38 340   M    M   1        49 320
13   M   M   M   M   M   M 0.20    M    M 29.6 43 330   M    M  10 12     54 330
14  43  27  35 -11  30   0 0.00    M    M 18.8 41 330   M    M   1 1      54 330
15  50  31  41  -6  24   0 0.00    M    M 11.8 17 150   M    M   0        22 160
16  63  29  46  -1  19   0 0.00    M    M 16.9 26 130   M    M   0        34 140
17  77  30  54   7  11   0 0.00    M    M 23.1 60 320   M    M   2 8      78 320
================================================================================
SM  960  457       328   0  0.27    M    261.7          M       55
================================================================================
AV 60.0 28.6                              15.4 FASTST   M    M   3    MAX(MPH)
                                 MISC ---->  # 60 320               # 78  320
================================================================================
NOTES:
# LAST OF SEVERAL OCCURRENCES

COLUMN 17 PEAK WIND IN M.P.H.

PRELIMINARY LOCAL CLIMATOLOGICAL DATA (WS FORM: F-6) , PAGE 2

                                          STATION:  AKRON CO
                                          MONTH:    APRIL
                                          YEAR:     2018
                                          LATITUDE:   40 10 N
                                          LONGITUDE: 103 13 W

[TEMPERATURE DATA]      [PRECIPITATION DATA]       SYMBOLS USED IN COLUMN 16

AVERAGE MONTHLY: 44.3   TOTAL FOR MONTH:   0.27    1 = FOG OR MIST
DPTR FM NORMAL:  -0.7   DPTR FM NORMAL:   -0.52    2 = FOG REDUCING VISIBILITY
HIGHEST:    80 ON 11    GRTST 24HR  0.20 ON 13-13      TO 1/4 MILE OR LESS
LOWEST:     15 ON  7, 6                            3 = THUNDER
                        SNOW, ICE PELLETS, HAIL    4 = ICE PELLETS
                        TOTAL MONTH:    M          5 = HAIL
                        GRTST 24HR    M  ON   M    6 = FREEZING RAIN OR DRIZZLE
                        GRTST DEPTH:  M  ON   M    7 = DUSTSTORM OR SANDSTORM:
                                                       VSBY 1/2 MILE OR LESS
                                                   8 = SMOKE OR HAZE
[NO. OF DAYS WITH]      [WEATHER - DAYS WITH]      9 = BLOWING SNOW
                                                   X = TORNADO
MAX 32 OR BELOW:   0    0.01 INCH OR MORE:   4
MAX 90 OR ABOVE:   0    0.10 INCH OR MORE:   1
MIN 32 OR BELOW:  11    0.50 INCH OR MORE:   0
MIN  0 OR BELOW:   0    1.00 INCH OR MORE:   0

[HDD (BASE 65) ]
TOTAL THIS MO.   328    CLEAR  (SCALE 0-3)  11
DPTR FM NORMAL   -13    PTCLDY (SCALE 4-7)   4
TOTAL FM JUL 1  5420    CLOUDY (SCALE 8-10)  2
DPTR FM NORMAL  -372

[CDD (BASE 65) ]
TOTAL THIS MO.     0
DPTR FM NORMAL     0    [PRESSURE DATA]
TOTAL FM JAN 1     0    HIGHEST SLP M ON M
DPTR FM NORMAL     0    LOWEST  SLP 29.14 ON 12

[REMARKS]
