000
CXUS53 KGID 230730
CF6AUH
PRELIMINARY LOCAL CLIMATOLOGICAL DATA (WS FORM: F-6)

                                          STATION:   AURORA
                                          MONTH:     APRIL
                                          YEAR:      2018
                                          LATITUDE:   40 54 N
                                          LONGITUDE:  97 59 W

  TEMPERATURE IN F:       :PCPN:    SNOW:  WIND      :SUNSHINE: SKY     :PK WND
================================================================================
1   2   3   4   5  6A  6B    7    8   9   10  11  12  13   14  15   16   17  18
                                     12Z  AVG MX 2MIN
DY MAX MIN AVG DEP HDD CDD  WTR  SNW DPTH SPD SPD DIR MIN PSBL S-S WX    SPD DR
================================================================================

 1  28  20  24 -21  41   0    M    M    M  5.7 12  10   M    M   9        18 350
 2  35  19  27 -18  38   0 0.00    M    M 14.0 24 160   M    M   8 1      32 160
 3  35  16  26 -20  39   0    T    M    M 19.9 32 340   M    M   6 1      39 320
 4  49  12  31 -15  34   0 0.00    M    M 10.0 16 150   M    M   2        24 180
 5  60  26  43  -3  22   0 0.00    M    M  8.5 21  20   M    M   2        25  20
 6  37  11  24 -23  41   0    M    M    M 16.0 27  20   M    M   7        33  20
 7  38   6  22 -25  43   0 0.00    M    M  5.0 10 170   M    M   0         M  M
 8  59  30  45  -3  20   0 0.00    M    M 17.5 29 320   M    M   5        37 320
 9  37  24  31 -17  34   0    T    M    M  9.8 15 350   M    M   6        20 350
10  68  22  45  -3  20   0 0.00    M    M  8.4 15 220   M    M   2        21 210
11  78  44  61  12   4   0 0.00    M    M 10.6 18 190   M    M   0        24 190
12  69  36  53   4  12   0 0.00    M    M 16.9 24  80   M    M   0 1      30 100
13  54  34  44  -5  21   0 0.09    M    M 21.7 30  20   M    M   8 1      37  20
14  34  23  29 -21  36   0    M    M    M 24.3 33 350   M    M  10        46 350
15  31  22  27 -23  38   0    T    M    M 20.5 29 350   M    M  10        36 350
16  49  27  38 -12  27   0 0.00    M    M  6.9 14 350   M    M   1         M  M
17  58  30  44  -7  21   0    T    M    M 16.2 24 110   M    M   1 3      32  50
18  44  30  37 -14  28   0 0.07    M    M 18.8 30 320   M    M   8        38 340
19  58  26  42 -10  23   0 0.00    M    M  6.3  9 110   M    M   0         M  M
20  59  32  46  -6  19   0 0.05    M    M  9.7 18 150   M    M   4        28 140
21  46  41  44  -8  21   0 0.10    M    M  4.5 15 110   M    M  10        23 110
22  67  36  52  -1  13   0 0.00    M    M  7.5 14  30   M    M   4 1      17  90
================================================================================
SM 1093  567       595   0  0.31    M    278.7          M      103
================================================================================
AV 49.7 25.8                              12.7 FASTST   M    M   5    MAX(MPH)
                                 MISC ---->  # 33 350               # 46  350
================================================================================
NOTES:
# LAST OF SEVERAL OCCURRENCES

COLUMN 17 PEAK WIND IN M.P.H.

PRELIMINARY LOCAL CLIMATOLOGICAL DATA (WS FORM: F-6) , PAGE 2

                                          STATION:  AURORA
                                          MONTH:    APRIL
                                          YEAR:     2018
                                          LATITUDE:   40 54 N
                                          LONGITUDE:  97 59 W

[TEMPERATURE DATA]      [PRECIPITATION DATA]       SYMBOLS USED IN COLUMN 16

AVERAGE MONTHLY: 37.7   TOTAL FOR MONTH:   0.31    1 = FOG OR MIST
DPTR FM NORMAL: -11.1   DPTR FM NORMAL:   -1.62    2 = FOG REDUCING VISIBILITY
HIGHEST:    78 ON 11    GRTST 24HR  0.10 ON 21-21      TO 1/4 MILE OR LESS
LOWEST:      6 ON  7                               3 = THUNDER
                        SNOW, ICE PELLETS, HAIL    4 = ICE PELLETS
                        TOTAL MONTH:    M          5 = HAIL
                        GRTST 24HR    M  ON   M    6 = FREEZING RAIN OR DRIZZLE
                        GRTST DEPTH:  M  ON   M    7 = DUSTSTORM OR SANDSTORM:
                                                       VSBY 1/2 MILE OR LESS
                                                   8 = SMOKE OR HAZE
[NO. OF DAYS WITH]      [WEATHER - DAYS WITH]      9 = BLOWING SNOW
                                                   X = TORNADO
MAX 32 OR BELOW:   2    0.01 INCH OR MORE:   4
MAX 90 OR ABOVE:   0    0.10 INCH OR MORE:   1
MIN 32 OR BELOW:  17    0.50 INCH OR MORE:   0
MIN  0 OR BELOW:   0    1.00 INCH OR MORE:   0

[HDD (BASE 65) ]
TOTAL THIS MO.   595    CLEAR  (SCALE 0-3)   9
DPTR FM NORMAL   234    PTCLDY (SCALE 4-7)   9
TOTAL FM JUL 1  6215    CLOUDY (SCALE 8-10)  4
DPTR FM NORMAL   254

[CDD (BASE 65) ]
TOTAL THIS MO.     0
DPTR FM NORMAL    -2    [PRESSURE DATA]
TOTAL FM JAN 1     0    HIGHEST SLP M ON M
DPTR FM NORMAL    -3    LOWEST  SLP M ON M

[REMARKS]
