000
CXAK56 PAFC 221151
CF6BET
PRELIMINARY LOCAL CLIMATOLOGICAL DATA (WS FORM: F-6)
STATION: BETHEL
MONTH: APRIL
YEAR: 2024
LATITUDE: 60 46 N
LONGITUDE: 161 48 W
TEMPERATURE IN F: :PCPN: SNOW: WIND :SUNSHINE: SKY :PK WND
================================================================================
1 2 3 4 5 6A 6B 7 8 9 10 11 12 13 14 15 16 17 18
12Z AVG MX 2MIN
DY MAX MIN AVG DEP HDD CDD WTR SNW DPTH SPD SPD DIR MIN PSBL S-S WX SPD DR
================================================================================
1 2 -6 -2 -21 67 0 0.00 M M 17.8 26 300 M M 5 18 36 300
2 24 -12 6 -14 59 0 M M M 10.3 36 180 M M 4 189 44 170
3 35 22 29 8 36 0 M M M 20.7 37 180 M M 9 189 46 180
4 34 30 32 11 33 0 0.02 M M 22.1 35 210 M M 10 1 43 170
5 32 28 30 8 35 0 0.04 M M 11.5 21 200 M M 10 18 25 190
6 37 19 28 5 37 0 0.00 M M 11.9 22 60 M M 3 28 70
7 31 12 22 -1 43 0 0.00 M M 17.3 26 320 M M 4 37 320
8 12 -1 6 -18 59 0 0.00 M M 20.5 30 320 M M 4 18 40 320
9 10 -4 3 -22 62 0 0.00 M M 13.5 23 320 M M 0 32 320
10 32 -1 16 -10 49 0 0.07 M M 26.0 43 170 M M 5 1268 57 170
11 33 32 33 7 32 0 0.10 M M 29.0 39 180 M M 10 1 50 170
12 32 14 23 -4 42 0 T M M 16.6 28 240 M M 7 168 36 250
13 29 10 20 -8 45 0 T M M 10.9 18 290 M M 5 1 25 290
14 32 24 28 0 37 0 0.00 M M 9.2 13 210 M M 9 16 230
15 34 25 30 1 35 0 T M M 23.5 49 160 M M 7 1 68 170
16 36 32 34 4 31 0 0.03 M M 20.0 41 170 M M 10 1 53 170
17 37 32 35 5 30 0 0.08 M M 11.7 21 40 M M 10 1 27 40
18 39 30 35 4 30 0 0.09 M M 9.9 18 330 M M 10 1 26 300
19 45 35 40 8 25 0 0.00 M M 10.2 18 90 M M 7 25 90
20 44 35 40 8 25 0 0.00 M M 7.7 15 80 M M 7 21 90
21 44 29 37 4 28 0 0.00 M M 5.0 10 240 M M 5 13 240
================================================================================
SM 654 385 840 0 0.43 M 325.3 M 141
================================================================================
AV 31.1 18.3 15.5 FASTST M M 7 MAX(MPH)
MISC ----> 49 160 68 170
================================================================================
NOTES:
# LAST OF SEVERAL OCCURRENCES
COLUMN 17 PEAK WIND IN M.P.H.
PRELIMINARY LOCAL CLIMATOLOGICAL DATA (WS FORM: F-6) , PAGE 2
STATION: BETHEL
MONTH: APRIL
YEAR: 2024
LATITUDE: 60 46 N
LONGITUDE: 161 48 W
[TEMPERATURE DATA] [PRECIPITATION DATA] SYMBOLS USED IN COLUMN 16
AVERAGE MONTHLY: 24.7 TOTAL FOR MONTH: 0.43 1 = FOG OR MIST
DPTR FM NORMAL: -1.5 DPTR FM NORMAL: -0.11 2 = FOG REDUCING VISIBILITY
HIGHEST: 45 ON 19 GRTST 24HR 1.78 ON 2- 3 TO 1/4 MILE OR LESS
LOWEST: -12 ON 2 3 = THUNDER
SNOW, ICE PELLETS, HAIL 4 = ICE PELLETS
TOTAL MONTH: M 5 = HAIL
GRTST 24HR M ON M 6 = FREEZING RAIN OR DRIZZLE
GRTST DEPTH: M ON M 7 = DUSTSTORM OR SANDSTORM:
VSBY 1/2 MILE OR LESS
8 = SMOKE OR HAZE
[NO. OF DAYS WITH] [WEATHER - DAYS WITH] 9 = BLOWING SNOW
X = TORNADO
MAX 32 OR BELOW: 10 0.01 INCH OR MORE: 7
MAX 90 OR ABOVE: 0 0.10 INCH OR MORE: 1
MIN 32 OR BELOW: 19 0.50 INCH OR MORE: 0
MIN 0 OR BELOW: 5 1.00 INCH OR MORE: 0
[HDD (BASE 65) ]
TOTAL THIS MO. 840 CLEAR (SCALE 0-3) 2
DPTR FM NORMAL 24 PTCLDY (SCALE 4-7) 11
TOTAL FM JUL 1 10726 CLOUDY (SCALE 8-10) 8
DPTR FM NORMAL -204
[CDD (BASE 65) ]
TOTAL THIS MO. 0
DPTR FM NORMAL 0 [PRESSURE DATA]
TOTAL FM JAN 1 0 HIGHEST SLP M ON M
DPTR FM NORMAL 0 LOWEST SLP 29.19 ON 11
[REMARKS]