000
CXUS55 KGJT 230910
CF6CNY
PRELIMINARY LOCAL CLIMATOLOGICAL DATA (WS FORM: F-6)
STATION: CANYONLANDS AIRPORT UT
MONTH: APRIL
YEAR: 2024
LATITUDE: 38 46 N
LONGITUDE: 109 45 W
TEMPERATURE IN F: :PCPN: SNOW: WIND :SUNSHINE: SKY :PK WND
================================================================================
1 2 3 4 5 6A 6B 7 8 9 10 11 12 13 14 15 16 17 18
12Z AVG MX 2MIN
DY MAX MIN AVG DEP HDD CDD WTR SNW DPTH SPD SPD DIR MIN PSBL S-S WX SPD DR
================================================================================
1 60 32 46 -4 19 0 0.00 M M 6.8 28 30 M M 7 38 20
2 62 33 48 -2 17 0 0.00 M M 6.4 21 80 M M 1 25 80
3 70 29 50 0 15 0 0.00 M M 2.5 9 280 M M 0 15 310
4 76 39 58 7 7 0 0.00 M M 10.8 26 190 M M 0 41 210
5 71 45 58 7 7 0 0.00 M M 23.0 44 180 M M 3 8 59 180
6 52 33 43 -8 22 0 0.00 M M 16.3 38 300 M M 2 48 300
7 55 23 39 -12 26 0 0.00 M M 7.7 20 260 M M 0 26 290
8 59 25 42 -9 23 0 0.00 M M 6.0 14 30 M M 1 22 20
9 63 25 44 -8 21 0 0.00 M M 6.5 22 290 M M 0 28 280
10 68 32 50 -2 15 0 0.00 M M 6.2 16 280 M M 0 20 280
11 71 33 52 0 13 0 0.00 M M 1.7 14 300 M M 0 21 310
12 79 42 61 9 4 0 0.00 M M 8.4 28 190 M M 0 41 190
13 76 47 62 10 3 0 0.00 M M 7.0 21 220 M M 0 26 220
14 76 43 60 7 5 0 0.00 M M 8.9 23 200 M M 0 32 190
15 56 43 50 -3 15 0 T M M 10.5 26 270 M M 5 35 130
16 70 36 53 0 12 0 0.00 M M 6.5 20 280 M M 0 27 250
17 78 42 60 7 5 0 0.00 M M 9.1 29 280 M M 0 42 290
18 74 49 62 9 3 0 0.00 M M 7.2 18 310 M M 2 24 280
19 75 43 59 5 6 0 T M M 7.0 22 320 M M 2 34 310
20 76 44 60 6 5 0 T M M 8.8 18 360 M M 1 29 320
21 77 39 58 4 7 0 0.00 M M 3.0 15 320 M M 0 8 20 260
22 83 43 63 9 2 0 0.00 M M 5.8 17 270 M M 0 27 270
================================================================================
SM 1527 820 252 0 T M 176.1 M 24
================================================================================
AV 69.4 37.3 8.0 FASTST M M 1 MAX(MPH)
MISC ----> 44 180 59 180
================================================================================
NOTES:
# LAST OF SEVERAL OCCURRENCES
COLUMN 17 PEAK WIND IN M.P.H.
PRELIMINARY LOCAL CLIMATOLOGICAL DATA (WS FORM: F-6) , PAGE 2
STATION: CANYONLANDS AIRPORT UT
MONTH: APRIL
YEAR: 2024
LATITUDE: 38 46 N
LONGITUDE: 109 45 W
[TEMPERATURE DATA] [PRECIPITATION DATA] SYMBOLS USED IN COLUMN 16
AVERAGE MONTHLY: 53.3 TOTAL FOR MONTH: T 1 = FOG OR MIST
DPTR FM NORMAL: 1.3 DPTR FM NORMAL: -0.35 2 = FOG REDUCING VISIBILITY
HIGHEST: 83 ON 22 GRTST 24HR T ON 15-15 TO 1/4 MILE OR LESS
LOWEST: 23 ON 7 3 = THUNDER
SNOW, ICE PELLETS, HAIL 4 = ICE PELLETS
TOTAL MONTH: M 5 = HAIL
GRTST 24HR M ON M 6 = FREEZING RAIN OR DRIZZLE
GRTST DEPTH: M ON M 7 = DUSTSTORM OR SANDSTORM:
VSBY 1/2 MILE OR LESS
8 = SMOKE OR HAZE
[NO. OF DAYS WITH] [WEATHER - DAYS WITH] 9 = BLOWING SNOW
X = TORNADO
MAX 32 OR BELOW: 0 0.01 INCH OR MORE: 0
MAX 90 OR ABOVE: 0 0.10 INCH OR MORE: 0
MIN 32 OR BELOW: 6 0.50 INCH OR MORE: 0
MIN 0 OR BELOW: 0 1.00 INCH OR MORE: 0
[HDD (BASE 65) ]
TOTAL THIS MO. 252 CLEAR (SCALE 0-3) 19
DPTR FM NORMAL -31 PTCLDY (SCALE 4-7) 3
TOTAL FM JUL 1 4624 CLOUDY (SCALE 8-10) 0
DPTR FM NORMAL -524
[CDD (BASE 65) ]
TOTAL THIS MO. 0
DPTR FM NORMAL 0 [PRESSURE DATA]
TOTAL FM JAN 1 0 HIGHEST SLP M ON M
DPTR FM NORMAL 0 LOWEST SLP 29.32 ON 5
[REMARKS]