923
CXUS54 KFWD 230730
CF6CRS
PRELIMINARY LOCAL CLIMATOLOGICAL DATA (WS FORM: F-6)

                                          STATION:   CORSICANA
                                          MONTH:     MAY
                                          YEAR:      2018
                                          LATITUDE:   32  1 N
                                          LONGITUDE:  96 24 W

  TEMPERATURE IN F:       :PCPN:    SNOW:  WIND      :SUNSHINE: SKY     :PK WND
================================================================================
1   2   3   4   5  6A  6B    7    8   9   10  11  12  13   14  15   16   17  18
                                     12Z  AVG MX 2MIN
DY MAX MIN AVG DEP HDD CDD  WTR  SNW DPTH SPD SPD DIR MIN PSBL S-S WX    SPD DR
================================================================================

 1  80  67  74   4   0   9 0.00  0.0    0 14.2 23 150   M    M  10        30 150
 2  86  71  79   9   0  14 0.00  0.0    0 16.0 26 150   M    M   8 18     33 160
 3  75  69  72   2   0   7 0.06  0.0    0  9.2 20 170   M    M   8 13     25 160
 4  73  61  67  -4   0   2 1.45  0.0    0  7.3 22 340   M    M   7 123    29 340
 5  81  59  70  -1   0   5 0.00  0.0    0  6.8 14 330   M    M   2 12     18 320
 6  86  55  71   0   0   6 0.00  0.0    0  3.5  9 280   M    M   0        10 280
 7  88  59  74   2   0   9 0.00  0.0    0  5.6 12 160   M    M   0        15 220
 8  88  65  77   5   0  12 0.00  0.0    0 10.4 18 160   M    M   0        23 200
 9  86  60  73   1   0   8 0.00  0.0    0  9.6 20 180   M    M   0        24 180
10  85  61  73   1   0   8 0.00  0.0    0 11.5 21 180   M    M   0        26 160
11  87  69  78   5   0  13 0.00  0.0    0 13.7 24 180   M    M   3        31 190
12  89  72  81   8   0  16 0.00  0.0    0 11.5 21 180   M    M   4 1      26 180
13  89  69  79   6   0  14 0.00  0.0    0  9.7 16 160   M    M   4 1      19 160
14  88  69  79   5   0  14 0.00  0.0    0 10.4 18 180   M    M   2 1      23 190
15  89  68  79   5   0  14 0.00  0.0    0  6.0 12 180   M    M   1        16 140
16  93  67  80   6   0  15 0.00  0.0    0  3.7 14 140   M    M   1 1      18 140
17  92  68  80   6   0  15 0.00  0.0    0  4.5 12  70   M    M   0        15  60
18  92  71  82   8   0  17    T  0.0    0  9.0 18 180   M    M   0        22 170
19  91  73  82   7   0  17 0.00  0.0    0 12.0 24 170   M    M   3 8      30 180
20  81  67  74  -1   0   9 0.10  0.0    0  6.9 22 330   M    M   5 13     27 330
21  86  66  76   1   0  11 0.00  0.0    0  4.2 22 160   M    M   4        31 160
22  86  67  77   1   0  12    T  0.0    0  5.5 17 120   M    M   1 13     22 120
================================================================================
SM 1891 1453         0 247  1.61     0.0 191.2          M       63
================================================================================
AV 86.0 66.1                               8.7 FASTST   M    M   3    MAX(MPH)
                                 MISC ---->  # 26 150               # 33  160
================================================================================
NOTES:
# LAST OF SEVERAL OCCURRENCES

COLUMN 17 PEAK WIND IN M.P.H.

PRELIMINARY LOCAL CLIMATOLOGICAL DATA (WS FORM: F-6) , PAGE 2

                                          STATION:  CORSICANA
                                          MONTH:    MAY
                                          YEAR:     2018
                                          LATITUDE:   32  1 N
                                          LONGITUDE:  96 24 W

[TEMPERATURE DATA]      [PRECIPITATION DATA]       SYMBOLS USED IN COLUMN 16

AVERAGE MONTHLY: 76.0   TOTAL FOR MONTH:   1.61    1 = FOG OR MIST
DPTR FM NORMAL:   3.2   DPTR FM NORMAL:   -1.28    2 = FOG REDUCING VISIBILITY
HIGHEST:    93 ON 16    GRTST 24HR  1.45 ON  4- 4      TO 1/4 MILE OR LESS
LOWEST:     55 ON  6                               3 = THUNDER
                        SNOW, ICE PELLETS, HAIL    4 = ICE PELLETS
                        TOTAL MONTH:   0.0 INCH    5 = HAIL
                        GRTST 24HR     0.0         6 = FREEZING RAIN OR DRIZZLE
                        GRTST DEPTH:   0           7 = DUSTSTORM OR SANDSTORM:
                                                       VSBY 1/2 MILE OR LESS
                                                   8 = SMOKE OR HAZE
[NO. OF DAYS WITH]      [WEATHER - DAYS WITH]      9 = BLOWING SNOW
                                                   X = TORNADO
MAX 32 OR BELOW:   0    0.01 INCH OR MORE:   3
MAX 90 OR ABOVE:   4    0.10 INCH OR MORE:   2
MIN 32 OR BELOW:   0    0.50 INCH OR MORE:   1
MIN  0 OR BELOW:   0    1.00 INCH OR MORE:   1

[HDD (BASE 65) ]
TOTAL THIS MO.     0    CLEAR  (SCALE 0-3)  13
DPTR FM NORMAL    -2    PTCLDY (SCALE 4-7)   6
TOTAL FM JUL 1  2007    CLOUDY (SCALE 8-10)  3
DPTR FM NORMAL   -81

[CDD (BASE 65) ]
TOTAL THIS MO.   247
DPTR FM NORMAL    71    [PRESSURE DATA]
TOTAL FM JAN 1   376    HIGHEST SLP M ON M
DPTR FM NORMAL    60    LOWEST  SLP 29.65 ON 18

[REMARKS]
