000
CXUS55 KCAE 201400
CF6CUB
PRELIMINARY LOCAL CLIMATOLOGICAL DATA (WS FORM: F-6)

                                          STATION:   HAMILTON - OWENS AIRPORT SC
                                          MONTH:     MAY
                                          YEAR:      2018
                                          LATITUDE:   33 58 N
                                          LONGITUDE:  80 59 W

  TEMPERATURE IN F:       :PCPN:    SNOW:  WIND      :SUNSHINE: SKY     :PK WND
================================================================================
1   2   3   4   5  6A  6B    7    8   9   10  11  12  13   14  15   16   17  18
                                     12Z  AVG MX 2MIN
DY MAX MIN AVG DEP HDD CDD  WTR  SNW DPTH SPD SPD DIR MIN PSBL S-S WX    SPD DR
================================================================================

 1  84  47  66  -2   0   1 0.00    M    M  3.1 13 200   M    M   0        20 200
 2  85  54  70   2   0   5 0.00    M    M  2.4 12 170   M    M   0        16 170
 3  87  56  72   3   0   7 0.00    M    M  4.4 13 180   M    M   0        20 200
 4  88  59  74   5   0   9 0.00    M    M  5.4 14 230   M    M   0        25 210
 5  82  62  72   3   0   7 0.00    M    M  3.1 13 160   M    M   0        16 160
 6  87  65  76   7   0  11 0.00    M    M  6.3 20 290   M    M   0        27 320
 7  84  58  71   1   0   6 0.00    M    M  3.5 12  30   M    M   0        22  10
 8  83  59  71   1   0   6 0.00    M    M  3.4  9  10   M    M   1        17  20
 9  85  59  72   2   0   7 0.00    M    M  1.5  7 230   M    M   0        13 290
10  91  60  76   6   0  11 0.00    M    M  4.7 18 320   M    M   1        28 320
11  94  62  78   7   0  13 0.00    M    M  2.3 13 300   M    M   1        17 300
12  96  65  81  10   0  16 0.00    M    M  3.2 14 170   M    M   0 38     17 180
13  96  67  82  11   0  17 0.00    M    M  3.7 13 170   M    M   0        18 310
14  92  67  80   8   0  15 0.00    M    M  4.7 15 180   M    M   0        21 150
15  82  70  76   4   0  11 1.58    M    M  1.7 13 150   M    M   6 138    25 160
16  85  71  78   6   0  13 0.73    M    M  2.8 21 190   M    M   7 138    27 190
17  79  70  75   3   0  10 0.23    M    M  2.1  9 180   M    M   8 1      13 140
18  78  68  73   0   0   8 0.30    M    M  5.0 13 220   M    M   9 13     17 140
19  85  68  77   4   0  12 0.00    M    M  3.6 12 140   M    M   5        17 140
================================================================================
SM 1643 1187         0 185  2.84    M     66.9          M       38
================================================================================
AV 86.5 62.5                               3.5 FASTST   M    M   2    MAX(MPH)
                                 MISC ---->  # 21 190               # 28  320
================================================================================
NOTES:
# LAST OF SEVERAL OCCURRENCES

COLUMN 17 PEAK WIND IN M.P.H.

PRELIMINARY LOCAL CLIMATOLOGICAL DATA (WS FORM: F-6) , PAGE 2

                                          STATION:  HAMILTON - OWENS AIRPORT SC
                                          MONTH:    MAY
                                          YEAR:     2018
                                          LATITUDE:   33 58 N
                                          LONGITUDE:  80 59 W

[TEMPERATURE DATA]      [PRECIPITATION DATA]       SYMBOLS USED IN COLUMN 16

AVERAGE MONTHLY: 74.5   TOTAL FOR MONTH:   2.84    1 = FOG OR MIST
DPTR FM NORMAL:   4.0   DPTR FM NORMAL:    1.20    2 = FOG REDUCING VISIBILITY
HIGHEST:    96 ON 13,12 GRTST 24HR  1.58 ON 15-15      TO 1/4 MILE OR LESS
LOWEST:     47 ON  1                               3 = THUNDER
                        SNOW, ICE PELLETS, HAIL    4 = ICE PELLETS
                        TOTAL MONTH:    M          5 = HAIL
                        GRTST 24HR    M  ON   M    6 = FREEZING RAIN OR DRIZZLE
                        GRTST DEPTH:  M  ON   M    7 = DUSTSTORM OR SANDSTORM:
                                                       VSBY 1/2 MILE OR LESS
                                                   8 = SMOKE OR HAZE
[NO. OF DAYS WITH]      [WEATHER - DAYS WITH]      9 = BLOWING SNOW
                                                   X = TORNADO
MAX 32 OR BELOW:   0    0.01 INCH OR MORE:   4
MAX 90 OR ABOVE:   5    0.10 INCH OR MORE:   4
MIN 32 OR BELOW:   0    0.50 INCH OR MORE:   2
MIN  0 OR BELOW:   0    1.00 INCH OR MORE:   1

[HDD (BASE 65) ]
TOTAL THIS MO.     0    CLEAR  (SCALE 0-3)  14
DPTR FM NORMAL   -11    PTCLDY (SCALE 4-7)   4
TOTAL FM JUL 1  2158    CLOUDY (SCALE 8-10)  1
DPTR FM NORMAL  -154

[CDD (BASE 65) ]
TOTAL THIS MO.   185
DPTR FM NORMAL    66    [PRESSURE DATA]
TOTAL FM JAN 1   285    HIGHEST SLP M ON M
DPTR FM NORMAL    67    LOWEST  SLP 29.82 ON  6

[REMARKS]
