000
CXUS55 KEAX 240736
CF6DMO
PRELIMINARY LOCAL CLIMATOLOGICAL DATA (WS FORM: F-6)

                                          STATION:   SEDALIA MO
                                          MONTH:     APRIL
                                          YEAR:      2018
                                          LATITUDE:   38 42 N
                                          LONGITUDE:  93  6 W

  TEMPERATURE IN F:       :PCPN:    SNOW:  WIND      :SUNSHINE: SKY     :PK WND
================================================================================
1   2   3   4   5  6A  6B    7    8   9   10  11  12  13   14  15   16   17  18
                                     12Z  AVG MX 2MIN
DY MAX MIN AVG DEP HDD CDD  WTR  SNW DPTH SPD SPD DIR MIN PSBL S-S WX    SPD DR
================================================================================

 1  36  26  31 -21  34   0 0.08    M    M 10.6 23  30   M    M   6 1      26  30
 2  38  26  32 -20  33   0 0.02    M    M  9.6 16 130   M    M  10 1      21 130
 3  45  30  38 -15  27   0 0.01    M    M 14.5 30 310   M    M   9 1      40 320
 4  43  22  33 -20  32   0 0.00  0.0    0  8.4 20 300   M    M   1        26 310
 5  67  30  49  -4  16   0 0.00  0.0    0  9.2 21 210   M    M   0        26 200
 6  55  27  41 -13  24   0    T    M    0 16.5 28  20   M    M   4        34  10
 7  43  22  33 -21  32   0 0.00  0.0    0  8.3 18 360   M    M   2        22 360
 8  41  29  35 -19  30   0 0.05    M    0  9.0 18 180   M    M   6 18     23 160
 9  43  29  36 -19  29   0 0.00  0.0    0  8.6 15 340   M    M   8        19 330
10  58  36  47  -8  18   0    T    M    0  5.7 15 200   M    M   7 1      19 230
11  79  48  64   9   1   0 0.00  0.0    0 17.3 29 220   M    M   1        36 220
12  87  60  74  18   0   9 0.00  0.0    0 16.1 24 200   M    M   0 8      33 210
13  79  63  71  15   0   6 0.00  0.0    0 18.8 35 190   M    M   1 8      47 220
14  63  36  50  -6  15   0    T    M    0 16.0 28 220   M    M   8 1      37 230
15  36  31  34 -23  31   0 0.01    M    0 16.0 25 300   M    M  10 16     32 310
16  52  30  41 -16  24   0 0.00  0.0    0 11.0 22 300   M    M   4        31 290
17  66  33  50  -7  15   0 0.00  0.0    0  9.6 17  70   M    M   0        22  70
18  59  37  48 -10  17   0 0.00  0.0    0 16.4 35 280   M    M   5        47 290
19  57  33  45 -13  20   0 0.00  0.0    0  7.8 15  50   M    M   3        19 320
20  64  35  50  -8  15   0 0.00  0.0    0  9.6 20 130   M    M   0        27 110
21  69  47  58   0   7   0 0.00  0.0    0  9.8 17  60   M    M   3        23  60
22  61  48  55  -4  10   0 0.28    M    0 10.5 17  70   M    M  10 1      23  60
23  72  53  63   4   2   0 0.00  0.0    0 11.2 21 360   M    M   4        27  20
================================================================================
SM 1313  831       432  15  0.45     0.0 270.5          M      102
================================================================================
AV 57.1 36.1                              11.8 FASTST   M    M   4    MAX(MPH)
                                 MISC ---->  # 35 190               # 47  220
================================================================================
NOTES:
# LAST OF SEVERAL OCCURRENCES

COLUMN 17 PEAK WIND IN M.P.H.

PRELIMINARY LOCAL CLIMATOLOGICAL DATA (WS FORM: F-6) , PAGE 2

                                          STATION:  SEDALIA MO
                                          MONTH:    APRIL
                                          YEAR:     2018
                                          LATITUDE:   38 42 N
                                          LONGITUDE:  93  6 W

[TEMPERATURE DATA]      [PRECIPITATION DATA]       SYMBOLS USED IN COLUMN 16

AVERAGE MONTHLY: 46.6   TOTAL FOR MONTH:   0.45    1 = FOG OR MIST
DPTR FM NORMAL:  -9.0   DPTR FM NORMAL:   -2.49    2 = FOG REDUCING VISIBILITY
HIGHEST:    87 ON 12    GRTST 24HR  0.28 ON 22-22      TO 1/4 MILE OR LESS
LOWEST:     22 ON  7, 4                            3 = THUNDER
                        SNOW, ICE PELLETS, HAIL    4 = ICE PELLETS
                        TOTAL MONTH:   0.0 INCH    5 = HAIL
                        GRTST 24HR     0.0         6 = FREEZING RAIN OR DRIZZLE
                        GRTST DEPTH:   0           7 = DUSTSTORM OR SANDSTORM:
                                                       VSBY 1/2 MILE OR LESS
                                                   8 = SMOKE OR HAZE
[NO. OF DAYS WITH]      [WEATHER - DAYS WITH]      9 = BLOWING SNOW
                                                   X = TORNADO
MAX 32 OR BELOW:   0    0.01 INCH OR MORE:   6
MAX 90 OR ABOVE:   0    0.10 INCH OR MORE:   1
MIN 32 OR BELOW:  11    0.50 INCH OR MORE:   0
MIN  0 OR BELOW:   0    1.00 INCH OR MORE:   0

[HDD (BASE 65) ]
TOTAL THIS MO.   432    CLEAR  (SCALE 0-3)  10
DPTR FM NORMAL   195    PTCLDY (SCALE 4-7)   9
TOTAL FM JUL 1  4577    CLOUDY (SCALE 8-10)  4
DPTR FM NORMAL   138

[CDD (BASE 65) ]
TOTAL THIS MO.    15
DPTR FM NORMAL    -7    [PRESSURE DATA]
TOTAL FM JAN 1    15    HIGHEST SLP  0.00 ON M
DPTR FM NORMAL   -10    LOWEST  SLP  0.00 ON M

[REMARKS]
