000
CXUS54 KEWX 191011
CF6DZB
PRELIMINARY LOCAL CLIMATOLOGICAL DATA (WS FORM: F-6)
STATION: HORSESHOE BAY
MONTH: APRIL
YEAR: 2024
LATITUDE: 30 31 N
LONGITUDE: 98 22 W
TEMPERATURE IN F: :PCPN: SNOW: WIND :SUNSHINE: SKY :PK WND
================================================================================
1 2 3 4 5 6A 6B 7 8 9 10 11 12 13 14 15 16 17 18
12Z AVG MX 2MIN
DY MAX MIN AVG DEP HDD CDD WTR SNW DPTH SPD SPD DIR MIN PSBL S-S WX SPD DR
================================================================================
1 84 67 76 M 0 11 0.00 M M 8.6 14 170 M M 6 38 25 160
2 70 52 61 M 4 0 0.00 M M 9.2 17 320 M M 1 25 340
3 80 42 61 M 4 0 0.00 M M 5.2 10 360 M M 0 18 330
4 87 42 65 M 0 0 0.00 M M 2.4 6 190 M M 0 M M
5 86 54 70 M 0 5 0.00 M M 8.1 18 180 M M 0 26 170
6 80 63 72 M 0 7 0.00 M M 10.3 16 170 M M 6 25 170
7 80 53 67 M 0 2 0.00 M M 3.4 9 310 M M 2 17 170
8 81 55 68 M 0 3 0.00 M M 4.7 10 130 M M 6 1 17 170
9 81 63 72 M 0 7 1.05 M M 4.6 13 330 M M 8 13 26 40
10 68 55 62 M 3 0 0.00 M M 9.7 16 310 M M 7 31 310
11 80 48 64 M 1 0 0.00 M M 3.4 8 330 M M 0 16 20
12 82 54 68 M 0 3 0.00 M M 7.3 14 190 M M 0 23 170
13 83 56 70 M 0 5 0.00 M M 8.5 17 170 M M 0 1 24 160
14 85 66 76 M 0 11 0.00 M M 7.9 13 160 M M 6 23 180
15 85 69 77 M 0 12 0.00 M M 9.5 16 150 M M 9 31 150
16 85 70 78 M 0 13 0.00 M M 5.4 10 150 M M 6 1 23 170
17 85 72 79 M 0 14 0.00 M M 5.2 13 160 M M 7 18 160
18 87 72 80 M 0 15 0.00 M M 5.7 10 170 M M 7 16 210
================================================================================
SM 1469 1053 12 108 1.05 M 119.1 M 71
================================================================================
AV 81.6 58.5 6.6 FASTST M M 4 MAX(MPH)
MISC ----> 18 180 31 150
================================================================================
NOTES:
# LAST OF SEVERAL OCCURRENCES
COLUMN 17 PEAK WIND IN M.P.H.
PRELIMINARY LOCAL CLIMATOLOGICAL DATA (WS FORM: F-6) , PAGE 2
STATION: HORSESHOE BAY
MONTH: APRIL
YEAR: 2024
LATITUDE: 30 31 N
LONGITUDE: 98 22 W
[TEMPERATURE DATA] [PRECIPITATION DATA] SYMBOLS USED IN COLUMN 16
AVERAGE MONTHLY: 70.1 TOTAL FOR MONTH: 1.05 1 = FOG OR MIST
DPTR FM NORMAL: 0.0 DPTR FM NORMAL: 1.05 2 = FOG REDUCING VISIBILITY
HIGHEST: 87 ON 18, 4 GRTST 24HR 1.05 ON 9- 9 TO 1/4 MILE OR LESS
LOWEST: 42 ON 4, 3 3 = THUNDER
SNOW, ICE PELLETS, HAIL 4 = ICE PELLETS
TOTAL MONTH: M 5 = HAIL
GRTST 24HR M ON M 6 = FREEZING RAIN OR DRIZZLE
GRTST DEPTH: M ON M 7 = DUSTSTORM OR SANDSTORM:
VSBY 1/2 MILE OR LESS
8 = SMOKE OR HAZE
[NO. OF DAYS WITH] [WEATHER - DAYS WITH] 9 = BLOWING SNOW
X = TORNADO
MAX 32 OR BELOW: 0 0.01 INCH OR MORE: 1
MAX 90 OR ABOVE: 0 0.10 INCH OR MORE: 1
MIN 32 OR BELOW: 0 0.50 INCH OR MORE: 1
MIN 0 OR BELOW: 0 1.00 INCH OR MORE: 1
[HDD (BASE 65) ]
TOTAL THIS MO. 12 CLEAR (SCALE 0-3) 8
DPTR FM NORMAL M PTCLDY (SCALE 4-7) 8
TOTAL FM JUL 1 1532 CLOUDY (SCALE 8-10) 2
DPTR FM NORMAL M
[CDD (BASE 65) ]
TOTAL THIS MO. 108
DPTR FM NORMAL M [PRESSURE DATA]
TOTAL FM JAN 1 201 HIGHEST SLP M ON M
DPTR FM NORMAL M LOWEST SLP M ON M
[REMARKS]