000
CXAK56 PAFG 231200
CF6FAI
PRELIMINARY LOCAL CLIMATOLOGICAL DATA (WS FORM: F-6)

                                          STATION:   FAIRBANKS AK
                                          MONTH:     MAY
                                          YEAR:      2018
                                          LATITUDE:   64 49 N
                                          LONGITUDE: 147 52 W

  TEMPERATURE IN F:       :PCPN:    SNOW:  WIND      :SUNSHINE: SKY     :PK WND
================================================================================
1   2   3   4   5  6A  6B    7    8   9   10  11  12  13   14  15   16   17  18
                                     12Z  AVG MX 2MIN
DY MAX MIN AVG DEP HDD CDD  WTR  SNW DPTH SPD SPD DIR MIN PSBL S-S WX    SPD DR
================================================================================

 1  43  31  37  -6  28   0 0.15  0.7    4  6.1 25 270   M    M   9 1      33 270
 2  40  30  35  -8  30   0    T    T    3  5.8 17 270   M    M   8 1      21 270
 3  49  31  40  -4  25   0 0.00  0.0    2  3.6 12  90   M    M   8        16  90
 4  52  28  40  -4  25   0 0.00  0.0    T  8.1 18  80   M    M   8        25  70
 5  52  33  43  -2  22   0 0.00  0.0    T  6.0 21 200   M    M   6        26 210
 6  52  28  40  -5  25   0 0.00  0.0    0  5.7 20 280   M    M   6        28 260
 7  51  30  41  -5  24   0 0.00  0.0    0  4.2 13  70   M    M   6        17  70
 8  65  33  49   3  16   0 0.00  0.0    0  5.1 13  60   M    M   6        16  80
 9  71  36  54   7  11   0 0.00  0.0    0 10.5 21  70   M    M   7        27  70
10  72  45  59  12   6   0 0.00  0.0    0  4.4 14 220   M    M   8        18 250
11  63  42  53   5  12   0    T  0.0    0  8.7 25 200   M    M   8        35 200
12  58  40  49   1  16   0    T  0.0    0  5.4 16 280   M    M   7        21 280
13  61  31  46  -2  19   0 0.00  0.0    0  4.1 16  40   M    M   6        24  30
14  56  44  50   1  15   0 0.07  0.0    0  7.5 21  70   M    M   9        25  80
15  57  36  47  -2  18   0 0.04  0.0    0  4.2 18 170   M    M   8 1      26 220
16  57  40  49  -1  16   0    T  0.0    0  4.6 15 250   M    M   8        23 270
17  56  33  45  -5  20   0 0.00  0.0    0  2.7  8  50   M    M   8         9 180
18  66  48  57   7   8   0    T  0.0    0 10.3 21  70   M    M   9        26  70
19  64  46  55   4  10   0    T  0.0    0  5.9 24 260   M    M   7        30 280
20  70  42  56   5   9   0 0.05  0.0    0  4.7 20 100   M    M   8        24 100
21  67  48  58   6   7   0 0.32  0.0    0  4.3 14 320   M    M   8 1      18 310
22  68  45  57   5   8   0 0.02  0.0    0  5.7 25 300   M    M   7 5      34 290
================================================================================
SM 1290  820       370   0  0.65     0.7 127.6          M      165
================================================================================
AV 58.6 37.3                               5.8 FASTST   M    M   8    MAX(MPH)
                                 MISC ---->  # 25 270               # 35  200
================================================================================
NOTES:
# LAST OF SEVERAL OCCURRENCES

COLUMN 17 PEAK WIND IN M.P.H.

PRELIMINARY LOCAL CLIMATOLOGICAL DATA (WS FORM: F-6) , PAGE 2

                                          STATION:  FAIRBANKS AK
                                          MONTH:    MAY
                                          YEAR:     2018
                                          LATITUDE:   64 49 N
                                          LONGITUDE: 147 52 W

[TEMPERATURE DATA]      [PRECIPITATION DATA]       SYMBOLS USED IN COLUMN 16

AVERAGE MONTHLY: 48.0   TOTAL FOR MONTH:   0.65    1 = FOG OR MIST
DPTR FM NORMAL:   0.3   DPTR FM NORMAL:    0.26    2 = FOG REDUCING VISIBILITY
HIGHEST:    72 ON 10    GRTST 24HR  0.32 ON 21-21      TO 1/4 MILE OR LESS
LOWEST:     28 ON  6, 4                            3 = THUNDER
                        SNOW, ICE PELLETS, HAIL    4 = ICE PELLETS
                        TOTAL MONTH:   0.7 INCH    5 = HAIL
                        GRTST 24HR   0.7 ON  1- 1  6 = FREEZING RAIN OR DRIZZLE
                        GRTST DEPTH:   4 ON  1     7 = DUSTSTORM OR SANDSTORM:
                                                       VSBY 1/2 MILE OR LESS
                                                   8 = SMOKE OR HAZE
[NO. OF DAYS WITH]      [WEATHER - DAYS WITH]      9 = BLOWING SNOW
                                                   X = TORNADO
MAX 32 OR BELOW:   0    0.01 INCH OR MORE:   6
MAX 90 OR ABOVE:   0    0.10 INCH OR MORE:   2
MIN 32 OR BELOW:   7    0.50 INCH OR MORE:   0
MIN  0 OR BELOW:   0    1.00 INCH OR MORE:   0

[HDD (BASE 65) ]
TOTAL THIS MO.   370    CLEAR  (SCALE 0-3)   0
DPTR FM NORMAL   -14    PTCLDY (SCALE 4-7)  19
TOTAL FM JUL 1 12123    CLOUDY (SCALE 8-10)  3
DPTR FM NORMAL -1285

[CDD (BASE 65) ]
TOTAL THIS MO.     0
DPTR FM NORMAL     0    [PRESSURE DATA]
TOTAL FM JAN 1     0    HIGHEST SLP M ON M
DPTR FM NORMAL     0    LOWEST  SLP 29.23 ON  4

[REMARKS]
