000
CXUS52 KFFC 251110
CF6FFC
PRELIMINARY LOCAL CLIMATOLOGICAL DATA (WS FORM: F-6)

                                          STATION:   PEACHTREE CITY
                                          MONTH:     APRIL
                                          YEAR:      2018
                                          LATITUDE:   33 20 N
                                          LONGITUDE:  84 34 W

  TEMPERATURE IN F:       :PCPN:    SNOW:  WIND      :SUNSHINE: SKY     :PK WND
================================================================================
1   2   3   4   5  6A  6B    7    8   9   10  11  12  13   14  15   16   17  18
                                     12Z  AVG MX 2MIN
DY MAX MIN AVG DEP HDD CDD  WTR  SNW DPTH SPD SPD DIR MIN PSBL S-S WX    SPD DR
================================================================================

 1  80  39  60   3   5   0 0.00  0.0    0  2.2 10 270   M    M   0        13 270
 2  82  48  65   8   0   0 0.00  0.0    0  3.0 12 210   M    M   0        17 250
 3  83  51  67  10   0   2 0.00  0.0    0  5.7 14 260   M    M   4 1      21 230
 4  71  48  60   2   5   0 0.29    M    0  9.9 25 310   M    M   2 1      32 320
 5  70  35  53  -5  12   0 0.00  0.0    0  3.5 14 330   M    M   0        19 340
 6  77  43  60   2   5   0 0.03  0.0    0  2.4 12 150   M    M   4 13     17 150
 7  63  42  53  -5  12   0 0.06    M    0  7.9 22 330   M    M  10 1      30 330
 8  59  38  49 -10  16   0 0.00  0.0    0  7.5 17 330   M    M   8        23 320
 9  62  48  55  -4  10   0 0.04  0.0    0  3.9 10  30   M    M   8 18     15  80
10  72  48  60   1   5   0 0.00  0.0    0  4.1 14 320   M    M   4        19 320
11  73  39  56  -3   9   0 0.00  0.0    0  4.4 15 330   M    M   0        21 330
12  79  40  60   0   5   0 0.00  0.0    0  2.5 13 140   M    M   0 8      20 170
13  82  45  64   4   1   0 0.00  0.0    0  4.9 17 150   M    M   2 1      24 150
14  83  61  72  12   0   7 0.00  0.0    0  7.4 18 140   M    M   6        27 130
15  73  43  58  -2   7   0 1.16  0.0    0  8.8 23 130   M    M  10 13     32 130
16  56  37  47 -14  18   0 0.00  0.0    0 10.2 23 290   M    M   4        31 290
17  78  33  56  -5   9   0 0.00  0.0    0  4.6 16 270   M    M   0        23 290
18  83  45  64   3   1   0 0.00  0.0    0  4.7 18 260   M    M   0        26 280
19  71  50  61   0   4   0 0.00  0.0    0 10.5 23 320   M    M   0 8      27 310
20  70  39  55  -7  10   0 0.00  0.0    0  5.2 18  90   M    M   0        25  90
21  74  36  55  -7  10   0 0.00  0.0    0  5.1 20 120   M    M   2        26 120
22  62  56  59  -3   6   0 0.89  0.0    0 11.4 24 120   M    M  10 1      37 130
23  78  60  69   7   0   4 2.00  0.0    0  5.0 18 130   M    M   9 13     26 120
24  72  58  65   2   0   0 0.00  0.0    M  5.6 17 310   M    M   7 1      23 320
================================================================================
SM 1753 1082       150  13  4.47     0.0 140.4          M       90
================================================================================
AV 73.0 45.1                               5.8 FASTST   M    M   4    MAX(MPH)
                                 MISC ---->  # 25 310               # 37  130
================================================================================
NOTES:
# LAST OF SEVERAL OCCURRENCES

COLUMN 17 PEAK WIND IN M.P.H.

PRELIMINARY LOCAL CLIMATOLOGICAL DATA (WS FORM: F-6) , PAGE 2

                                          STATION:  PEACHTREE CITY
                                          MONTH:    APRIL
                                          YEAR:     2018
                                          LATITUDE:   33 20 N
                                          LONGITUDE:  84 34 W

[TEMPERATURE DATA]      [PRECIPITATION DATA]       SYMBOLS USED IN COLUMN 16

AVERAGE MONTHLY: 59.1   TOTAL FOR MONTH:   4.47    1 = FOG OR MIST
DPTR FM NORMAL:  -0.7   DPTR FM NORMAL:    1.24    2 = FOG REDUCING VISIBILITY
HIGHEST:    83 ON 18,14 GRTST 24HR  2.00 ON 23-23      TO 1/4 MILE OR LESS
LOWEST:     33 ON 17                               3 = THUNDER
                        SNOW, ICE PELLETS, HAIL    4 = ICE PELLETS
                        TOTAL MONTH:   0.0 INCH    5 = HAIL
                        GRTST 24HR     0.0         6 = FREEZING RAIN OR DRIZZLE
                        GRTST DEPTH:   0           7 = DUSTSTORM OR SANDSTORM:
                                                       VSBY 1/2 MILE OR LESS
                                                   8 = SMOKE OR HAZE
[NO. OF DAYS WITH]      [WEATHER - DAYS WITH]      9 = BLOWING SNOW
                                                   X = TORNADO
MAX 32 OR BELOW:   0    0.01 INCH OR MORE:   7
MAX 90 OR ABOVE:   0    0.10 INCH OR MORE:   4
MIN 32 OR BELOW:   0    0.50 INCH OR MORE:   3
MIN  0 OR BELOW:   0    1.00 INCH OR MORE:   2

[HDD (BASE 65) ]
TOTAL THIS MO.   150    CLEAR  (SCALE 0-3)  12
DPTR FM NORMAL     3    PTCLDY (SCALE 4-7)   7
TOTAL FM JUL 1  2482    CLOUDY (SCALE 8-10)  5
DPTR FM NORMAL  -417

[CDD (BASE 65) ]
TOTAL THIS MO.    13
DPTR FM NORMAL    -6    [PRESSURE DATA]
TOTAL FM JAN 1    42    HIGHEST SLP M ON M
DPTR FM NORMAL    18    LOWEST  SLP 29.62 ON 15

[REMARKS]
