000
CXUS55 KSEW 200930
CF6HQM
PRELIMINARY LOCAL CLIMATOLOGICAL DATA (WS FORM: F-6)

                                          STATION:   HOQUIAM WA AIRPORT
                                          MONTH:     APRIL
                                          YEAR:      2018
                                          LATITUDE:   46 58 N
                                          LONGITUDE: 123 56 W

  TEMPERATURE IN F:       :PCPN:    SNOW:  WIND      :SUNSHINE: SKY     :PK WND
================================================================================
1   2   3   4   5  6A  6B    7    8   9   10  11  12  13   14  15   16   17  18
                                     12Z  AVG MX 2MIN
DY MAX MIN AVG DEP HDD CDD  WTR  SNW DPTH SPD SPD DIR MIN PSBL S-S WX    SPD DR
================================================================================

 1  48  40  44  -3  21   0 0.31  0.0    0 12.7 24 270   M    M   8 1      32 280
 2  50  41  46  -1  19   0 0.08  0.0    0  9.6 23 230   M    M   6        32 270
 3  50  38  44  -3  21   0 0.04  0.0    0  5.8 12 150   M    M   7 1      14 150
 4  50  41  46  -2  19   0 0.53  0.0    0  8.7 15  50   M    M   9 1      19  50
 5  52  47  50   2  15   0 0.88  0.0    0  8.5 15  60   M    M  10 1      18  70
 6  67  51  59  11   6   0 0.07  0.0    0  6.1 18  50   M    M   6 1      23  50
 7  58  48  53   5  12   0 1.08  0.0    0 23.1 36 150   M    M   9 1      52 170
 8  51  46  49   1  16   0 0.59  0.0    0 20.4 33 210   M    M  10 1      42 200
 9  63  45  54   6  11   0 0.05  0.0    0 10.5 20  60   M    M   3 1      24  70
10  56  49  53   5  12   0 0.32  0.0    0 15.0 39 150   M    M   8 1      52 140
11  50  45  48   0  17   0 0.69  0.0    0 10.6 17 100   M    M   9 1      23 100
12  52  41  47  -1  18   0 0.43  0.0    0 10.3 18 260   M    M   8 1      23 250
13  52  47  50   2  15   0 1.76  0.0    0 20.8 32 180   M    M  10 1      39 170
14  51  42  47  -1  18   0 1.61  0.0    0  5.2 26 270   M    M  10 1      31 270
15  52  36  44  -5  21   0 0.39  0.0    0  4.1 14  80   M    M   8 12     16  80
16  53  43  48  -1  17   0 0.62  0.0    0 18.1 29 230   M    M  10 1      35 230
17  52  44  48  -1  17   0 0.01  0.0    0 12.3 23 230   M    M   8 1      29 230
18  59  41  50   1  15   0 0.00  0.0    0  6.7 16 270   M    M   4        19  40
19  58  35  47  -2  18   0 0.00  0.0    0  6.5 17 260   M    M   0 1      22 260
================================================================================
SM 1024  820       308   0  9.46     0.0 215.0          M      143
================================================================================
AV 53.9 43.2                              11.3 FASTST   M    M   8    MAX(MPH)
                                 MISC ---->  # 39 150               # 52  170
================================================================================
NOTES:
# LAST OF SEVERAL OCCURRENCES

COLUMN 17 PEAK WIND IN M.P.H.

PRELIMINARY LOCAL CLIMATOLOGICAL DATA (WS FORM: F-6) , PAGE 2

                                          STATION:  HOQUIAM WA AIRPORT
                                          MONTH:    APRIL
                                          YEAR:     2018
                                          LATITUDE:   46 58 N
                                          LONGITUDE: 123 56 W

[TEMPERATURE DATA]      [PRECIPITATION DATA]       SYMBOLS USED IN COLUMN 16

AVERAGE MONTHLY: 48.5   TOTAL FOR MONTH:   9.46    1 = FOG OR MIST
DPTR FM NORMAL:   0.4   DPTR FM NORMAL:    5.99    2 = FOG REDUCING VISIBILITY
HIGHEST:    67 ON  6    GRTST 24HR  1.76 ON 13-13      TO 1/4 MILE OR LESS
LOWEST:     35 ON 19                               3 = THUNDER
                        SNOW, ICE PELLETS, HAIL    4 = ICE PELLETS
                        TOTAL MONTH:   0.0 INCH    5 = HAIL
                        GRTST 24HR     0.0         6 = FREEZING RAIN OR DRIZZLE
                        GRTST DEPTH:   0           7 = DUSTSTORM OR SANDSTORM:
                                                       VSBY 1/2 MILE OR LESS
                                                   8 = SMOKE OR HAZE
[NO. OF DAYS WITH]      [WEATHER - DAYS WITH]      9 = BLOWING SNOW
                                                   X = TORNADO
MAX 32 OR BELOW:   0    0.01 INCH OR MORE:  17
MAX 90 OR ABOVE:   0    0.10 INCH OR MORE:  12
MIN 32 OR BELOW:   0    0.50 INCH OR MORE:   8
MIN  0 OR BELOW:   0    1.00 INCH OR MORE:   3

[HDD (BASE 65) ]
TOTAL THIS MO.   308    CLEAR  (SCALE 0-3)   2
DPTR FM NORMAL   -13    PTCLDY (SCALE 4-7)   9
TOTAL FM JUL 1  4219    CLOUDY (SCALE 8-10)  8
DPTR FM NORMAL  -184

[CDD (BASE 65) ]
TOTAL THIS MO.     0
DPTR FM NORMAL     0    [PRESSURE DATA]
TOTAL FM JAN 1     0    HIGHEST SLP M ON M
DPTR FM NORMAL     0    LOWEST  SLP 29.23 ON  7

[REMARKS]
