000
CXUS52 KMHX 210700
CF6HSE
PRELIMINARY LOCAL CLIMATOLOGICAL DATA (WS FORM: F-6)

                                          STATION:   CAPE HATTERAS NC
                                          MONTH:     APRIL
                                          YEAR:      2018
                                          LATITUDE:   35 13 N
                                          LONGITUDE:  75 37 W

  TEMPERATURE IN F:       :PCPN:    SNOW:  WIND      :SUNSHINE: SKY     :PK WND
================================================================================
1   2   3   4   5  6A  6B    7    8   9   10  11  12  13   14  15   16   17  18
                                     12Z  AVG MX 2MIN
DY MAX MIN AVG DEP HDD CDD  WTR  SNW DPTH SPD SPD DIR MIN PSBL S-S WX    SPD DR
================================================================================

 1  70  44  57   1   8   0 0.00  0.0    0  5.8 10 210   M    M   0 1      13 230
 2  69  51  60   4   5   0 0.00  0.0    0  9.2 17  40   M    M   3        27  40
 3  74  52  63   7   2   0 0.00  0.0    0  8.8 15 210   M    M   1        21 210
 4  72  55  64   8   1   0 0.04  0.0    0 15.4 26 210   M    M   2 1      36 210
 5  57  48  53  -4  12   0 0.00  0.0    0  8.9 14  20   M    M   0 8      25  20
 6  69  54  62   5   3   0 0.00  0.0    0 13.0 20 210   M    M   1        29 200
 7  68  45  57   0   8   0 1.60    M    0 11.2 22  10   M    M   7 13     37  30
 8  50  39  45 -13  20   0 0.24    M    0  9.7 21  20   M    M   6 1      38  30
 9  58  37  48 -10  17   0 0.15  0.0    0  7.6 16 100   M    M   7 1      26  30
10  58  47  53  -5  12   0 0.09  0.0    0  9.4 16  30   M    M   6 1      28  20
11  57  41  49  -9  16   0 0.00  0.0    0  7.3 15  30   M    M   0 8      23  40
12  68  39  54  -5  11   0 0.00  0.0    0  8.0 18 200   M    M   0        26 200
13  72  63  68   9   0   3 0.00  0.0    0 10.9 17 210   M    M   0        23 220
14  74  63  69  10   0   4 0.00  0.0    0  9.5 17 190   M    M   2        24 200
15  75  66  71  12   0   6 0.00  0.0    0 15.5 29 170   M    M   5 1      37 170
16  71  58  65   5   0   0 0.95  0.0    0 21.2 37 210   M    M   7 18     63 200
17  62  46  54  -6  11   0 0.00  0.0    0 12.9 22 300   M    M   2        37 290
18  71  58  65   5   0   0 0.00  0.0    0 11.5 25 240   M    M   0        35 240
19  73  51  62   2   3   0 0.00  0.0    0 16.7 21 240   M    M   2        36 240
20  60  45  53  -8  12   0 0.00  0.0    0  9.0 18  20   M    M   0        32  30
================================================================================
SM 1328 1002       141  13  3.07     0.0 221.5          M       51
================================================================================
AV 66.4 50.1                              11.1 FASTST   M    M   3    MAX(MPH)
                                 MISC ---->  # 37 210               # 63  200
================================================================================
NOTES:
# LAST OF SEVERAL OCCURRENCES

COLUMN 17 PEAK WIND IN M.P.H.

PRELIMINARY LOCAL CLIMATOLOGICAL DATA (WS FORM: F-6) , PAGE 2

                                          STATION:  CAPE HATTERAS NC
                                          MONTH:    APRIL
                                          YEAR:     2018
                                          LATITUDE:   35 13 N
                                          LONGITUDE:  75 37 W

[TEMPERATURE DATA]      [PRECIPITATION DATA]       SYMBOLS USED IN COLUMN 16

AVERAGE MONTHLY: 58.3   TOTAL FOR MONTH:   3.07    1 = FOG OR MIST
DPTR FM NORMAL:   0.0   DPTR FM NORMAL:    0.55    2 = FOG REDUCING VISIBILITY
HIGHEST:    75 ON 15    GRTST 24HR  1.60 ON  7- 7      TO 1/4 MILE OR LESS
LOWEST:     37 ON  9                               3 = THUNDER
                        SNOW, ICE PELLETS, HAIL    4 = ICE PELLETS
                        TOTAL MONTH:   0.0 INCH    5 = HAIL
                        GRTST 24HR     0.0         6 = FREEZING RAIN OR DRIZZLE
                        GRTST DEPTH:   0           7 = DUSTSTORM OR SANDSTORM:
                                                       VSBY 1/2 MILE OR LESS
                                                   8 = SMOKE OR HAZE
[NO. OF DAYS WITH]      [WEATHER - DAYS WITH]      9 = BLOWING SNOW
                                                   X = TORNADO
MAX 32 OR BELOW:   0    0.01 INCH OR MORE:   6
MAX 90 OR ABOVE:   0    0.10 INCH OR MORE:   4
MIN 32 OR BELOW:   0    0.50 INCH OR MORE:   2
MIN  0 OR BELOW:   0    1.00 INCH OR MORE:   1

[HDD (BASE 65) ]
TOTAL THIS MO.   141    CLEAR  (SCALE 0-3)  13
DPTR FM NORMAL    -7    PTCLDY (SCALE 4-7)   7
TOTAL FM JUL 1  2243    CLOUDY (SCALE 8-10)  0
DPTR FM NORMAL  -248

[CDD (BASE 65) ]
TOTAL THIS MO.    13
DPTR FM NORMAL     2    [PRESSURE DATA]
TOTAL FM JAN 1    23    HIGHEST SLP M ON M
DPTR FM NORMAL     9    LOWEST  SLP 29.62 ON 16

[REMARKS]
