000
CXUS53 KAPX 190631
CF6HTL
PRELIMINARY LOCAL CLIMATOLOGICAL DATA (WS FORM: F-6)

                                          STATION:   HOUGHTON LAKE MI
                                          MONTH:     APRIL
                                          YEAR:      2018
                                          LATITUDE:   44 22 N
                                          LONGITUDE:  84 41 W

  TEMPERATURE IN F:       :PCPN:    SNOW:  WIND      :SUNSHINE: SKY     :PK WND
================================================================================
1   2   3   4   5  6A  6B    7    8   9   10  11  12  13   14  15   16   17  18
                                     12Z  AVG MX 2MIN
DY MAX MIN AVG DEP HDD CDD  WTR  SNW DPTH SPD SPD DIR MIN PSBL S-S WX    SPD DR
================================================================================

 1  32  19  26 -10  39   0    T    T    T 10.8 18 250   M    M   2        24 250
 2  41  22  32  -4  33   0    T    T    0  8.0 14 230   M    M   2        18 240
 3  36  28  32  -5  33   0 0.37  3.3    0 13.0 23  60   M    M  10 128    30  60
 4  29  11  20 -17  45   0 0.12  3.0    6 15.0 32 310   M    M   8 18     44 320
 5  34   5  20 -18  45   0    T    T    6  7.9 16 240   M    M   4 1      22 240
 6  31  18  25 -13  40   0 0.10  1.3    3 11.9 31 310   M    M   7 128    42 330
 7  25  16  21 -18  44   0    T    T    4 10.5 17 290   M    M   5        25 280
 8  34   3  19 -20  46   0 0.00  0.0    3  3.8 13 230   M    M   3 12     16 260
 9  36  21  29 -11  36   0 0.00  0.0    T  4.7 12 190   M    M   7        13 190
10  43  21  32  -8  33   0 0.00  0.0    T  7.0 15 250   M    M   0        20 250
11  47  27  37  -4  28   0    T    T    T  7.2 14 280   M    M   7        20 300
12  52  32  42   1  23   0 0.23  0.0    T  8.7 24 290   M    M   9 18     32 290
13  36  31  34  -8  31   0 1.15  0.9    T 10.2 22 270   M    M   9 13     27 270
14  33  22  28 -14  37   0 0.62  2.2    1 21.1 32  70   M    M  10 168    43  70
15  30  24  27 -15  38   0 0.54  1.4    3 19.3 33  70   M    M  10 1689   46  60
16  33  24  29 -14  36   0 0.08  1.3    5 10.4 22 310   M    M  10 18     32 310
17  32  24  28 -15  37   0 0.07  0.7    7 13.9 24 310   M    M  10 1      30 310
18  40  28  34 -10  31   0    T    T    7  7.0 20  60   M    M   8 1      25  60
================================================================================
SM  644  376       655   0  3.28    14.1 190.4          M      121
================================================================================
AV 35.8 20.9                              10.6 FASTST   M    M   7    MAX(MPH)
                                 MISC ---->  # 33  70               # 46   60
================================================================================
NOTES:
# LAST OF SEVERAL OCCURRENCES

COLUMN 17 PEAK WIND IN M.P.H.

PRELIMINARY LOCAL CLIMATOLOGICAL DATA (WS FORM: F-6) , PAGE 2

                                          STATION:  HOUGHTON LAKE MI
                                          MONTH:    APRIL
                                          YEAR:     2018
                                          LATITUDE:   44 22 N
                                          LONGITUDE:  84 41 W

[TEMPERATURE DATA]      [PRECIPITATION DATA]       SYMBOLS USED IN COLUMN 16

AVERAGE MONTHLY: 28.3   TOTAL FOR MONTH:   3.28    1 = FOG OR MIST
DPTR FM NORMAL: -11.6   DPTR FM NORMAL:    1.74    2 = FOG REDUCING VISIBILITY
HIGHEST:    52 ON 12    GRTST 24HR  1.15 ON 13-13      TO 1/4 MILE OR LESS
LOWEST:      3 ON  8                               3 = THUNDER
                        SNOW, ICE PELLETS, HAIL    4 = ICE PELLETS
                        TOTAL MONTH:  14.1 INCHES  5 = HAIL
                        GRTST 24HR   3.3 ON  3- 3  6 = FREEZING RAIN OR DRIZZLE
                        GRTST DEPTH:   7 ON 18,17  7 = DUSTSTORM OR SANDSTORM:
                                                       VSBY 1/2 MILE OR LESS
                                                   8 = SMOKE OR HAZE
[NO. OF DAYS WITH]      [WEATHER - DAYS WITH]      9 = BLOWING SNOW
                                                   X = TORNADO
MAX 32 OR BELOW:   6    0.01 INCH OR MORE:   9
MAX 90 OR ABOVE:   0    0.10 INCH OR MORE:   7
MIN 32 OR BELOW:  18    0.50 INCH OR MORE:   3
MIN  0 OR BELOW:   0    1.00 INCH OR MORE:   1

[HDD (BASE 65) ]
TOTAL THIS MO.   655    CLEAR  (SCALE 0-3)   4
DPTR FM NORMAL   203    PTCLDY (SCALE 4-7)   7
TOTAL FM JUL 1  7323    CLOUDY (SCALE 8-10)  7
DPTR FM NORMAL  -114

[CDD (BASE 65) ]
TOTAL THIS MO.     0
DPTR FM NORMAL     0    [PRESSURE DATA]
TOTAL FM JAN 1     0    HIGHEST SLP M ON M
DPTR FM NORMAL     0    LOWEST  SLP 29.47 ON  4

[REMARKS]
