000
CXUS56 KFGZ 260900
CF6INW
PRELIMINARY LOCAL CLIMATOLOGICAL DATA (WS FORM: F-6)

                                          STATION:   WINSLOW AZ AIRPORT
                                          MONTH:     MAY
                                          YEAR:      2018
                                          LATITUDE:   35  1 N
                                          LONGITUDE: 110 44 W

  TEMPERATURE IN F:       :PCPN:    SNOW:  WIND      :SUNSHINE: SKY     :PK WND
================================================================================
1   2   3   4   5  6A  6B    7    8   9   10  11  12  13   14  15   16   17  18
                                     12Z  AVG MX 2MIN
DY MAX MIN AVG DEP HDD CDD  WTR  SNW DPTH SPD SPD DIR MIN PSBL S-S WX    SPD DR
================================================================================

 1  71  38  55  -4  10   0 0.00    M    M 15.6 44 190   M    M   2 8      53 200
 2  58  40  49 -10  16   0    T    M    M 13.8 36 220   M    M   5 3      47 210
 3  69  31  50 -10  15   0    T    M    M  6.8 17 360   M    M   2 8      23 350
 4  78  34  56  -4   9   0 0.00    M    M  4.5 14  30   M    M   0 8      18  20
 5  87  38  63   3   2   0 0.00    M    M  5.4 16  50   M    M   0 8      22  50
 6  91  49  70   9   0   5 0.00    M    M  7.0 17 180   M    M   0 8      22 240
 7  90  51  71  10   0   6 0.00    M    M 10.3 24 220   M    M   0        31 240
 8  93  46  70   9   0   5 0.00  0.0    0  4.9 15 210   M    M   0         M  M
 9  97  51  74  12   0   9 0.00  0.0    0  9.8 25 260   M    M   0 8      34 230
10  94  55  75  13   0  10 0.00  0.0    0 13.5 30 240   M    M   0        44 220
11  87  57  72  10   0   7 0.00    M    M 18.5 41 200   M    M   0        52 210
12  80  49  65   3   0   0 0.00    M    M 17.6 33 190   M    M   0        47 230
13  81  43  62  -1   3   0 0.00    M    M 10.3 26 240   M    M   0        34 230
14  83  40  62  -1   3   0 0.00  0.0    0  9.8 28 200   M    M   0        36 220
15  88  45  67   4   0   2 0.00    M    M  8.4 24 250   M    M   0        33 260
16  91  44  68   4   0   3 0.00    M    M  9.5 23 200   M    M   0        31 200
17  88  47  68   4   0   3 0.00    M    M 13.0 29 220   M    M   0        35 210
18  84  46  65   1   0   0 0.00    M    0  8.0 20 240   M    M   0        28 250
19  86  44  65   1   0   0 0.00    M    0  7.6 32 230   M    M   0        39 230
20  88  48  68   3   0   3 0.00  0.0    0  9.2 24 200   M    M   0        31 240
21  87  45  66   1   0   1 0.00  0.0    0 10.0 26 210   M    M   0        35 200
22  83  54  69   4   0   4 0.00    M    M 11.6 28 190   M    M   0        40 220
23  87  46  67   1   0   2 0.00    M    M  8.6 21 210   M    M   0        29 170
24  92  44  68   2   0   3 0.00    M    M  9.8 24 210   M    M   0        29 210
25  92  50  71   5   0   6 0.00    M    M 11.0 25 230   M    M   0        31 200
================================================================================
SM 2125 1135        58  69    T      0.0 254.5          M        9
================================================================================
AV 85.0 45.4                              10.2 FASTST   M    M   0    MAX(MPH)
                                 MISC ---->  # 44 190               # 53  200
================================================================================
NOTES:
# LAST OF SEVERAL OCCURRENCES

COLUMN 17 PEAK WIND IN M.P.H.

PRELIMINARY LOCAL CLIMATOLOGICAL DATA (WS FORM: F-6) , PAGE 2

                                          STATION:  WINSLOW AZ AIRPORT
                                          MONTH:    MAY
                                          YEAR:     2018
                                          LATITUDE:   35  1 N
                                          LONGITUDE: 110 44 W

[TEMPERATURE DATA]      [PRECIPITATION DATA]       SYMBOLS USED IN COLUMN 16

AVERAGE MONTHLY: 65.2   TOTAL FOR MONTH:      T    1 = FOG OR MIST
DPTR FM NORMAL:   2.5   DPTR FM NORMAL:   -0.27    2 = FOG REDUCING VISIBILITY
HIGHEST:    97 ON  9    GRTST 24HR    T  ON  3- 3      TO 1/4 MILE OR LESS
LOWEST:     31 ON  3                               3 = THUNDER
                        SNOW, ICE PELLETS, HAIL    4 = ICE PELLETS
                        TOTAL MONTH:   0.0 INCH    5 = HAIL
                        GRTST 24HR     0.0         6 = FREEZING RAIN OR DRIZZLE
                        GRTST DEPTH:   0           7 = DUSTSTORM OR SANDSTORM:
                                                       VSBY 1/2 MILE OR LESS
                                                   8 = SMOKE OR HAZE
[NO. OF DAYS WITH]      [WEATHER - DAYS WITH]      9 = BLOWING SNOW
                                                   X = TORNADO
MAX 32 OR BELOW:   0    0.01 INCH OR MORE:   0
MAX 90 OR ABOVE:   8    0.10 INCH OR MORE:   0
MIN 32 OR BELOW:   1    0.50 INCH OR MORE:   0
MIN  0 OR BELOW:   0    1.00 INCH OR MORE:   0

[HDD (BASE 65) ]
TOTAL THIS MO.    58    CLEAR  (SCALE 0-3)  24
DPTR FM NORMAL   -40    PTCLDY (SCALE 4-7)   1
TOTAL FM JUL 1  3853    CLOUDY (SCALE 8-10)  0
DPTR FM NORMAL  -624

[CDD (BASE 65) ]
TOTAL THIS MO.    69
DPTR FM NORMAL    27    [PRESSURE DATA]
TOTAL FM JAN 1    84    HIGHEST SLP M ON M
DPTR FM NORMAL    38    LOWEST  SLP 29.55 ON 11

[REMARKS]
