000
CXUS55 KDVN 271100
CF6IOW
PRELIMINARY LOCAL CLIMATOLOGICAL DATA (WS FORM: F-6)

                                          STATION:   IOWA CITY IA
                                          MONTH:     MAY
                                          YEAR:      2018
                                          LATITUDE:   41 37 N
                                          LONGITUDE:  91 33 W

  TEMPERATURE IN F:       :PCPN:    SNOW:  WIND      :SUNSHINE: SKY     :PK WND
================================================================================
1   2   3   4   5  6A  6B    7    8   9   10  11  12  13   14  15   16   17  18
                                     12Z  AVG MX 2MIN
DY MAX MIN AVG DEP HDD CDD  WTR  SNW DPTH SPD SPD DIR MIN PSBL S-S WX    SPD DR
================================================================================

 1  83  58  71  15   0   6    T    M    M 13.7 29 200   M    M   3 3      38 190
 2  82  59  71  15   0   6 1.10    M    M 10.2 29 250   M    M   5 13     45 240
 3  75  59  67  10   0   2 0.62    M    M  9.5 29 240   M    M   7 13     41 260
 4  78  53  66   9   0   1 0.00    M    M 11.3 22 240   M    M   3        30 250
 5  82  48  65   8   0   0 0.00    M    M  5.4 16 260   M    M   1        21 270
 6  81  59  70  12   0   5 0.01    M    M  8.4 21  20   M    M   3        31  50
 7  80  49  65   7   0   0 0.00    M    M  3.7 13 200   M    M   0        17 200
 8  81  50  66   8   0   1 0.00    M    M 10.4 23 140   M    M   1        33 130
 9  81  59  70  11   0   5 0.02    M    M 13.0 30 270   M    M   4 1      40 260
10  80  53  67   8   0   2 0.00    M    M  6.7 15  30   M    M   1        22  40
11  64  49  57  -3   8   0 0.01    M    M 13.1 23  60   M    M   8 3      35 100
12  58  47  53  -7  12   0 0.21    M    M  9.7 18 340   M    M  10 13     25  50
13  63  50  57  -3   8   0 0.30    M    M  6.2 16 130   M    M   9 138    24 130
14  78  57  68   7   0   3 0.01    M    M  3.8 15 300   M    M   7 138    20 360
15  79  59  69   8   0   4    T    M    M  7.3 16  30   M    M   3 1      25  50
16  83  57  70   9   0   5 0.00    M    M  2.1  9  40   M    M   1 1      14  40
17  84  56  70   8   0   5 0.00    M    M  5.0 16 120   M    M   0        22  80
18  79  57  68   6   0   3 0.00    M    M  8.5 21  80   M    M   3        31  70
19  82  60  71   9   0   6 0.22    M    M  3.2 18 260   M    M   5 13     22 260
20  67  59  63   0   2   0 0.00    M    M  9.6 20  60   M    M   8        25  60
21  70  55  63   0   2   0 0.28    M    M  6.4 13  80   M    M   9 1      20  70
22  80  55  68   4   0   3 0.00    M    M  3.8 10 310   M    M   4 1      20 340
23  85  62  74  10   0   9 0.01    M    M  5.7 14 200   M    M   3        20 170
24  90  62  76  12   0  11 0.00    M    M  5.4 16 170   M    M   1        23 150
25  86  65  76  11   0  11 0.00    M    M  5.6 15  60   M    M   1 3      22  30
26  91  63  77  12   0  12 0.32    M    M  5.3 28 320   M    M   0 13     42 340
================================================================================
SM 2042 1460        32 100  3.11    M    193.0          M      100
================================================================================
AV 78.5 56.2                               7.4 FASTST   M    M   4    MAX(MPH)
                                 MISC ---->  # 30 270               # 45  240
================================================================================
NOTES:
# LAST OF SEVERAL OCCURRENCES

COLUMN 17 PEAK WIND IN M.P.H.

PRELIMINARY LOCAL CLIMATOLOGICAL DATA (WS FORM: F-6) , PAGE 2

                                          STATION:  IOWA CITY IA
                                          MONTH:    MAY
                                          YEAR:     2018
                                          LATITUDE:   41 37 N
                                          LONGITUDE:  91 33 W

[TEMPERATURE DATA]      [PRECIPITATION DATA]       SYMBOLS USED IN COLUMN 16

AVERAGE MONTHLY: 67.4   TOTAL FOR MONTH:   3.11    1 = FOG OR MIST
DPTR FM NORMAL:   6.9   DPTR FM NORMAL:   -0.50    2 = FOG REDUCING VISIBILITY
HIGHEST:    91 ON 26    GRTST 24HR  1.10 ON  2- 2      TO 1/4 MILE OR LESS
LOWEST:     47 ON 12                               3 = THUNDER
                        SNOW, ICE PELLETS, HAIL    4 = ICE PELLETS
                        TOTAL MONTH:    M          5 = HAIL
                        GRTST 24HR    M  ON   M    6 = FREEZING RAIN OR DRIZZLE
                        GRTST DEPTH:  M  ON   M    7 = DUSTSTORM OR SANDSTORM:
                                                       VSBY 1/2 MILE OR LESS
                                                   8 = SMOKE OR HAZE
[NO. OF DAYS WITH]      [WEATHER - DAYS WITH]      9 = BLOWING SNOW
                                                   X = TORNADO
MAX 32 OR BELOW:   0    0.01 INCH OR MORE:  12
MAX 90 OR ABOVE:   2    0.10 INCH OR MORE:   7
MIN 32 OR BELOW:   0    0.50 INCH OR MORE:   2
MIN  0 OR BELOW:   0    1.00 INCH OR MORE:   1

[HDD (BASE 65) ]
TOTAL THIS MO.    32    CLEAR  (SCALE 0-3)  13
DPTR FM NORMAL  -125    PTCLDY (SCALE 4-7)   9
TOTAL FM JUL 1  6260    CLOUDY (SCALE 8-10)  4
DPTR FM NORMAL   -90

[CDD (BASE 65) ]
TOTAL THIS MO.   100
DPTR FM NORMAL    61    [PRESSURE DATA]
TOTAL FM JAN 1   100    HIGHEST SLP M ON M
DPTR FM NORMAL    57    LOWEST  SLP 29.63 ON  9

[REMARKS]
