000
CXUS55 KTBW 221000
CF6LAL
PRELIMINARY LOCAL CLIMATOLOGICAL DATA (WS FORM: F-6)

                                          STATION:   Lakeland Linder
                                          MONTH:     APRIL
                                          YEAR:      2018
                                          LATITUDE:   28  0 N
                                          LONGITUDE:  82  3 W

  TEMPERATURE IN F:       :PCPN:    SNOW:  WIND      :SUNSHINE: SKY     :PK WND
================================================================================
1   2   3   4   5  6A  6B    7    8   9   10  11  12  13   14  15   16   17  18
                                     12Z  AVG MX 2MIN
DY MAX MIN AVG DEP HDD CDD  WTR  SNW DPTH SPD SPD DIR MIN PSBL S-S WX    SPD DR
================================================================================

 1  86  63  75   4   0  10 0.00  0.0    0  5.4 14 340   M    M   6        17 340
 2  86  67  77   6   0  12 0.60  0.0    0  5.1 12 310   M    M   7         M  M
 3  87  66  77   6   0  12 0.00  0.0    0  5.5 10 180   M    M   2         M  M
 4  87  62  75   4   0  10 0.00  0.0    0  5.9 16 300   M    M   3        21 280
 5  85  61  73   2   0   8 0.00  0.0    0  8.0 12  40   M    M   2         M  M
 6  87  59  73   2   0   8 0.00  0.0    0  4.5  9 170   M    M   0         M  M
 7  87  59  73   2   0   8 0.24  0.0    0  8.5 18 240   M    M   4 13     30 270
 8  82  64  73   1   0   8 0.55  0.0    0  4.8 12 120   M    M   8 1       M  M
 9  89  68  79   7   0  14    T  0.0    0  7.2 15 260   M    M   8 1      24 260
10  88  66  77   5   0  12 1.00  0.0    0  4.6 10 180   M    M   8 13      M  M
11  77  59  68  -4   0   3 0.08  0.0    0  8.5 14 340   M    M   4 1      17  40
12  82  54  68  -4   0   3 0.00  0.0    0  5.7 12  90   M    M   1        16  90
13  85  62  74   2   0   9 0.00  0.0    0  7.1 12 120   M    M   3        17 120
14  92  63  78   6   0  13 0.00  0.0    0  5.1 12 160   M    M   3        16 160
15  88  70  79   6   0  14 1.00  0.0    0 12.0 23 200   M    M   7 13     33 220
16  71  57  64  -9   1   0 0.13  0.0    0 10.6 18 290   M    M   3        27 310
17  80  49  65  -8   0   0 0.00  0.0    0  4.0 13 360   M    M   0         M  M
18  89  51  70  -3   0   5 0.00  0.0    0  1.1  6 330   M    M   0         M  M
19  88  54  71  -2   0   6 0.00  0.0    0  6.1 13 290   M    M   2        23 250
20  85  57  71  -3   0   6 0.00  0.0    0  4.3 16  30   M    M   5 18     23  30
21  88  66  77   3   0  12 0.00  0.0    0 10.8 21  60   M    M   7 1      29  90
================================================================================
SM 1789 1277         1 173  3.60     0.0 134.8          M       83
================================================================================
AV 85.2 60.8                               6.4 FASTST   M    M   4    MAX(MPH)
                                 MISC ---->  # 23 200               # 33  220
================================================================================
NOTES:
# LAST OF SEVERAL OCCURRENCES

COLUMN 17 PEAK WIND IN M.P.H.

PRELIMINARY LOCAL CLIMATOLOGICAL DATA (WS FORM: F-6) , PAGE 2

                                          STATION:  Lakeland Linder
                                          MONTH:    APRIL
                                          YEAR:     2018
                                          LATITUDE:   28  0 N
                                          LONGITUDE:  82  3 W

[TEMPERATURE DATA]      [PRECIPITATION DATA]       SYMBOLS USED IN COLUMN 16

AVERAGE MONTHLY: 73.0   TOTAL FOR MONTH:   3.60    1 = FOG OR MIST
DPTR FM NORMAL:   0.9   DPTR FM NORMAL:    1.65    2 = FOG REDUCING VISIBILITY
HIGHEST:    92 ON 14    GRTST 24HR  1.00 ON 15-15      TO 1/4 MILE OR LESS
LOWEST:     49 ON 17                               3 = THUNDER
                        SNOW, ICE PELLETS, HAIL    4 = ICE PELLETS
                        TOTAL MONTH:   0.0 INCH    5 = HAIL
                        GRTST 24HR     0.0         6 = FREEZING RAIN OR DRIZZLE
                        GRTST DEPTH:   0           7 = DUSTSTORM OR SANDSTORM:
                                                       VSBY 1/2 MILE OR LESS
                                                   8 = SMOKE OR HAZE
[NO. OF DAYS WITH]      [WEATHER - DAYS WITH]      9 = BLOWING SNOW
                                                   X = TORNADO
MAX 32 OR BELOW:   0    0.01 INCH OR MORE:   7
MAX 90 OR ABOVE:   1    0.10 INCH OR MORE:   6
MIN 32 OR BELOW:   0    0.50 INCH OR MORE:   4
MIN  0 OR BELOW:   0    1.00 INCH OR MORE:   2

[HDD (BASE 65) ]
TOTAL THIS MO.     1    CLEAR  (SCALE 0-3)   8
DPTR FM NORMAL     1    PTCLDY (SCALE 4-7)  12
TOTAL FM JUL 1   427    CLOUDY (SCALE 8-10)  1
DPTR FM NORMAL   -13

[CDD (BASE 65) ]
TOTAL THIS MO.   173
DPTR FM NORMAL    21    [PRESSURE DATA]
TOTAL FM JAN 1   567    HIGHEST SLP M ON M
DPTR FM NORMAL   134    LOWEST  SLP M ON M

[REMARKS]
