000
CXUS55 KVEF 280910
CF6LAS
PRELIMINARY LOCAL CLIMATOLOGICAL DATA (WS FORM: F-6)
STATION: LAS VEGAS NV
MONTH: MARCH
YEAR: 2024
LATITUDE: 36 4 N
LONGITUDE: 115 10 W
TEMPERATURE IN F: :PCPN: SNOW: WIND :SUNSHINE: SKY :PK WND
================================================================================
1 2 3 4 5 6A 6B 7 8 9 10 11 12 13 14 15 16 17 18
12Z AVG MX 2MIN
DY MAX MIN AVG DEP HDD CDD WTR SNW DPTH SPD SPD DIR MIN PSBL S-S WX SPD DR
================================================================================
1 68 53 61 4 4 0 0.00 0.0 0 15.9 26 230 M M 2 43 190
2 65 51 58 1 7 0 T 0.0 0 21.5 43 230 M M 4 78 68 220
3 62 49 56 -1 9 0 0.00 0.0 0 19.5 35 220 M M 2 50 190
4 64 44 54 -4 11 0 0.00 0.0 0 6.0 15 200 M M 5 23 200
5 67 49 58 0 7 0 0.00 0.0 0 4.8 14 80 M M 4 18 200
6 68 47 58 0 7 0 0.00 0.0 0 8.6 18 240 M M 4 26 230
7 63 51 57 -2 8 0 0.00 0.0 0 7.8 20 40 M M 8 25 320
8 64 50 57 -2 8 0 0.00 0.0 0 12.3 22 340 M M 2 31 350
9 63 40 52 -7 13 0 0.00 0.0 0 2.5 9 360 M M 4 16 40
10 66 44 55 -4 10 0 0.00 0.0 0 4.0 12 90 M M 8 17 80
11 69 54 62 2 3 0 0.00 0.0 0 9.9 21 220 M M 6 32 210
12 65 51 58 -2 7 0 0.00 0.0 0 5.1 15 190 M M 6 8 23 190
13 66 49 58 -2 7 0 0.00 0.0 0 14.4 36 330 M M 5 46 320
14 60 43 52 -8 13 0 T 0.0 0 19.0 33 340 M M 8 44 340
15 54 45 50 -11 15 0 0.35 0.0 0 9.1 33 10 M M 9 1 50 10
16 57 44 51 -10 14 0 0.36 0.0 0 5.6 15 350 M M 7 1 19 340
17 64 44 54 -7 11 0 0.00 0.0 0 5.6 14 50 M M 5 19 30
18 71 49 60 -1 5 0 T 0.0 0 7.7 26 50 M M 4 32 50
19 72 50 61 -1 4 0 0.00 0.0 0 3.9 14 80 M M 2 17 80
20 77 51 64 2 1 0 0.00 0.0 0 3.8 10 90 M M 1 14 80
21 78 55 67 5 0 2 0.00 0.0 0 6.1 16 200 M M 3 24 190
22 77 57 67 5 0 2 0.00 0.0 0 6.0 18 220 M M 6 28 230
23 68 51 60 -3 5 0 0.00 0.0 0 15.1 31 230 M M 5 47 230
24 59 47 53 -10 12 0 T 0.0 0 8.2 25 340 M M 7 35 340
25 65 46 56 -7 9 0 0.00 0.0 0 6.6 18 10 M M 4 24 290
26 68 50 59 -4 6 0 0.00 0.0 0 8.1 24 310 M M 4 33 300
27 72 48 60 -3 5 0 0.00 0.0 0 6.0 16 250 M M 3 25 250
================================================================================
SM 1792 1312 201 4 0.71 0.0 243.1 M 128
================================================================================
AV 66.4 48.6 9.0 FASTST M M 5 MAX(MPH)
MISC ----> 43 230 68 220
================================================================================
NOTES:
# LAST OF SEVERAL OCCURRENCES
COLUMN 17 PEAK WIND IN M.P.H.
PRELIMINARY LOCAL CLIMATOLOGICAL DATA (WS FORM: F-6) , PAGE 2
STATION: LAS VEGAS NV
MONTH: MARCH
YEAR: 2024
LATITUDE: 36 4 N
LONGITUDE: 115 10 W
[TEMPERATURE DATA] [PRECIPITATION DATA] SYMBOLS USED IN COLUMN 16
AVERAGE MONTHLY: 57.5 TOTAL FOR MONTH: 0.71 1 = FOG OR MIST
DPTR FM NORMAL: -2.8 DPTR FM NORMAL: 0.33 2 = FOG REDUCING VISIBILITY
HIGHEST: 78 ON 21 GRTST 24HR 0.62 ON 15-16 TO 1/4 MILE OR LESS
LOWEST: 40 ON 9 3 = THUNDER
SNOW, ICE PELLETS, HAIL 4 = ICE PELLETS
TOTAL MONTH: 0.0 INCH 5 = HAIL
GRTST 24HR 0.0 6 = FREEZING RAIN OR DRIZZLE
GRTST DEPTH: 0 7 = DUSTSTORM OR SANDSTORM:
VSBY 1/2 MILE OR LESS
8 = SMOKE OR HAZE
[NO. OF DAYS WITH] [WEATHER - DAYS WITH] 9 = BLOWING SNOW
X = TORNADO
MAX 32 OR BELOW: 0 0.01 INCH OR MORE: 2
MAX 90 OR ABOVE: 0 0.10 INCH OR MORE: 2
MIN 32 OR BELOW: 0 0.50 INCH OR MORE: 0
MIN 0 OR BELOW: 0 1.00 INCH OR MORE: 0
[HDD (BASE 65) ]
TOTAL THIS MO. 201 CLEAR (SCALE 0-3) 5
DPTR FM NORMAL 47 PTCLDY (SCALE 4-7) 20
TOTAL FM JUL 1 1594 CLOUDY (SCALE 8-10) 2
DPTR FM NORMAL -164
[CDD (BASE 65) ]
TOTAL THIS MO. 4
DPTR FM NORMAL -23 [PRESSURE DATA]
TOTAL FM JAN 1 4 HIGHEST SLP M ON M
DPTR FM NORMAL -24 LOWEST SLP 29.49 ON 23
[REMARKS]