000
CXUS53 KLMK 240800
CF6LEX
PRELIMINARY LOCAL CLIMATOLOGICAL DATA (WS FORM: F-6)

                                          STATION:   LEXINGTON KY
                                          MONTH:     MAY
                                          YEAR:      2018
                                          LATITUDE:   38  1 N
                                          LONGITUDE:  84 36 W

  TEMPERATURE IN F:       :PCPN:    SNOW:  WIND      :SUNSHINE: SKY     :PK WND
================================================================================
1   2   3   4   5  6A  6B    7    8   9   10  11  12  13   14  15   16   17  18
                                     12Z  AVG MX 2MIN
DY MAX MIN AVG DEP HDD CDD  WTR  SNW DPTH SPD SPD DIR MIN PSBL S-S WX    SPD DR
================================================================================

 1  80  46  63   3   2   0 0.00  0.0    0  8.1 16 220   M    M   0        23 220
 2  83  61  72  12   0   7 0.00  0.0    0 11.9 24 210   M    M   2        35 220
 3  84  67  76  16   0  11 0.00  0.0    0 11.9 26 210   M    M   2        39 210
 4  74  64  69   8   0   4 0.14  0.0    0 12.1 22 210   M    M   6 13     30 210
 5  67  59  63   2   2   0 1.77  0.0    0  4.6 16  40   M    M   9 1      22  40
 6  78  57  68   7   0   3 0.40  0.0    0  5.5 30 300   M    M   6 13     45 310
 7  73  52  63   1   2   0 0.00  0.0    0  5.6 13  20   M    M   3 18     19 360
 8  79  50  65   3   0   0 0.00  0.0    0  5.6 12  10   M    M   0        18  20
 9  83  54  69   7   0   4 0.00  0.0    0 10.4 20 210   M    M   1        29 180
10  84  69  77  15   0  12    T  0.0    0 10.9 20 250   M    M   3 3      27 210
11  86  63  75  12   0  10 0.00  0.0    0  9.8 24 210   M    M   0        31 200
12  86  68  77  14   0  12 0.00  0.0    0  9.4 18 220   M    M   0        27 200
13  87  64  76  13   0  11 0.00  0.0    0  9.0 17 270   M    M   1        25 240
14  90  66  78  14   0  13 0.00  0.0    0  6.8 14 260   M    M   1        19 280
15  89  68  79  15   0  14 0.68  0.0    0  6.3 16 340   M    M   3 13     22 350
16  79  65  72   8   0   7 0.09  0.0    0  4.8 17 320   M    M   4 13     25 320
17  81  65  73   9   0   8 0.14  0.0    0  7.5 30  60   M    M   6 138    38  60
18  82  65  74   9   0   9 0.76  0.0    0  8.1 29  60   M    M   6 13     37  60
19  78  66  72   7   0   7 1.27  0.0    0  8.9 21 250   M    M   5 13     30 260
20  87  66  77  12   0  12 0.00  0.0    0  5.7 15 250   M    M   0 1      20 260
21  86  64  75   9   0  10 0.84  0.0    0  4.7 23 260   M    M   2 13     29 250
22  80  67  74   8   0   9 0.11  0.0    0  8.1 17 250   M    M   2 1      26 240
23  83  64  74   8   0   9 0.00  0.0    0  5.2 14  40   M    M   2        19  40
================================================================================
SM 1879 1430         6 172  6.20     0.0 180.9          M       64
================================================================================
AV 81.7 62.2                               7.9 FASTST   M    M   3    MAX(MPH)
                                 MISC ---->  # 30 300               # 45  310
================================================================================
NOTES:
# LAST OF SEVERAL OCCURRENCES

COLUMN 17 PEAK WIND IN M.P.H.

PRELIMINARY LOCAL CLIMATOLOGICAL DATA (WS FORM: F-6) , PAGE 2

                                          STATION:  LEXINGTON KY
                                          MONTH:    MAY
                                          YEAR:     2018
                                          LATITUDE:   38  1 N
                                          LONGITUDE:  84 36 W

[TEMPERATURE DATA]      [PRECIPITATION DATA]       SYMBOLS USED IN COLUMN 16

AVERAGE MONTHLY: 71.9   TOTAL FOR MONTH:   6.20    1 = FOG OR MIST
DPTR FM NORMAL:   8.9   DPTR FM NORMAL:    2.33    2 = FOG REDUCING VISIBILITY
HIGHEST:    90 ON 14    GRTST 24HR  1.77 ON  5- 5      TO 1/4 MILE OR LESS
LOWEST:     46 ON  1                               3 = THUNDER
                        SNOW, ICE PELLETS, HAIL    4 = ICE PELLETS
                        TOTAL MONTH:   0.0 INCH    5 = HAIL
                        GRTST 24HR     0.0         6 = FREEZING RAIN OR DRIZZLE
                        GRTST DEPTH:   0           7 = DUSTSTORM OR SANDSTORM:
                                                       VSBY 1/2 MILE OR LESS
                                                   8 = SMOKE OR HAZE
[NO. OF DAYS WITH]      [WEATHER - DAYS WITH]      9 = BLOWING SNOW
                                                   X = TORNADO
MAX 32 OR BELOW:   0    0.01 INCH OR MORE:  10
MAX 90 OR ABOVE:   1    0.10 INCH OR MORE:   9
MIN 32 OR BELOW:   0    0.50 INCH OR MORE:   5
MIN  0 OR BELOW:   0    1.00 INCH OR MORE:   2

[HDD (BASE 65) ]
TOTAL THIS MO.     6    CLEAR  (SCALE 0-3)  16
DPTR FM NORMAL   -91    PTCLDY (SCALE 4-7)   6
TOTAL FM JUL 1  4416    CLOUDY (SCALE 8-10)  1
DPTR FM NORMAL  -170

[CDD (BASE 65) ]
TOTAL THIS MO.   172
DPTR FM NORMAL   123    [PRESSURE DATA]
TOTAL FM JAN 1   187    HIGHEST SLP M ON M
DPTR FM NORMAL   116    LOWEST  SLP 29.84 ON 18

[REMARKS]
