000
CXUS54 KFWD 220730
CF6LUD
PRELIMINARY LOCAL CLIMATOLOGICAL DATA (WS FORM: F-6)

                                          STATION:   DECATUR
                                          MONTH:     JUNE
                                          YEAR:      2018
                                          LATITUDE:   33 15 N
                                          LONGITUDE:  97 30 W

  TEMPERATURE IN F:       :PCPN:    SNOW:  WIND      :SUNSHINE: SKY     :PK WND
================================================================================
1   2   3   4   5  6A  6B    7    8   9   10  11  12  13   14  15   16   17  18
                                     12Z  AVG MX 2MIN
DY MAX MIN AVG DEP HDD CDD  WTR  SNW DPTH SPD SPD DIR MIN PSBL S-S WX    SPD DR
================================================================================

 1  96  75  86  12   0  21 0.00  0.0    0  8.6 20 160   M    M   0        29 160
 2 100  78  89  14   0  24 0.00  0.0    0  7.9 22 150   M    M   1        28 150
 3  89  70  80   5   0  15 0.00  0.0    0  5.5 15  40   M    M   2        21  40
 4  83  64  74  -1   0   9 0.06  0.0    0  1.2  7 140   M    M   2         M  M
 5  96  68  82   7   0  17 0.00  0.0    0  4.2 13 100   M    M   1        21 100
 6  97  73  85   9   0  20 0.00  0.0    0  6.8 12 140   M    M   1        18 120
 7  94  68  81   5   0  16 0.38  0.0    0  9.2 22  40   M    M   1        39  40
 8  95  68  82   6   0  17 0.02  0.0    0  6.5 16 200   M    M   1        21 200
 9  95  75  85   9   0  20 0.00  0.0    0  5.4 12 170   M    M   0        17 180
10  95  74  85   8   0  20 0.00  0.0    0  6.8 12 180   M    M   0        21 140
11  95  78  87  10   0  22 0.00  0.0    0 10.3 16 150   M    M   0        24 150
12  94  77  86   9   0  21 0.00  0.0    0  7.6 15 160   M    M   0        21 160
13  97  77  87  10   0  22 0.00  0.0    0  6.2 13 200   M    M   0        17 160
14  97  78  88  10   0  23 0.00  0.0    0  8.3 16 160   M    M   0        23 140
15  95  76  86   8   0  21 0.00  0.0    0  9.6 18 150   M    M   0        24 150
16  95  76  86   8   0  21 0.00  0.0    0 12.4 20 160   M    M   1        28 160
17  93  74  84   6   0  19 0.00  0.0    0  7.0 14 120   M    M   2        24 120
18  92  76  84   6   0  19 0.00  0.0    0  9.8 17 110   M    M   6        25 120
19  89  74  82   3   0  17 0.00  0.0    0  6.6 12 110   M    M   7        21 110
20  93  73  83   4   0  18 0.00  0.0    0  2.4 14  70   M    M   6        22  70
21  97  68  83   4   0  18 0.00  0.0    0  1.5  7 170   M    M   1        16 230
================================================================================
SM 1977 1540         0 400  0.46     0.0 143.8          M       32
================================================================================
AV 94.1 73.3                               6.8 FASTST   M    M   2    MAX(MPH)
                                 MISC ---->  # 22 150               # 39   40
================================================================================
NOTES:
# LAST OF SEVERAL OCCURRENCES

COLUMN 17 PEAK WIND IN M.P.H.

PRELIMINARY LOCAL CLIMATOLOGICAL DATA (WS FORM: F-6) , PAGE 2

                                          STATION:  DECATUR
                                          MONTH:    JUNE
                                          YEAR:     2018
                                          LATITUDE:   33 15 N
                                          LONGITUDE:  97 30 W

[TEMPERATURE DATA]      [PRECIPITATION DATA]       SYMBOLS USED IN COLUMN 16

AVERAGE MONTHLY: 83.7   TOTAL FOR MONTH:   0.46    1 = FOG OR MIST
DPTR FM NORMAL:   6.9   DPTR FM NORMAL:   -3.25    2 = FOG REDUCING VISIBILITY
HIGHEST:   100 ON  2    GRTST 24HR  0.38 ON  7- 7      TO 1/4 MILE OR LESS
LOWEST:     64 ON  4                               3 = THUNDER
                        SNOW, ICE PELLETS, HAIL    4 = ICE PELLETS
                        TOTAL MONTH:   0.0 INCH    5 = HAIL
                        GRTST 24HR     0.0         6 = FREEZING RAIN OR DRIZZLE
                        GRTST DEPTH:   0           7 = DUSTSTORM OR SANDSTORM:
                                                       VSBY 1/2 MILE OR LESS
                                                   8 = SMOKE OR HAZE
[NO. OF DAYS WITH]      [WEATHER - DAYS WITH]      9 = BLOWING SNOW
                                                   X = TORNADO
MAX 32 OR BELOW:   0    0.01 INCH OR MORE:   3
MAX 90 OR ABOVE:  18    0.10 INCH OR MORE:   1
MIN 32 OR BELOW:   0    0.50 INCH OR MORE:   0
MIN  0 OR BELOW:   0    1.00 INCH OR MORE:   0

[HDD (BASE 65) ]
TOTAL THIS MO.     0    CLEAR  (SCALE 0-3)  18
DPTR FM NORMAL     0    PTCLDY (SCALE 4-7)   3
TOTAL FM JUL 1  1276    CLOUDY (SCALE 8-10)  0
DPTR FM NORMAL -1665

[CDD (BASE 65) ]
TOTAL THIS MO.   400
DPTR FM NORMAL   152    [PRESSURE DATA]
TOTAL FM JAN 1   883    HIGHEST SLP M ON M
DPTR FM NORMAL   385    LOWEST  SLP M ON M

[REMARKS]
