000
CXUS54 KMAF 271100
CF6MDD
PRELIMINARY LOCAL CLIMATOLOGICAL DATA (WS FORM: F-6)

                                          STATION:   Midland Airpark
                                          MONTH:     MAY
                                          YEAR:      2018
                                          LATITUDE:   32  2 N
                                          LONGITUDE: 102  6 W

  TEMPERATURE IN F:       :PCPN:    SNOW:  WIND      :SUNSHINE: SKY     :PK WND
================================================================================
1   2   3   4   5  6A  6B    7    8   9   10  11  12  13   14  15   16   17  18
                                     12Z  AVG MX 2MIN
DY MAX MIN AVG DEP HDD CDD  WTR  SNW DPTH SPD SPD DIR MIN PSBL S-S WX    SPD DR
================================================================================

 1  90  68  79   M   0  14 0.00  0.0    0 13.8 23 160   M    M   0        30 160
 2  96  65  81   M   0  16 0.15  0.0    0 17.0 27 200   M    M   0 3      45 190
 3  87  61  74   M   0   9 0.01  0.0    0  7.6 17 240   M    M   0        24 220
 4  83  64  74   M   0   9 0.00  0.0    0 10.1 23  40   M    M   0 8      31  40
 5  90  54  72   M   0   7 0.00  0.0    0  3.5  7 140   M    M   0 8       M  M
 6  95  59  77   M   0  12 0.00  0.0    0  7.0 12 120   M    M   0        16 230
 7  96  68  82   M   0  17 0.00  0.0    0 12.9 21 180   M    M   0        30 180
 8 100  71  86   M   0  21 0.00  0.0    0 15.7 23 190   M    M   0 8      29 190
 9  99  70  85   M   0  20 0.00  0.0    0 15.7 20 170   M    M   0        28 160
10 100  69  85   M   0  20 0.00  0.0    0 18.5 25 160   M    M   0        35 160
11 103  70  87   M   0  22 0.00  0.0    0 17.8 25 180   M    M   0        33 180
12 101  72  87   M   0  22 0.00  0.0    0 12.7 24 160   M    M   0        28 160
13 101  74  88   M   0  23 0.00  0.0    0 12.2 24 170   M    M   0        28 170
14  98  71  85   M   0  20 0.00  0.0    0 10.2 20 200   M    M   0        25 150
15 107  69  88   M   0  23 0.00  0.0    0 10.4 20 130   M    M   0 8      29 100
16 104  67  86   M   0  21 0.00  0.0    0 11.5 21 110   M    M   0        24 140
17 102  68  85   M   0  20 0.00  0.0    0 12.9 22 180   M    M   0        30 180
18 101  72  87   M   0  22 0.00  0.0    0 13.5 23 180   M    M   0        29 180
19  95  71  83   M   0  18 0.00  0.0    0 11.5 18 150   M    M   0        24 160
20  82  59  71   M   0   6 0.20  0.0    0 11.8 21  80   M    M   0 3      29  70
21  88  62  75   M   0  10 0.00  0.0    0 10.7 16 110   M    M   0 1      22 100
22  90  68  79   M   0  14 0.00  0.0    0 11.8 20 150   M    M   0        24 150
23  92  71  82   M   0  17 0.00  0.0    0 14.1 21 140   M    M   0        28 140
24  97  67  82   M   0  17 0.00  0.0    0  8.4 15 170   M    M   0        21 190
25 105  73  89   M   0  24 0.00  0.0    0  8.3 15 180   M    M   0        23 180
26 109  75  92   M   0  27 0.00  0.0    0  9.1 15 170   M    M   0        24 170
================================================================================
SM 2511 1758         0 451  0.36     0.0 308.7          M        0
================================================================================
AV 96.6 67.6                              11.9 FASTST   M    M   0    MAX(MPH)
                                 MISC ---->  # 27 200               # 45  190
================================================================================
NOTES:
# LAST OF SEVERAL OCCURRENCES

COLUMN 17 PEAK WIND IN M.P.H.

PRELIMINARY LOCAL CLIMATOLOGICAL DATA (WS FORM: F-6) , PAGE 2

                                          STATION:  Midland Airpark
                                          MONTH:    MAY
                                          YEAR:     2018
                                          LATITUDE:   32  2 N
                                          LONGITUDE: 102  6 W

[TEMPERATURE DATA]      [PRECIPITATION DATA]       SYMBOLS USED IN COLUMN 16

AVERAGE MONTHLY: 82.1   TOTAL FOR MONTH:   0.36    1 = FOG OR MIST
DPTR FM NORMAL:     M   DPTR FM NORMAL:       M    2 = FOG REDUCING VISIBILITY
HIGHEST:   109 ON 26    GRTST 24HR  0.20 ON 20-20      TO 1/4 MILE OR LESS
LOWEST:     54 ON  5                               3 = THUNDER
                        SNOW, ICE PELLETS, HAIL    4 = ICE PELLETS
                        TOTAL MONTH:   0.0 INCH    5 = HAIL
                        GRTST 24HR     0.0         6 = FREEZING RAIN OR DRIZZLE
                        GRTST DEPTH:   0           7 = DUSTSTORM OR SANDSTORM:
                                                       VSBY 1/2 MILE OR LESS
                                                   8 = SMOKE OR HAZE
[NO. OF DAYS WITH]      [WEATHER - DAYS WITH]      9 = BLOWING SNOW
                                                   X = TORNADO
MAX 32 OR BELOW:   0    0.01 INCH OR MORE:   3
MAX 90 OR ABOVE:  22    0.10 INCH OR MORE:   2
MIN 32 OR BELOW:   0    0.50 INCH OR MORE:   0
MIN  0 OR BELOW:   0    1.00 INCH OR MORE:   0

[HDD (BASE 65) ]
TOTAL THIS MO.     0    CLEAR  (SCALE 0-3)  26
DPTR FM NORMAL     M    PTCLDY (SCALE 4-7)   0
TOTAL FM JUL 1  1991    CLOUDY (SCALE 8-10)  0
DPTR FM NORMAL     M

[CDD (BASE 65) ]
TOTAL THIS MO.   451
DPTR FM NORMAL     M    [PRESSURE DATA]
TOTAL FM JAN 1   654    HIGHEST SLP M ON M
DPTR FM NORMAL     M    LOWEST  SLP M ON M

[REMARKS]
