000
CXUS55 KBOU 270900
CF6MNH
PRELIMINARY LOCAL CLIMATOLOGICAL DATA (WS FORM: F-6)

                                          STATION:   ELBERT 6W CO
                                          MONTH:     MAY
                                          YEAR:      2018
                                          LATITUDE:   39 13 N
                                          LONGITUDE: 104 38 W

  TEMPERATURE IN F:       :PCPN:    SNOW:  WIND      :SUNSHINE: SKY     :PK WND
================================================================================
1   2   3   4   5  6A  6B    7    8   9   10  11  12  13   14  15   16   17  18
                                     12Z  AVG MX 2MIN
DY MAX MIN AVG DEP HDD CDD  WTR  SNW DPTH SPD SPD DIR MIN PSBL S-S WX    SPD DR
================================================================================

 1  63  37  50   M  15   0    M    M    M 10.0 22 240   M    M   7 13     30 180
 2  57  36  47   M  18   0    M    M    M  8.1 17 150   M    M   9 13     22 140
 3  39  32  36   M  29   0    M    M    M 12.4 24 330   M    M   9 1      32 330
 4  59  32  46   M  19   0    M    M    M  7.4 12 350   M    M   0        20 340
 5  66  37  52   M  13   0    M    M    M  6.7 13 210   M    M   2         M  M
 6  70  37  54   M  11   0    M    M    M  7.2 15 150   M    M   1         M  M
 7  73  43  58   M   7   0    M    M    M  9.5 18 260   M    M   1        35 260
 8  68  41  55   M  10   0    M    M    M  7.7 14 360   M    M   0        21 360
 9  73  41  57   M   8   0    M    M    M  8.0 13 180   M    M   1 3      18  40
10  79  43  61   M   4   0    M    M    M 12.0 24 180   M    M   1        30 180
11  72  41  57   M   8   0    M    M    M 12.6 30 160   M    M   3 12     41 160
12  70  46  58   M   7   0    M    M    M  8.7 24 150   M    M   6 123    33 140
13  70  46  58   M   7   0    M    M    M  5.4 18 340   M    M   8 123    29 340
14  63  43  53   M  12   0    M    M    M  7.7 23 160   M    M   7 123    29 160
15  66  36  51   M  14   0    M    M    M  9.8 17 170   M    M   4 13     23 180
16  73  45  59   M   6   0    M    M    M 10.2 18 160   M    M   0        24 180
17  79  45  62   M   3   0    M    M    M 12.3 21 170   M    M   0        32 190
18  59  45  52   M  13   0    M    M    M 11.8 21 310   M    M   8 123    28 280
19  45  36  41   M  24   0    M    M    M 12.0 18 340   M    M  10 1      27 330
20  52  36  44   M  21   0    M    M    M  6.6 21 180   M    M   8 13     29 180
21  73  41  57   M   8   0    M    M    M 10.8 18 190   M    M   2        27 190
22  73  39  56   M   9   0    M    M    M  9.3 27 170   M    M   1        32 170
23  75  37  56   M   9   0    M    M    M 10.3 20 190   M    M   2        35 150
24  75  45  60   M   5   0    M    M    M  7.7 16  70   M    M   1        21  70
25  81  46  64   M   1   0    M    M    M  9.1 17 160   M    M   0        25 160
26  82  50  66   M   0   1    M    M    M 11.9 22 180   M    M   0        33 180
================================================================================
SM 1755 1056       281   1    M     M    245.2          M       91
================================================================================
AV 67.5 40.6                               9.4 FASTST   M    M   4    MAX(MPH)
                                 MISC ---->  # 30 160               # 41  160
================================================================================
NOTES:
# LAST OF SEVERAL OCCURRENCES

COLUMN 17 PEAK WIND IN M.P.H.

PRELIMINARY LOCAL CLIMATOLOGICAL DATA (WS FORM: F-6) , PAGE 2

                                          STATION:  ELBERT 6W CO
                                          MONTH:    MAY
                                          YEAR:     2018
                                          LATITUDE:   39 13 N
                                          LONGITUDE: 104 38 W

[TEMPERATURE DATA]      [PRECIPITATION DATA]       SYMBOLS USED IN COLUMN 16

AVERAGE MONTHLY: 54.1   TOTAL FOR MONTH:      M    1 = FOG OR MIST
DPTR FM NORMAL:     M   DPTR FM NORMAL:       M    2 = FOG REDUCING VISIBILITY
HIGHEST:    82 ON 26    GRTST 24HR    M  ON   M        TO 1/4 MILE OR LESS
LOWEST:     32 ON  4, 3                            3 = THUNDER
                        SNOW, ICE PELLETS, HAIL    4 = ICE PELLETS
                        TOTAL MONTH:    M          5 = HAIL
                        GRTST 24HR    M  ON   M    6 = FREEZING RAIN OR DRIZZLE
                        GRTST DEPTH:  M  ON   M    7 = DUSTSTORM OR SANDSTORM:
                                                       VSBY 1/2 MILE OR LESS
                                                   8 = SMOKE OR HAZE
[NO. OF DAYS WITH]      [WEATHER - DAYS WITH]      9 = BLOWING SNOW
                                                   X = TORNADO
MAX 32 OR BELOW:   0    0.01 INCH OR MORE:   0
MAX 90 OR ABOVE:   0    0.10 INCH OR MORE:   0
MIN 32 OR BELOW:   2    0.50 INCH OR MORE:   0
MIN  0 OR BELOW:   0    1.00 INCH OR MORE:   0

[HDD (BASE 65) ]
TOTAL THIS MO.   281    CLEAR  (SCALE 0-3)  15
DPTR FM NORMAL     M    PTCLDY (SCALE 4-7)   7
TOTAL FM JUL 1  6539    CLOUDY (SCALE 8-10)  4
DPTR FM NORMAL     M

[CDD (BASE 65) ]
TOTAL THIS MO.     1
DPTR FM NORMAL     M    [PRESSURE DATA]
TOTAL FM JAN 1     1    HIGHEST SLP M ON M
DPTR FM NORMAL     M    LOWEST  SLP M ON M

[REMARKS]
