000
CXUS56 KMFR 241000
CF6OTH
PRELIMINARY LOCAL CLIMATOLOGICAL DATA (WS FORM: F-6)

                                          STATION:   NORTH BEND OR
                                          MONTH:     APRIL
                                          YEAR:      2018
                                          LATITUDE:   43 25 N
                                          LONGITUDE: 124 15 W

  TEMPERATURE IN F:       :PCPN:    SNOW:  WIND      :SUNSHINE: SKY     :PK WND
================================================================================
1   2   3   4   5  6A  6B    7    8   9   10  11  12  13   14  15   16   17  18
                                     12Z  AVG MX 2MIN
DY MAX MIN AVG DEP HDD CDD  WTR  SNW DPTH SPD SPD DIR MIN PSBL S-S WX    SPD DR
================================================================================

 1  50  40  45  -3  20   0 0.15    M    M  7.4 17 360   M    M  10 18     24 360
 2  52  37  45  -3  20   0    T    M    M  9.4 17 360   M    M   6        24 350
 3  53  35  44  -4  21   0    T    M    M  3.7 10 280   0    0   0         M  M
 4  58  44  51   3  14   0    T    M    M  5.3 10 280   0    0   0         M  M
 5  57  45  51   3  14   0 0.25    M    M  5.4  9 140   M    M   9 1       M  M
 6  66  53  60  12   5   0 0.11    M    M  3.6 13 260   M    M   0        36 190
 7  59  49  54   6  11   0 0.97    M    M 20.9 29 220   M    M   M        45 200
 8  54  43  49   1  16   0    M    M    M 10.9 20 240   M    M   8 1      27 220
 9  65  39  52   4  13   0 0.00    M    M  4.6 10 250   0    0   0         M  M
10  59  49  54   5  11   0 0.04    M    M 12.0 18 170   M    M   8 18     33 210
11  55  41  48  -1  17   0 1.13    M    M  8.8 18 270   M    M  10 1      27 270
12  53  42  48  -1  17   0 0.33    M    M 14.0 21 240   M    M   M        40 260
13  59  47  53   4  12   0    T    M    M 11.8 21 220   M    M   M        33 230
14  60  46  53   4  12   0 0.16    M    M  9.7 20 220   M    M   9 1      24 220
15  49  42  46  -3  19   0 1.83    M    M  8.2 21 270   M    M   M        30 270
16  52  40  46  -3  19   0 0.57    M    M  9.3 16 260   M    M   8 1      18 230
17  53  41  47  -2  18   0 0.01    M    M  6.4 14 250   M    M   5         M  M
18  56  41  49   0  16   0 0.00    M    M  7.3 15 350   M    M   2         M  M
19  58  39  49   0  16   0 0.00    M    M 10.2 21 350   M    M   2         M  M
20  55  40  48  -2  17   0 0.00    M    M  5.8 12 280   M    M   3         M  M
21  55  45  50   0  15   0 0.01    M    M 15.4 28  10   0    0   0        35 350
22  56  39  48  -2  17   0 0.00    M    M 12.1 25 360   0    0   0        36 360
23  74  41  58   8   7   0 0.00    M    M  7.7 23 350   M    M   0 1      29 350
================================================================================
SM 1308  978       347   0  5.56    M    209.9            0     80
================================================================================
AV 56.9 42.5                               9.1 FASTST    0   0   4    MAX(MPH)
                                 MISC ---->  # 29 220               # 45  200
================================================================================
NOTES:
# LAST OF SEVERAL OCCURRENCES

COLUMN 17 PEAK WIND IN M.P.H.

PRELIMINARY LOCAL CLIMATOLOGICAL DATA (WS FORM: F-6) , PAGE 2

                                          STATION:  NORTH BEND OR
                                          MONTH:    APRIL
                                          YEAR:     2018
                                          LATITUDE:   43 25 N
                                          LONGITUDE: 124 15 W

[TEMPERATURE DATA]      [PRECIPITATION DATA]       SYMBOLS USED IN COLUMN 16

AVERAGE MONTHLY: 49.7   TOTAL FOR MONTH:   5.56    1 = FOG OR MIST
DPTR FM NORMAL:   0.9   DPTR FM NORMAL:    1.34    2 = FOG REDUCING VISIBILITY
HIGHEST:    74 ON 23    GRTST 24HR  1.83 ON 15-15      TO 1/4 MILE OR LESS
LOWEST:     35 ON  3                               3 = THUNDER
                        SNOW, ICE PELLETS, HAIL    4 = ICE PELLETS
                        TOTAL MONTH:    M          5 = HAIL
                        GRTST 24HR    M  ON   M    6 = FREEZING RAIN OR DRIZZLE
                        GRTST DEPTH:  M  ON   M    7 = DUSTSTORM OR SANDSTORM:
                                                       VSBY 1/2 MILE OR LESS
                                                   8 = SMOKE OR HAZE
[NO. OF DAYS WITH]      [WEATHER - DAYS WITH]      9 = BLOWING SNOW
                                                   X = TORNADO
MAX 32 OR BELOW:   0    0.01 INCH OR MORE:  12
MAX 90 OR ABOVE:   0    0.10 INCH OR MORE:   9
MIN 32 OR BELOW:   0    0.50 INCH OR MORE:   4
MIN  0 OR BELOW:   0    1.00 INCH OR MORE:   2

[HDD (BASE 65) ]
TOTAL THIS MO.   347    CLEAR  (SCALE 0-3)  10
DPTR FM NORMAL   -26    PTCLDY (SCALE 4-7)   3
TOTAL FM JUL 1  3583    CLOUDY (SCALE 8-10)  6
DPTR FM NORMAL  -502

[CDD (BASE 65) ]
TOTAL THIS MO.     0
DPTR FM NORMAL     0    [PRESSURE DATA]
TOTAL FM JAN 1     0    HIGHEST SLP M ON M
DPTR FM NORMAL     0    LOWEST  SLP  0.00 ON  7

[REMARKS]
