000
CXUS53 KPAH 260631
CF6PAH
PRELIMINARY LOCAL CLIMATOLOGICAL DATA (WS FORM: F-6)

                                          STATION:   PADUCAH KY
                                          MONTH:     MAY
                                          YEAR:      2018
                                          LATITUDE:   37  4 N
                                          LONGITUDE:  88 46 W

  TEMPERATURE IN F:       :PCPN:    SNOW:  WIND      :SUNSHINE: SKY     :PK WND
================================================================================
1   2   3   4   5  6A  6B    7    8   9   10  11  12  13   14  15   16   17  18
                                     12Z  AVG MX 2MIN
DY MAX MIN AVG DEP HDD CDD  WTR  SNW DPTH SPD SPD DIR MIN PSBL S-S WX    SPD DR
================================================================================

 1  83  55  69   6   0   4 0.00  0.0    0  7.2 17 170   M    M   0        28 160
 2  84  67  76  13   0  11 0.00  0.0    0  8.1 18 230   M    M   4        26 200
 3  76  67  72   8   0   7 0.38  0.0    0  6.5 17 260   M    M   6 13     26 220
 4  79  65  72   8   0   7 0.11  0.0    0  7.3 20 240   M    M   5 13     31 240
 5  72  58  65   1   0   0 0.06  0.0    0  3.0  9 170   M    M   5 1      12 330
 6  84  55  70   6   0   5 0.04  0.0    0  6.6 23 280   M    M   0 13     31 280
 7  81  53  67   2   0   2 0.00  0.0    0  5.1 15 360   M    M   1        22  10
 8  82  49  66   1   0   1 0.00  0.0    0  3.7  8 160   M    M   0        13 160
 9  88  64  76  11   0  11    T  0.0    0  9.9 22 240   M    M   1        33 200
10  87  68  78  12   0  13 0.00  0.0    0  6.2 16 240   M    M   1        23 230
11  88  68  78  12   0  13 0.00  0.0    0  8.8 21 240   M    M   0        30 280
12  89  70  80  14   0  15 0.00  0.0    0  7.9 18 240   M    M   0        27 230
13  91  64  78  12   0  13 0.00  0.0    0  5.9 17 260   M    M   2 18     25 240
14  92  65  79  12   0  14 0.15  0.0    0  4.4 21 270   M    M   2 13     33 270
15  90  68  79  12   0  14 0.00  0.0    0  3.8 14 300   M    M   1        21 300
16  86  68  77  10   0  12    T  0.0    0  3.8 12 140   M    M   1 3      17 140
17  85  65  75   8   0  10 0.24  0.0    0  4.9 15  50   M    M   3 138    21  90
18  77  66  72   4   0   7 1.14  0.0    0  3.1 10  20   M    M   7 138    15 280
19  87  66  77   9   0  12 0.12  0.0    0  5.7 21 300   M    M   2 138    34 320
20  88  65  77   9   0  12 0.20  0.0    0  4.6 22 300   M    M   1 13     34 300
21  84  68  76   8   0  11 0.01  0.0    0  4.4 13 110   M    M   4 13     17 120
22  89  68  79  10   0  14 0.00  0.0    0  3.6 12 360   M    M   3 138    15  10
23  88  67  78   9   0  13 0.00  0.0    0  3.2 13  50   M    M   0 1      18 360
24  89  65  77   8   0  12 0.00  0.0    0  3.5 12  70   M    M   0 1      15  90
25  88  66  77   7   0  12 0.10  0.0    0  3.8 20 130   M    M   4 13     25 130
================================================================================
SM 2127 1600         0 245  2.55     0.0 135.0          M       53
================================================================================
AV 85.1 64.0                               5.4 FASTST   M    M   2    MAX(MPH)
                                 MISC ---->  # 23 280               # 34  320
================================================================================
NOTES:
# LAST OF SEVERAL OCCURRENCES

COLUMN 17 PEAK WIND IN M.P.H.

PRELIMINARY LOCAL CLIMATOLOGICAL DATA (WS FORM: F-6) , PAGE 2

                                          STATION:  PADUCAH KY
                                          MONTH:    MAY
                                          YEAR:     2018
                                          LATITUDE:   37  4 N
                                          LONGITUDE:  88 46 W

[TEMPERATURE DATA]      [PRECIPITATION DATA]       SYMBOLS USED IN COLUMN 16

AVERAGE MONTHLY: 74.5   TOTAL FOR MONTH:   2.55    1 = FOG OR MIST
DPTR FM NORMAL:   8.2   DPTR FM NORMAL:   -1.51    2 = FOG REDUCING VISIBILITY
HIGHEST:    92 ON 14    GRTST 24HR  1.14 ON 18-18      TO 1/4 MILE OR LESS
LOWEST:     49 ON  8                               3 = THUNDER
                        SNOW, ICE PELLETS, HAIL    4 = ICE PELLETS
                        TOTAL MONTH:   0.0 INCH    5 = HAIL
                        GRTST 24HR     0.0         6 = FREEZING RAIN OR DRIZZLE
                        GRTST DEPTH:   0           7 = DUSTSTORM OR SANDSTORM:
                                                       VSBY 1/2 MILE OR LESS
                                                   8 = SMOKE OR HAZE
[NO. OF DAYS WITH]      [WEATHER - DAYS WITH]      9 = BLOWING SNOW
                                                   X = TORNADO
MAX 32 OR BELOW:   0    0.01 INCH OR MORE:  11
MAX 90 OR ABOVE:   3    0.10 INCH OR MORE:   8
MIN 32 OR BELOW:   0    0.50 INCH OR MORE:   1
MIN  0 OR BELOW:   0    1.00 INCH OR MORE:   1

[HDD (BASE 65) ]
TOTAL THIS MO.     0    CLEAR  (SCALE 0-3)  17
DPTR FM NORMAL   -59    PTCLDY (SCALE 4-7)   8
TOTAL FM JUL 1  4086    CLOUDY (SCALE 8-10)  0
DPTR FM NORMAL   -37

[CDD (BASE 65) ]
TOTAL THIS MO.   245
DPTR FM NORMAL   154    [PRESSURE DATA]
TOTAL FM JAN 1   268    HIGHEST SLP M ON M
DPTR FM NORMAL   135    LOWEST  SLP 29.80 ON  9

[REMARKS]
